{"id":1022282,"date":"2025-05-19T16:45:54","date_gmt":"2025-05-19T14:45:54","guid":{"rendered":"https:\/\/www.claret.cat\/llibre\/que-es-el-karma-9788410288720\/"},"modified":"2025-05-19T17:49:00","modified_gmt":"2025-05-19T15:49:00","slug":"que-es-el-karma-9788410288720","status":"publish","type":"product","link":"https:\/\/www.claret.cat\/es\/libro\/que-es-el-karma-9788410288720\/","title":{"rendered":"\u00bfQU\u00c9 ES EL KARMA?"},"content":{"rendered":"<p>Paul Brunton, reconocido estudioso de la sabidur\u00eda oriental, desmitifica uno de los conceptos m\u00e1s malinterpretados y profundos de la filosof\u00eda espiritual: el karma, presentado como un principio universal de equilibrio y responsabilidad personal. Con una claridad extraordinaria, el autor explica c\u00f3mo este poder de la Mente Universal act\u00faa para restaurar la armon\u00eda en el universo y en nuestras vidas. Brunton explora la naturaleza del karma, sus mecanismos, su relaci\u00f3n con la Gracia divina y c\u00f3mo podemos trabajar conscientemente con \u00e9l para nuestro propio desarrollo espiritual. La obra revela que el karma no nos condena a un determinismo fatalista, sino que garantiza nuestra libertad esencial para transformarnos y trascender nuestras limitaciones. Particularmente conmovedor es el an\u00e1lisis sobre la interrelaci\u00f3n entre el karma individual y colectivo, exponiendo c\u00f3mo todos compartimos responsabilidad en el destino com\u00fan de la humanidad.<\/p>\n","protected":false},"excerpt":{"rendered":"<p>PAUL BRUNTON<\/p>\n","protected":false},"featured_media":1022411,"template":"","meta":{"_acf_changed":false,"om_disable_all_campaigns":false,"rs_blank_template":"","rs_page_bg_color":"","slide_template_v7":"","inline_featured_image":false,"_monsterinsights_skip_tracking":false,"_monsterinsights_sitenote_active":false,"_monsterinsights_sitenote_note":"","_monsterinsights_sitenote_category":0},"product_brand":[],"product_cat":[544,94],"product_tag":[],"class_list":{"0":"post-1022282","1":"product","2":"type-product","3":"status-publish","4":"has-post-thumbnail","6":"product_cat-religiones","7":"product_cat-religions","9":"first","10":"instock","11":"taxable","12":"shipping-taxable","13":"purchasable","14":"product-type-simple"},"acf":{"autor":"PAUL BRUNTON","codart":"841028872","libros-coleccion":"FORA DE COL.LECCI\u00d3","ediciones":"1","encuadernacion":"R\u00fastica","fecha_de_publicacion":"01\/05\/2025","novedad":"1","paginas":"144","subtitulo":"LA LIBERTAD INDIVIDUAL Y EL PODER DE LA GRACIA EN NUESTRA RELACI\u00d3N CON EL DESTIN","orden":"0","portada":"0","idioma":"spa","booktrailer":"","resenas":"","editorial":[{"ID":275229,"post_author":"3","post_date":"2022-12-09 06:36:34","post_date_gmt":"2022-12-09 05:36:34","post_content":"","post_title":"Editorial C\u00e1ntico","post_excerpt":"","post_status":"publish","comment_status":"closed","ping_status":"closed","post_password":"","post_name":"editorial-cantico","to_ping":"","pinged":"","post_modified":"2022-12-09 06:36:34","post_modified_gmt":"2022-12-09 05:36:34","post_content_filtered":"","post_parent":0,"guid":"http:\/\/dev.claret.cat\/editorial\/editorial-cantico\/","menu_order":0,"post_type":"editorial","post_mime_type":"","comment_count":"0","filter":"raw"}]},"aioseo_notices":[],"_links":{"self":[{"href":"https:\/\/www.claret.cat\/es\/wp-json\/wp\/v2\/product\/1022282","targetHints":{"allow":["GET"]}}],"collection":[{"href":"https:\/\/www.claret.cat\/es\/wp-json\/wp\/v2\/product"}],"about":[{"href":"https:\/\/www.claret.cat\/es\/wp-json\/wp\/v2\/types\/product"}],"wp:featuredmedia":[{"embeddable":true,"href":"https:\/\/www.claret.cat\/es\/wp-json\/wp\/v2\/media\/1022411"}],"wp:attachment":[{"href":"https:\/\/www.claret.cat\/es\/wp-json\/wp\/v2\/media?parent=1022282"}],"wp:term":[{"taxonomy":"product_brand","embeddable":true,"href":"https:\/\/www.claret.cat\/es\/wp-json\/wp\/v2\/product_brand?post=1022282"},{"taxonomy":"product_cat","embeddable":true,"href":"https:\/\/www.claret.cat\/es\/wp-json\/wp\/v2\/product_cat?post=1022282"},{"taxonomy":"product_tag","embeddable":true,"href":"https:\/\/www.claret.cat\/es\/wp-json\/wp\/v2\/product_tag?post=1022282"}],"curies":[{"name":"wp","href":"https:\/\/api.w.org\/{rel}","templated":true}]}}

¿QUÉ ES EL KARMA?

<p>Paul Brunton, reconocido estudioso de la sabiduría oriental, desmitifica uno de los conceptos más malinterpretados y profundos de la filosofía espiritual: el karma, presentado como un principio universal de equilibrio y responsabilidad personal. Con una claridad extraordinaria, el autor explica cómo este poder de la Mente Universal actúa para restaurar la armonía en el universo y en nuestras vidas. Brunton explora la naturaleza del karma, sus mecanismos, su relación con la Gracia divina y cómo podemos trabajar conscientemente con él para nuestro propio desarrollo espiritual. La obra revela que el karma no nos condena a un determinismo fatalista, sino que garantiza nuestra libertad esencial para transformarnos y trascender nuestras limitaciones. Particularmente conmovedor es el análisis sobre la interrelación entre el karma individual y colectivo, exponiendo cómo todos compartimos responsabilidad en el destino común de la humanidad.</p>

FORA DE COL.LECCIÓ

Rústica

LA LIBERTAD INDIVIDUAL Y EL PODER DE LA GRACIA EN NUESTRA RELACIÓN CON EL DESTIN

Editorial Cántico
