{"id":1023146,"date":"2025-05-22T12:35:13","date_gmt":"2025-05-22T10:35:13","guid":{"rendered":"https:\/\/www.claret.cat\/llibre\/inteligencia-artificial-luces-y-sombras-9788419884855\/"},"modified":"2025-05-22T12:43:27","modified_gmt":"2025-05-22T10:43:27","slug":"inteligencia-artificial-luces-y-sombras-9788419884855","status":"publish","type":"product","link":"https:\/\/www.claret.cat\/es\/libro\/inteligencia-artificial-luces-y-sombras-9788419884855\/","title":{"rendered":"INTELIGENCIA ARTIFICIAL: LUCES Y SOMBRAS"},"content":{"rendered":"<p>La disrupci\u00f3n tecnol\u00f3gica que estamos viviendo es exponencial.<br \/> La velocidad de innovaci\u00f3n de las nuevas tecnolog\u00edas, en especial,<br \/> de la Inteligencia Artificial, es tan acelerada que plantea grandes<br \/> desaf\u00edos de tipo pol\u00edtico, econ\u00f3mico, cultural, \u00e9tico y espiritual. En<br \/> este peque\u00f1o libro se recogen tres miradas distintas, pero complementarias,<br \/> que velan por tratar de responder algunos de estos interrogantes<br \/> sin caer en una mirada apocal\u00edptica ni sucumbir bajo<br \/> una visi\u00f3n ingenuamente optimista.<\/p>\n","protected":false},"excerpt":{"rendered":"<p>ALSINA PAG\u00c8S, ROSA MARIA \/ MEJ\u00cdA FERN\u00c1NDEZ, RICARDO \/ TORRALBA ROSELL\u00d3, FRANCES<\/p>\n","protected":false},"featured_media":1023168,"template":"","meta":{"_acf_changed":false,"om_disable_all_campaigns":false,"rs_blank_template":"","rs_page_bg_color":"","slide_template_v7":"","inline_featured_image":false,"_monsterinsights_skip_tracking":false,"_monsterinsights_sitenote_active":false,"_monsterinsights_sitenote_note":"","_monsterinsights_sitenote_category":0},"product_brand":[],"product_cat":[373,166,440,169],"product_tag":[],"class_list":{"0":"post-1023146","1":"product","2":"type-product","3":"status-publish","4":"has-post-thumbnail","6":"product_cat-autores","7":"product_cat-autors-filosofia","8":"product_cat-de-la-ciencia-filosofia-2_humanidades","9":"product_cat-de-la-ciencia","11":"first","12":"instock","13":"taxable","14":"shipping-taxable","15":"purchasable","16":"product-type-simple"},"acf":{"autor":"ALSINA PAG\u00c8S, ROSA MARIA \/ MEJ\u00cdA FERN\u00c1NDEZ, RICARDO \/ TORRALBA ROSELL\u00d3, FRANCES","codart":"841988485","libros-coleccion":"Ensayo","ediciones":"1","encuadernacion":"R\u00fastica","fecha_de_publicacion":"01\/04\/2025","novedad":"1","paginas":"70","subtitulo":"","orden":"0","portada":"0","idioma":"spa","booktrailer":"","resenas":"","editorial":[{"ID":148531,"post_author":"3","post_date":"2022-10-14 11:58:58","post_date_gmt":"2022-10-14 09:58:58","post_content":"","post_title":"Milenio Publicaciones","post_excerpt":"","post_status":"publish","comment_status":"closed","ping_status":"closed","post_password":"","post_name":"milenio-publicaciones","to_ping":"","pinged":"","post_modified":"2022-10-14 11:58:58","post_modified_gmt":"2022-10-14 09:58:58","post_content_filtered":"","post_parent":0,"guid":"http:\/\/dev.claret.cat\/editorial\/milenio-publicaciones\/","menu_order":0,"post_type":"editorial","post_mime_type":"","comment_count":"0","filter":"raw"}]},"aioseo_notices":[],"_links":{"self":[{"href":"https:\/\/www.claret.cat\/es\/wp-json\/wp\/v2\/product\/1023146","targetHints":{"allow":["GET"]}}],"collection":[{"href":"https:\/\/www.claret.cat\/es\/wp-json\/wp\/v2\/product"}],"about":[{"href":"https:\/\/www.claret.cat\/es\/wp-json\/wp\/v2\/types\/product"}],"wp:featuredmedia":[{"embeddable":true,"href":"https:\/\/www.claret.cat\/es\/wp-json\/wp\/v2\/media\/1023168"}],"wp:attachment":[{"href":"https:\/\/www.claret.cat\/es\/wp-json\/wp\/v2\/media?parent=1023146"}],"wp:term":[{"taxonomy":"product_brand","embeddable":true,"href":"https:\/\/www.claret.cat\/es\/wp-json\/wp\/v2\/product_brand?post=1023146"},{"taxonomy":"product_cat","embeddable":true,"href":"https:\/\/www.claret.cat\/es\/wp-json\/wp\/v2\/product_cat?post=1023146"},{"taxonomy":"product_tag","embeddable":true,"href":"https:\/\/www.claret.cat\/es\/wp-json\/wp\/v2\/product_tag?post=1023146"}],"curies":[{"name":"wp","href":"https:\/\/api.w.org\/{rel}","templated":true}]}}

<p>La disrupción tecnológica que estamos viviendo es exponencial.<br /> La velocidad de innovación de las nuevas tecnologías, en especial,<br /> de la Inteligencia Artificial, es tan acelerada que plantea grandes<br /> desafíos de tipo político, económico, cultural, ético y espiritual. En<br /> este pequeño libro se recogen tres miradas distintas, pero complementarias,<br /> que velan por tratar de responder algunos de estos interrogantes<br /> sin caer en una mirada apocalíptica ni sucumbir bajo<br /> una visión ingenuamente optimista.</p>

<p>ALSINA PAGÈS, ROSA MARIA / MEJÍA FERNÁNDEZ, RICARDO / TORRALBA ROSELLÓ, FRANCES</p>

ALSINA PAGÈS, ROSA MARIA / MEJÍA FERNÁNDEZ, RICARDO / TORRALBA ROSELLÓ, FRANCES

Rústica
