{"id":102432,"date":"2022-10-12T08:20:59","date_gmt":"2022-10-12T06:20:59","guid":{"rendered":"http:\/\/dev.claret.cat\/producte\/el-llinatge-perdut-els-deus-del-nord-3\/"},"modified":"2026-01-27T16:02:11","modified_gmt":"2026-01-27T15:02:11","slug":"el-llinatge-perdut-els-deus-del-nord-3-9788417736927","status":"publish","type":"product","link":"https:\/\/www.claret.cat\/es\/libro\/el-llinatge-perdut-els-deus-del-nord-3-9788417736927\/","title":{"rendered":"EL LLINATGE PERDUT (ELS D\u00c9US DEL NORD 3)"},"content":{"rendered":"<p>Tres cosins. Dos mons. Un secret.  La llum i les tenebres s&#8221;enfronten de nou a la tercera part de la saga de \u00abEls d\u00e9us del nord\u00bb. Un viatge on la m\u00e0gia et  conduir\u00e0 a la veritat. Ha arribat la tardor, i l&#8221;Ada, el Teo i l&#8221;Emma han tornat a Irurita per  celebrar els vuitanta anys de l&#8221;Amona. Junts visiten el mercat d&#8221;Elizondo, on un castanyer explica contes als nens. Un d&#8221;aquells  contes, se sorprenen, parla d&#8221;un m\u00f3n que nom\u00e9s pot ser Gaua, i d&#8221;una  jove bruixa que es veu obligada a lliurar la seva filla al bosc per  alliberar-la de les urpes d&#8221;un rei malvat, que els tres cosins identifiquen a l&#8221;un\u00edson amb Gaueko. L&#8221;Ada no t\u00e9 dubtes: la jove bruixa de la qual parla la hist\u00f2ria del  castanyer ha de ser la seva mare. \u00c9s possible que sigui viva i que  estigui amagada en algun lloc de Gaua? I si aconsegueix trobar-la? Per  petita que sigui aquesta possibilitat, Ada necessita explorar-la. Cosa  que significa creuar el portal i preguntar per ella a la deessa que tot ho sap: Mari.<\/p>\n","protected":false},"excerpt":{"rendered":"<p>SANTAMAR\u00cdA, JARA<\/p>\n","protected":false},"featured_media":1078633,"template":"","meta":{"_acf_changed":false,"om_disable_all_campaigns":false,"rs_blank_template":"","rs_page_bg_color":"","slide_template_v7":"","inline_featured_image":false,"_monsterinsights_skip_tracking":false,"_monsterinsights_sitenote_active":false,"_monsterinsights_sitenote_note":"","_monsterinsights_sitenote_category":0},"product_brand":[],"product_cat":[132,362],"product_tag":[],"class_list":{"0":"post-102432","1":"product","2":"type-product","3":"status-publish","4":"has-post-thumbnail","6":"product_cat-lectures-per-preadolescents-6-12-anys","7":"product_cat-libros-preadolescentes-6-12-anos","9":"first","10":"instock","11":"taxable","12":"shipping-taxable","13":"purchasable","14":"product-type-simple"},"acf":{"editorial":[{"ID":6136,"post_author":"3","post_date":"2022-07-28 17:45:39","post_date_gmt":"2022-07-28 15:45:39","post_content":"","post_title":"B de Blok (Ediciones B)","post_excerpt":"","post_status":"publish","comment_status":"closed","ping_status":"closed","post_password":"","post_name":"b-de-blok-ediciones-b","to_ping":"","pinged":"","post_modified":"2022-07-28 17:45:39","post_modified_gmt":"2022-07-28 15:45:39","post_content_filtered":"","post_parent":0,"guid":"http:\/\/dev.claret.cat\/editorial\/b-de-blok-ediciones-b\/","menu_order":0,"post_type":"editorial","post_mime_type":"","comment_count":"0","filter":"raw"}],"autor":"SANTAMAR\u00cdA, JARA","codart":"841773692","libros-coleccion":"Els d\u00e9us del nord","ediciones":"1","encuadernacion":"Carton\u00e9","fecha_de_publicacion":"01\/10\/2020","novedad":"1","paginas":"288","subtitulo":"","orden":"0","portada":"0","idioma":"cat","autores-libros":[{"ID":158527,"post_author":"3","post_date":"2022-10-14 15:37:33","post_date_gmt":"2022-10-14 13:37:33","post_content":"","post_title":"JARA SANTAMAR\u00cdA","post_excerpt":"","post_status":"publish","comment_status":"closed","ping_status":"closed","post_password":"","post_name":"jara-santamaria","to_ping":"","pinged":"","post_modified":"2022-10-14 15:37:33","post_modified_gmt":"2022-10-14 13:37:33","post_content_filtered":"","post_parent":0,"guid":"http:\/\/dev.claret.cat\/autor\/jara-santamaria\/","menu_order":0,"post_type":"autor","post_mime_type":"","comment_count":"0","filter":"raw"}],"booktrailer":"","resenas":""},"aioseo_notices":[],"_links":{"self":[{"href":"https:\/\/www.claret.cat\/es\/wp-json\/wp\/v2\/product\/102432","targetHints":{"allow":["GET"]}}],"collection":[{"href":"https:\/\/www.claret.cat\/es\/wp-json\/wp\/v2\/product"}],"about":[{"href":"https:\/\/www.claret.cat\/es\/wp-json\/wp\/v2\/types\/product"}],"wp:featuredmedia":[{"embeddable":true,"href":"https:\/\/www.claret.cat\/es\/wp-json\/wp\/v2\/media\/1078633"}],"wp:attachment":[{"href":"https:\/\/www.claret.cat\/es\/wp-json\/wp\/v2\/media?parent=102432"}],"wp:term":[{"taxonomy":"product_brand","embeddable":true,"href":"https:\/\/www.claret.cat\/es\/wp-json\/wp\/v2\/product_brand?post=102432"},{"taxonomy":"product_cat","embeddable":true,"href":"https:\/\/www.claret.cat\/es\/wp-json\/wp\/v2\/product_cat?post=102432"},{"taxonomy":"product_tag","embeddable":true,"href":"https:\/\/www.claret.cat\/es\/wp-json\/wp\/v2\/product_tag?post=102432"}],"curies":[{"name":"wp","href":"https:\/\/api.w.org\/{rel}","templated":true}]}}

EL LLINATGE PERDUT (ELS DÉUS DEL NORD 3)

<p>Tres cosins. Dos mons. Un secret.  La llum i les tenebres s&#8221;enfronten de nou a la tercera part de la saga de «Els déus del nord». Un viatge on la màgia et  conduirà a la veritat. Ha arribat la tardor, i l&#8221;Ada, el Teo i l&#8221;Emma han tornat a Irurita per  celebrar els vuitanta anys de l&#8221;Amona. Junts visiten el mercat d&#8221;Elizondo, on un castanyer explica contes als nens. Un d&#8221;aquells  contes, se sorprenen, parla d&#8221;un món que només pot ser Gaua, i d&#8221;una  jove bruixa que es veu obligada a lliurar la seva filla al bosc per  alliberar-la de les urpes d&#8221;un rei malvat, que els tres cosins identifiquen a l&#8221;uníson amb Gaueko. L&#8221;Ada no té dubtes: la jove bruixa de la qual parla la història del  castanyer ha de ser la seva mare. És possible que sigui viva i que  estigui amagada en algun lloc de Gaua? I si aconsegueix trobar-la? Per  petita que sigui aquesta possibilitat, Ada necessita explorar-la. Cosa  que significa creuar el portal i preguntar per ella a la deessa que tot ho sap: Mari.</p>

<p>SANTAMARÍA, JARA</p>

SANTAMARÍA, JARA

Els déus del nord

Cartoné

JARA SANTAMARÍA
