{"id":1024328,"date":"2025-05-28T16:16:03","date_gmt":"2025-05-28T14:16:03","guid":{"rendered":"https:\/\/www.claret.cat\/llibre\/tu-rostro-buscare-senor-9788428573702\/"},"modified":"2025-09-10T16:55:39","modified_gmt":"2025-09-10T14:55:39","slug":"tu-rostro-buscare-senor-9788428573702","status":"publish","type":"product","link":"https:\/\/www.claret.cat\/es\/libro\/tu-rostro-buscare-senor-9788428573702\/","title":{"rendered":"TU ROSTRO BUSCAR\u00c9, SE\u00d1OR"},"content":{"rendered":"<p><strong>La oraci\u00f3n contemplativa: el encuentro transformador entre Dios y el ser humano<\/strong><\/p>\n<p>El ser humano vive en constante inquietud, como si algo esencial le faltara. Y es que, en el fondo, le falta Dios. Somos criaturas creadas para acoger al Creador: <strong>Dios es don infinito, y el hombre est\u00e1 hecho para recibir ese don sin medida<\/strong>.<\/p>\n<p>En este libro, <strong>Luigi Maria Epicoco Forlai<\/strong> profundiza en la <strong>dimensi\u00f3n contemplativa de la oraci\u00f3n cristiana<\/strong>, aquella en la que no somos nosotros quienes tomamos la iniciativa, sino Dios quien act\u00faa en lo m\u00e1s profundo de nuestro ser. Una oraci\u00f3n donde <strong>el Esp\u00edritu Santo obra en nosotros, nos habla, nos transforma<\/strong> y nos invita a un abandono confiado.<\/p>\n<p><strong>Esta obra es una gu\u00eda para quienes desean entrar en una vida de oraci\u00f3n m\u00e1s profunda<\/strong>, aut\u00e9ntica y centrada en la acci\u00f3n de Dios. Lejos del activismo y el ruido, el autor propone una espiritualidad de escucha, silencio interior y comuni\u00f3n. Una lectura imprescindible para quienes buscan vivir una fe m\u00e1s viva y contemplativa, en el coraz\u00f3n mismo de la tradici\u00f3n cristiana.<\/p>\n","protected":false},"excerpt":{"rendered":"<p>FORLAI, GIUSEPPE<\/p>\n","protected":false},"featured_media":1025451,"template":"","meta":{"_acf_changed":false,"om_disable_all_campaigns":false,"rs_blank_template":"","rs_page_bg_color":"","slide_template_v7":"","inline_featured_image":false,"_monsterinsights_skip_tracking":false,"_monsterinsights_sitenote_active":false,"_monsterinsights_sitenote_note":"","_monsterinsights_sitenote_category":0},"product_brand":[],"product_cat":[392,231,396,247],"product_tag":[],"class_list":{"0":"post-1024328","1":"product","2":"type-product","3":"status-publish","4":"has-post-thumbnail","6":"product_cat-obras-generales","7":"product_cat-obres-generals","8":"product_cat-oracion","9":"product_cat-pregaria","11":"first","12":"instock","13":"taxable","14":"shipping-taxable","15":"purchasable","16":"product-type-simple"},"acf":{"autor":"FORLAI, GIUSEPPE","codart":"842857370","libros-coleccion":"","ediciones":"1","encuadernacion":"R\u00fastica","fecha_de_publicacion":"23\/05\/2025","novedad":"1","paginas":"126","subtitulo":"LA ORACI\u00d3N COMO CONTEMPLACI\u00d3N","orden":"0","portada":"1","idioma":"spa","booktrailer":"","resenas":"","editorial":[{"ID":6356,"post_author":"3","post_date":"2022-07-28 17:50:26","post_date_gmt":"2022-07-28 15:50:26","post_content":"","post_title":"SAN PABLO COMUNICACI\u00d3N","post_excerpt":"","post_status":"publish","comment_status":"closed","ping_status":"closed","post_password":"","post_name":"san-pablo-comunicacion","to_ping":"","pinged":"","post_modified":"2022-07-28 17:50:26","post_modified_gmt":"2022-07-28 15:50:26","post_content_filtered":"","post_parent":0,"guid":"http:\/\/dev.claret.cat\/editorial\/san-pablo-comunicacion\/","menu_order":0,"post_type":"editorial","post_mime_type":"","comment_count":"0","filter":"raw"}]},"aioseo_notices":[],"_links":{"self":[{"href":"https:\/\/www.claret.cat\/es\/wp-json\/wp\/v2\/product\/1024328","targetHints":{"allow":["GET"]}}],"collection":[{"href":"https:\/\/www.claret.cat\/es\/wp-json\/wp\/v2\/product"}],"about":[{"href":"https:\/\/www.claret.cat\/es\/wp-json\/wp\/v2\/types\/product"}],"wp:featuredmedia":[{"embeddable":true,"href":"https:\/\/www.claret.cat\/es\/wp-json\/wp\/v2\/media\/1025451"}],"wp:attachment":[{"href":"https:\/\/www.claret.cat\/es\/wp-json\/wp\/v2\/media?parent=1024328"}],"wp:term":[{"taxonomy":"product_brand","embeddable":true,"href":"https:\/\/www.claret.cat\/es\/wp-json\/wp\/v2\/product_brand?post=1024328"},{"taxonomy":"product_cat","embeddable":true,"href":"https:\/\/www.claret.cat\/es\/wp-json\/wp\/v2\/product_cat?post=1024328"},{"taxonomy":"product_tag","embeddable":true,"href":"https:\/\/www.claret.cat\/es\/wp-json\/wp\/v2\/product_tag?post=1024328"}],"curies":[{"name":"wp","href":"https:\/\/api.w.org\/{rel}","templated":true}]}}

TU ROSTRO BUSCARÉ, SEÑOR

<p><strong>La oración contemplativa: el encuentro transformador entre Dios y el ser humano</strong></p>
<p>El ser humano vive en constante inquietud, como si algo esencial le faltara. Y es que, en el fondo, le falta Dios. Somos criaturas creadas para acoger al Creador: <strong>Dios es don infinito, y el hombre está hecho para recibir ese don sin medida</strong>.</p>
<p>En este libro, <strong>Luigi Maria Epicoco Forlai</strong> profundiza en la <strong>dimensión contemplativa de la oración cristiana</strong>, aquella en la que no somos nosotros quienes tomamos la iniciativa, sino Dios quien actúa en lo más profundo de nuestro ser. Una oración donde <strong>el Espíritu Santo obra en nosotros, nos habla, nos transforma</strong> y nos invita a un abandono confiado.</p>
<p><strong>Esta obra es una guía para quienes desean entrar en una vida de oración más profunda</strong>, auténtica y centrada en la acción de Dios. Lejos del activismo y el ruido, el autor propone una espiritualidad de escucha, silencio interior y comunión. Una lectura imprescindible para quienes buscan vivir una fe más viva y contemplativa, en el corazón mismo de la tradición cristiana.</p>

Rústica

LA ORACIÓN COMO CONTEMPLACIÓN

SAN PABLO COMUNICACIÓN
