{"id":1024548,"date":"2025-05-29T16:45:26","date_gmt":"2025-05-29T14:45:26","guid":{"rendered":"https:\/\/www.claret.cat\/llibre\/minina-va-a-la-pasteleria-9788412945485\/"},"modified":"2025-05-29T17:06:00","modified_gmt":"2025-05-29T15:06:00","slug":"minina-va-a-la-pasteleria-9788412945485","status":"publish","type":"product","link":"https:\/\/www.claret.cat\/es\/libro\/minina-va-a-la-pasteleria-9788412945485\/","title":{"rendered":"MININA VA A LA PASTELER\u00cdA"},"content":{"rendered":"<p>Una nueva colecci\u00f3n de libros con elementos arom\u00e1ticos para beb\u00e9s, que les ayudar\u00e1 a identificar y aprender los primeros olores fuera del entorno dom\u00e9stico.<br \/> Acompa\u00f1amos una gatita en su d\u00eda de cumplea\u00f1os&#8230; \u00a1a la pasteler\u00eda! All\u00ed encontrar\u00e1 un sinf\u00edn de deliciosos pasteles y dulces que rebosan aromas para relamerse los bigotes. Levanta las pesta\u00f1as, rasca la superficie y \u00a1huele!&#8230; \u00bfser\u00e0 canela, lim\u00f3n, chocolate&#8230;?, \u00a1a ver si adivinas de qu\u00e9 es cada una de estas delicias!<br \/> Un libro con pesta\u00f1as para levantar que esconden superficies t\u00e1ctiles que, una vez rascadas, desprenden los aromas.<\/p>\n","protected":false},"excerpt":{"rendered":"<p>IMAGEBOOKS, STUDIO<\/p>\n","protected":false},"featured_media":1024549,"template":"","meta":{"_acf_changed":false,"om_disable_all_campaigns":false,"rs_blank_template":"","rs_page_bg_color":"","slide_template_v7":"","inline_featured_image":false,"_monsterinsights_skip_tracking":false,"_monsterinsights_sitenote_active":false,"_monsterinsights_sitenote_note":"","_monsterinsights_sitenote_category":0},"product_brand":[],"product_cat":[131,361],"product_tag":[],"class_list":{"0":"post-1024548","1":"product","2":"type-product","3":"status-publish","4":"has-post-thumbnail","6":"product_cat-contes-per-infants-0-6-anys","7":"product_cat-cuentos-para-ninos-0-6-anos","9":"first","10":"instock","11":"taxable","12":"shipping-taxable","13":"purchasable","14":"product-type-simple"},"acf":{"autor":"IMAGEBOOKS, STUDIO","codart":"841294548","libros-coleccion":"Imagina","ediciones":"1","encuadernacion":"Carton\u00e9","fecha_de_publicacion":"01\/05\/2025","novedad":"1","paginas":"8","subtitulo":"","orden":"0","portada":"0","idioma":"spa","booktrailer":"","resenas":"","editorial":[{"ID":6286,"post_author":"3","post_date":"2022-07-28 17:48:56","post_date_gmt":"2022-07-28 15:48:56","post_content":"","post_title":"Librooks Barcelona","post_excerpt":"","post_status":"publish","comment_status":"closed","ping_status":"closed","post_password":"","post_name":"librooks-barcelona","to_ping":"","pinged":"","post_modified":"2022-07-28 17:48:56","post_modified_gmt":"2022-07-28 15:48:56","post_content_filtered":"","post_parent":0,"guid":"http:\/\/dev.claret.cat\/editorial\/librooks-barcelona\/","menu_order":0,"post_type":"editorial","post_mime_type":"","comment_count":"0","filter":"raw"}]},"aioseo_notices":[],"_links":{"self":[{"href":"https:\/\/www.claret.cat\/es\/wp-json\/wp\/v2\/product\/1024548","targetHints":{"allow":["GET"]}}],"collection":[{"href":"https:\/\/www.claret.cat\/es\/wp-json\/wp\/v2\/product"}],"about":[{"href":"https:\/\/www.claret.cat\/es\/wp-json\/wp\/v2\/types\/product"}],"wp:featuredmedia":[{"embeddable":true,"href":"https:\/\/www.claret.cat\/es\/wp-json\/wp\/v2\/media\/1024549"}],"wp:attachment":[{"href":"https:\/\/www.claret.cat\/es\/wp-json\/wp\/v2\/media?parent=1024548"}],"wp:term":[{"taxonomy":"product_brand","embeddable":true,"href":"https:\/\/www.claret.cat\/es\/wp-json\/wp\/v2\/product_brand?post=1024548"},{"taxonomy":"product_cat","embeddable":true,"href":"https:\/\/www.claret.cat\/es\/wp-json\/wp\/v2\/product_cat?post=1024548"},{"taxonomy":"product_tag","embeddable":true,"href":"https:\/\/www.claret.cat\/es\/wp-json\/wp\/v2\/product_tag?post=1024548"}],"curies":[{"name":"wp","href":"https:\/\/api.w.org\/{rel}","templated":true}]}}

MININA VA A LA PASTELERÍA

<p>Una nueva colección de libros con elementos aromáticos para bebés, que les ayudará a identificar y aprender los primeros olores fuera del entorno doméstico.<br /> Acompañamos una gatita en su día de cumpleaños&#8230; ¡a la pastelería! Allí encontrará un sinfín de deliciosos pasteles y dulces que rebosan aromas para relamerse los bigotes. Levanta las pestañas, rasca la superficie y ¡huele!&#8230; ¿serà canela, limón, chocolate&#8230;?, ¡a ver si adivinas de qué es cada una de estas delicias!<br /> Un libro con pestañas para levantar que esconden superficies táctiles que, una vez rascadas, desprenden los aromas.</p>

Cartoné
