{"id":1025707,"date":"2025-06-04T14:20:02","date_gmt":"2025-06-04T12:20:02","guid":{"rendered":"https:\/\/www.claret.cat\/llibre\/el-perrito-de-van-gogh-9788467976861\/"},"modified":"2025-06-17T11:15:50","modified_gmt":"2025-06-17T09:15:50","slug":"el-perrito-de-van-gogh-9788467976861","status":"publish","type":"product","link":"https:\/\/www.claret.cat\/es\/libro\/el-perrito-de-van-gogh-9788467976861\/","title":{"rendered":"EL PERRITO DE VAN GOGH"},"content":{"rendered":"<p><strong class='ql-size-large'>Una aventura art\u00edstica con Vincent van Gogh y un perro muy travieso<\/strong><\/p>\n<p><strong>Vincent van Gogh<\/strong> es un <strong>artista<\/strong> que cree no tener <strong>nada que pintar<\/strong>\u2026 hasta que un <strong>perro travieso<\/strong>, llamado <strong>Sol<\/strong>, lo lleva a descubrir que la <strong>inspiraci\u00f3n est\u00e1 en todas partes<\/strong>.<\/p>\n<p>\u00a1Acompa\u00f1a a <strong>Vincent<\/strong> en una <strong>divertida persecuci\u00f3n<\/strong> a trav\u00e9s de los <strong>escenarios m\u00e1s ic\u00f3nicos de sus obras<\/strong>, en una <strong>aventura multicolor<\/strong> que ense\u00f1ar\u00e1 a los <strong>j\u00f3venes lectores<\/strong> a ver el mundo <strong>con ojos de artista<\/strong>!<\/p>\n<p>Una historia ilustrada, creativa y llena de color, perfecta para despertar la <strong>curiosidad por el arte<\/strong> y la <strong>imaginaci\u00f3n infantil<\/strong>.<\/p>\n","protected":false},"excerpt":{"rendered":"<p>GEORGIA LARSON \/ GRACE HELMER<\/p>\n","protected":false},"featured_media":1034579,"template":"","meta":{"_acf_changed":false,"om_disable_all_campaigns":false,"rs_blank_template":"","rs_page_bg_color":"","slide_template_v7":"","inline_featured_image":false,"_monsterinsights_skip_tracking":false,"_monsterinsights_sitenote_active":false,"_monsterinsights_sitenote_note":"","_monsterinsights_sitenote_category":0},"product_brand":[],"product_cat":[132,362],"product_tag":[],"class_list":{"0":"post-1025707","1":"product","2":"type-product","3":"status-publish","4":"has-post-thumbnail","6":"product_cat-lectures-per-preadolescents-6-12-anys","7":"product_cat-libros-preadolescentes-6-12-anos","9":"first","10":"instock","11":"taxable","12":"shipping-taxable","13":"purchasable","14":"product-type-simple"},"acf":{"autor":"GEORGIA LARSON \/ GRACE HELMER","codart":"846797686","libros-coleccion":"FORA DE COL.LECCI\u00d3","ediciones":"1","encuadernacion":"Carton\u00e9","fecha_de_publicacion":"01\/06\/2025","novedad":"1","paginas":"32","subtitulo":"","orden":"0","portada":"1","idioma":"spa","booktrailer":"","resenas":"","editorial":[{"ID":6315,"post_author":"3","post_date":"2022-07-28 17:49:33","post_date_gmt":"2022-07-28 15:49:33","post_content":"","post_title":"NORMA EDITORIAL S.A","post_excerpt":"","post_status":"publish","comment_status":"closed","ping_status":"closed","post_password":"","post_name":"norma-editorial-s-a","to_ping":"","pinged":"","post_modified":"2022-07-28 17:49:33","post_modified_gmt":"2022-07-28 15:49:33","post_content_filtered":"","post_parent":0,"guid":"http:\/\/dev.claret.cat\/editorial\/norma-editorial-s-a\/","menu_order":0,"post_type":"editorial","post_mime_type":"","comment_count":"0","filter":"raw"}],"linkebook":"","ficha":"","muestra":"","precioebook":"0","presentacion":""},"aioseo_notices":[],"_links":{"self":[{"href":"https:\/\/www.claret.cat\/es\/wp-json\/wp\/v2\/product\/1025707","targetHints":{"allow":["GET"]}}],"collection":[{"href":"https:\/\/www.claret.cat\/es\/wp-json\/wp\/v2\/product"}],"about":[{"href":"https:\/\/www.claret.cat\/es\/wp-json\/wp\/v2\/types\/product"}],"wp:featuredmedia":[{"embeddable":true,"href":"https:\/\/www.claret.cat\/es\/wp-json\/wp\/v2\/media\/1034579"}],"wp:attachment":[{"href":"https:\/\/www.claret.cat\/es\/wp-json\/wp\/v2\/media?parent=1025707"}],"wp:term":[{"taxonomy":"product_brand","embeddable":true,"href":"https:\/\/www.claret.cat\/es\/wp-json\/wp\/v2\/product_brand?post=1025707"},{"taxonomy":"product_cat","embeddable":true,"href":"https:\/\/www.claret.cat\/es\/wp-json\/wp\/v2\/product_cat?post=1025707"},{"taxonomy":"product_tag","embeddable":true,"href":"https:\/\/www.claret.cat\/es\/wp-json\/wp\/v2\/product_tag?post=1025707"}],"curies":[{"name":"wp","href":"https:\/\/api.w.org\/{rel}","templated":true}]}}

<p><strong class='ql-size-large'>Una aventura artística con Vincent van Gogh y un perro muy travieso</strong></p>
<p><strong>Vincent van Gogh</strong> es un <strong>artista</strong> que cree no tener <strong>nada que pintar</strong>… hasta que un <strong>perro travieso</strong>, llamado <strong>Sol</strong>, lo lleva a descubrir que la <strong>inspiración está en todas partes</strong>.</p>
<p>¡Acompaña a <strong>Vincent</strong> en una <strong>divertida persecución</strong> a través de los <strong>escenarios más icónicos de sus obras</strong>, en una <strong>aventura multicolor</strong> que enseñará a los <strong>jóvenes lectores</strong> a ver el mundo <strong>con ojos de artista</strong>!</p>
<p>Una historia ilustrada, creativa y llena de color, perfecta para despertar la <strong>curiosidad por el arte</strong> y la <strong>imaginación infantil</strong>.</p>

FORA DE COL.LECCIÓ

Cartoné
