{"id":102655,"date":"2022-10-12T08:24:08","date_gmt":"2022-10-12T06:24:08","guid":{"rendered":"http:\/\/dev.claret.cat\/producte\/drets-fragils\/"},"modified":"2024-01-31T20:04:22","modified_gmt":"2024-01-31T19:04:22","slug":"drets-fragils-9788429778885","status":"publish","type":"product","link":"https:\/\/www.claret.cat\/es\/libro\/drets-fragils-9788429778885\/","title":{"rendered":"DRETS FR\u00c0GILS"},"content":{"rendered":"<p>Amb aquest assaig divulgatiu, Gemma Lienas continua donant veu a un feminisme que no vol quedar eclipsat. Des de la mirada d&#8217;una nena que va n\u00e9ixer a comen\u00e7ament de la d\u00e8cada dels cinquanta, que va ser dona jove durant la transici\u00f3 i primers anys de la democr\u00e0cia, i gran a l&#8217;\u00e8poca dels atacs organitzats contra el feminisme, l&#8217;autora evoca la historia d&#8217;una<br \/>generaci\u00f3 de dones que van lluitar perqu\u00e8 la igualtat entre dones i homes fos legal i real. Un llibre ple d&#8217;informaci\u00f3, reflexiu, ser\u00e8, personal, que retrata una lluita hist\u00f2rica d&#8217;unes dones que com ella van haver de comen\u00e7ar a picar pedra en un camp en el qual els camins oberts eren escadussers i que ara, ja grans, continuen en la lluita i veuen el futur una mica incert.<br \/>Unes p\u00e0gines que tamb\u00e9 pretenen ser mem\u00f2ria per a les joves, perqu\u00e8 no oblidin que els drets conquerits per les dones s\u00f3n fr\u00e0gils i es poden perdre en qualsevol moment.<\/p>\n","protected":false},"excerpt":{"rendered":"<p>LIENAS, GEMMA<\/p>\n","protected":false},"featured_media":102656,"template":"","meta":{"_acf_changed":false,"om_disable_all_campaigns":false,"rs_blank_template":"","rs_page_bg_color":"","slide_template_v7":"","inline_featured_image":false,"_monsterinsights_skip_tracking":false,"_monsterinsights_sitenote_active":false,"_monsterinsights_sitenote_note":"","_monsterinsights_sitenote_category":0},"product_brand":[],"product_cat":[376,178],"product_tag":[],"class_list":{"0":"post-102655","1":"product","2":"type-product","3":"status-publish","4":"has-post-thumbnail","6":"product_cat-autores-psicologia-2_humanidades","7":"product_cat-autors-psicologia","9":"first","10":"instock","11":"taxable","12":"shipping-taxable","13":"purchasable","14":"product-type-simple"},"acf":{"editorial":[{"ID":6210,"post_author":"3","post_date":"2022-07-28 17:47:13","post_date_gmt":"2022-07-28 15:47:13","post_content":"","post_title":"Edicions 62","post_excerpt":"","post_status":"publish","comment_status":"closed","ping_status":"closed","post_password":"","post_name":"edicions-62","to_ping":"","pinged":"","post_modified":"2022-07-28 17:47:13","post_modified_gmt":"2022-07-28 15:47:13","post_content_filtered":"","post_parent":0,"guid":"http:\/\/dev.claret.cat\/editorial\/edicions-62\/","menu_order":0,"post_type":"editorial","post_mime_type":"","comment_count":"0","filter":"raw"}],"autor":"LIENAS, GEMMA","codart":"842977888","libros-coleccion":"FORA DE COL.LECCI\u00d3","ediciones":"1","encuadernacion":"R\u00fastica","fecha_de_publicacion":"01\/11\/2020","novedad":"1","paginas":"179","subtitulo":"AUTOBIOGRAFIA D''UNA GENERACI\u00d3 DE DONES","orden":"0","portada":"0","idioma":"cat","autores-libros":[{"ID":156676,"post_author":"3","post_date":"2022-10-14 15:22:42","post_date_gmt":"2022-10-14 13:22:42","post_content":"","post_title":"GEMMA LIENAS","post_excerpt":"","post_status":"publish","comment_status":"closed","ping_status":"closed","post_password":"","post_name":"gemma-lienas-2","to_ping":"","pinged":"","post_modified":"2022-10-14 15:22:42","post_modified_gmt":"2022-10-14 13:22:42","post_content_filtered":"","post_parent":0,"guid":"http:\/\/dev.claret.cat\/autor\/gemma-lienas-2\/","menu_order":0,"post_type":"autor","post_mime_type":"","comment_count":"0","filter":"raw"}]},"aioseo_notices":[],"_links":{"self":[{"href":"https:\/\/www.claret.cat\/es\/wp-json\/wp\/v2\/product\/102655","targetHints":{"allow":["GET"]}}],"collection":[{"href":"https:\/\/www.claret.cat\/es\/wp-json\/wp\/v2\/product"}],"about":[{"href":"https:\/\/www.claret.cat\/es\/wp-json\/wp\/v2\/types\/product"}],"wp:featuredmedia":[{"embeddable":true,"href":"https:\/\/www.claret.cat\/es\/wp-json\/wp\/v2\/media\/102656"}],"wp:attachment":[{"href":"https:\/\/www.claret.cat\/es\/wp-json\/wp\/v2\/media?parent=102655"}],"wp:term":[{"taxonomy":"product_brand","embeddable":true,"href":"https:\/\/www.claret.cat\/es\/wp-json\/wp\/v2\/product_brand?post=102655"},{"taxonomy":"product_cat","embeddable":true,"href":"https:\/\/www.claret.cat\/es\/wp-json\/wp\/v2\/product_cat?post=102655"},{"taxonomy":"product_tag","embeddable":true,"href":"https:\/\/www.claret.cat\/es\/wp-json\/wp\/v2\/product_tag?post=102655"}],"curies":[{"name":"wp","href":"https:\/\/api.w.org\/{rel}","templated":true}]}}

DRETS FRÀGILS

<p>Amb aquest assaig divulgatiu, Gemma Lienas continua donant veu a un feminisme que no vol quedar eclipsat. Des de la mirada d&#8217;una nena que va néixer a començament de la dècada dels cinquanta, que va ser dona jove durant la transició i primers anys de la democràcia, i gran a l&#8217;època dels atacs organitzats contra el feminisme, l&#8217;autora evoca la historia d&#8217;una<br />generació de dones que van lluitar perquè la igualtat entre dones i homes fos legal i real. Un llibre ple d&#8217;informació, reflexiu, serè, personal, que retrata una lluita històrica d&#8217;unes dones que com ella van haver de començar a picar pedra en un camp en el qual els camins oberts eren escadussers i que ara, ja grans, continuen en la lluita i veuen el futur una mica incert.<br />Unes pàgines que també pretenen ser memòria per a les joves, perquè no oblidin que els drets conquerits per les dones són fràgils i es poden perdre en qualsevol moment.</p>

FORA DE COL.LECCIÓ

Rústica

AUTOBIOGRAFIA D''UNA GENERACIÓ DE DONES
