{"id":102703,"date":"2022-10-12T08:24:50","date_gmt":"2022-10-12T06:24:50","guid":{"rendered":"http:\/\/dev.claret.cat\/producte\/cant-dels-mesoslo-catalan\/"},"modified":"2023-01-28T03:54:09","modified_gmt":"2023-01-28T02:54:09","slug":"cant-dels-mesoslo-catalan-9788412001754","status":"publish","type":"product","link":"https:\/\/www.claret.cat\/es\/libro\/cant-dels-mesoslo-catalan-9788412001754\/","title":{"rendered":"CANT DELS MESOS,LO CATALAN"},"content":{"rendered":"<p>&#8216;Lo cant dels mesos&#8217; s\u00f3n els dotze cants de la roda gran del temps: mirar la vida a trav\u00e9s del prisma dels dotze mesos i anar veient com canvia segons el temps que fa. El personatge principal \u00e9s la natura, i, amb ella, aix\u00f2 altre que m\u00e9s que no societat jo en diria civilitzaci\u00f3. \u00c9s tot un tema, o m\u00e9s ben dit tot un punt de mira, que a V\u00edctor Catal\u00e0 devia agradar-li perqu\u00e8 hi torna al Llibre blanc.<\/p>\n","protected":false},"excerpt":{"rendered":"<p>CATALA,VICTOR<\/p>\n","protected":false},"featured_media":102704,"template":"","meta":{"_acf_changed":false,"om_disable_all_campaigns":false,"rs_blank_template":"","rs_page_bg_color":"","slide_template_v7":"","inline_featured_image":false,"_monsterinsights_skip_tracking":false,"_monsterinsights_sitenote_active":false,"_monsterinsights_sitenote_note":"","_monsterinsights_sitenote_category":0},"product_brand":[],"product_cat":[121],"product_tag":[],"class_list":{"0":"post-102703","1":"product","2":"type-product","3":"status-publish","4":"has-post-thumbnail","6":"product_cat-poesia","8":"first","9":"instock","10":"taxable","11":"shipping-taxable","12":"purchasable","13":"product-type-simple"},"acf":{"autores-libros":[{"ID":6078,"post_author":"3","post_date":"2022-07-28 17:37:40","post_date_gmt":"2022-07-28 15:37:40","post_content":"","post_title":"V\u00cdCTOR CATAL\u00c0","post_excerpt":"","post_status":"publish","comment_status":"closed","ping_status":"closed","post_password":"","post_name":"victor-catala","to_ping":"","pinged":"","post_modified":"2022-07-28 17:37:40","post_modified_gmt":"2022-07-28 15:37:40","post_content_filtered":"","post_parent":0,"guid":"http:\/\/dev.claret.cat\/autor\/victor-catala\/","menu_order":0,"post_type":"autor","post_mime_type":"","comment_count":"0","filter":"raw"}],"editorial":[{"ID":147897,"post_author":"3","post_date":"2022-10-14 11:54:04","post_date_gmt":"2022-10-14 09:54:04","post_content":"","post_title":"EDICIONS VITEL\u00b7LA","post_excerpt":"","post_status":"publish","comment_status":"closed","ping_status":"closed","post_password":"","post_name":"edicions-vitel%c2%b7la","to_ping":"","pinged":"","post_modified":"2022-10-14 11:54:04","post_modified_gmt":"2022-10-14 09:54:04","post_content_filtered":"","post_parent":0,"guid":"http:\/\/dev.claret.cat\/editorial\/edicions-vitel%c2%b7la\/","menu_order":0,"post_type":"editorial","post_mime_type":"","comment_count":"0","filter":"raw"}],"autor":"CATALA,VICTOR","codart":"841200175","libros-coleccion":"Poesia","ediciones":"1","encuadernacion":"Carpeta","fecha_de_publicacion":"01\/03\/2020","novedad":"1","paginas":"80","subtitulo":"","orden":"0","portada":"0","idioma":"cat"},"aioseo_notices":[],"_links":{"self":[{"href":"https:\/\/www.claret.cat\/es\/wp-json\/wp\/v2\/product\/102703","targetHints":{"allow":["GET"]}}],"collection":[{"href":"https:\/\/www.claret.cat\/es\/wp-json\/wp\/v2\/product"}],"about":[{"href":"https:\/\/www.claret.cat\/es\/wp-json\/wp\/v2\/types\/product"}],"wp:featuredmedia":[{"embeddable":true,"href":"https:\/\/www.claret.cat\/es\/wp-json\/wp\/v2\/media\/102704"}],"wp:attachment":[{"href":"https:\/\/www.claret.cat\/es\/wp-json\/wp\/v2\/media?parent=102703"}],"wp:term":[{"taxonomy":"product_brand","embeddable":true,"href":"https:\/\/www.claret.cat\/es\/wp-json\/wp\/v2\/product_brand?post=102703"},{"taxonomy":"product_cat","embeddable":true,"href":"https:\/\/www.claret.cat\/es\/wp-json\/wp\/v2\/product_cat?post=102703"},{"taxonomy":"product_tag","embeddable":true,"href":"https:\/\/www.claret.cat\/es\/wp-json\/wp\/v2\/product_tag?post=102703"}],"curies":[{"name":"wp","href":"https:\/\/api.w.org\/{rel}","templated":true}]}}

<p>&#8216;Lo cant dels mesos&#8217; són els dotze cants de la roda gran del temps: mirar la vida a través del prisma dels dotze mesos i anar veient com canvia segons el temps que fa. El personatge principal és la natura, i, amb ella, això altre que més que no societat jo en diria civilització. És tot un tema, o més ben dit tot un punt de mira, que a Víctor Català devia agradar-li perquè hi torna al Llibre blanc.</p>

VÍCTOR CATALÀ
