{"id":1031714,"date":"2025-06-10T18:20:37","date_gmt":"2025-06-10T16:20:37","guid":{"rendered":"https:\/\/www.claret.cat\/llibre\/la-tierra-de-las-mujeres-9788408304463\/"},"modified":"2025-10-03T12:05:51","modified_gmt":"2025-10-03T10:05:51","slug":"la-tierra-de-las-mujeres-9788408304463","status":"publish","type":"product","link":"https:\/\/www.claret.cat\/es\/libro\/la-tierra-de-las-mujeres-9788408304463\/","title":{"rendered":"LA TIERRA DE LAS MUJERES"},"content":{"rendered":"<p>La novela que ha inspirado la serie\u00a0LA TIERRA DE LAS MUJERES\u00a0de Apple TV+, protagonizada por Eva Longoria y Carmen Maura.Descubrieron su pasado, comprendieron su presente, dibujaron su futuro.<br \/> Gala Marlborough viaja con sus dos hijas, Kate y Adele, a un peque\u00f1o pueblo del Empord\u00e0 con la \u00fanica intenci\u00f3n de cobrar la\u00a0herencia de un familiar desconocido\u00a0y retomar cuanto antes su vida en Nueva York. Ignora que esa decisi\u00f3n activar\u00e1 una perfecta, sutil y acompasada maquinaria dispuesta a\u00a0desempolvar mentiras enterradas, secretos familiares y sanar almas entregadas a la amargura del dolor.<br \/> Despu\u00e9s de\u00a0Re\u00edr al viento, su debut literario, \u00e9xito arrollador de cr\u00edtica y lectores, Sandra Barneda se confirm\u00f3 como narradora con\u00a0La Tierra de las Mujeres, su segunda novela. Un\u00a0viaje fascinante\u00a0al coraz\u00f3n de La Muga, un diminuto lugar del planeta gobernado por un\u00a0singular c\u00edrculo de ancianas de coraz\u00f3n infinito, sabedoras de que lo min\u00fasculo puede llegar a ser inconmensurable.<br \/> Reflexiva, contempor\u00e1nea, m\u00e1gica, rebelde&#8230;, una apasionada vuelta a los or\u00edgenes.<\/p>\n","protected":false},"excerpt":{"rendered":"<p>BARNEDA, SANDRA<\/p>\n","protected":false},"featured_media":1031718,"template":"","meta":{"_acf_changed":false,"om_disable_all_campaigns":false,"rs_blank_template":"","rs_page_bg_color":"","slide_template_v7":"","inline_featured_image":false,"_monsterinsights_skip_tracking":false,"_monsterinsights_sitenote_active":false,"_monsterinsights_sitenote_note":"","_monsterinsights_sitenote_category":0},"product_brand":[],"product_cat":[127,357],"product_tag":[],"class_list":{"0":"post-1031714","1":"product","2":"type-product","3":"status-publish","4":"has-post-thumbnail","6":"product_cat-novella-contemporania","7":"product_cat-novela-contemporanea","9":"first","10":"instock","11":"taxable","12":"shipping-taxable","13":"purchasable","14":"product-type-simple"},"acf":{"autor":"BARNEDA, SANDRA","codart":"840830446","libros-coleccion":"Novela","ediciones":"1","encuadernacion":"R\u00fastica","fecha_de_publicacion":"01\/06\/2025","novedad":"1","paginas":"490","subtitulo":"","orden":"0","portada":"0","idioma":"spa","booktrailer":"","resenas":"","editorial":[{"ID":6233,"post_author":"3","post_date":"2022-07-28 17:47:48","post_date_gmt":"2022-07-28 15:47:48","post_content":"","post_title":"EDITORIAL PLANETA","post_excerpt":"","post_status":"publish","comment_status":"closed","ping_status":"closed","post_password":"","post_name":"editorial-planeta","to_ping":"","pinged":"","post_modified":"2022-07-28 17:47:48","post_modified_gmt":"2022-07-28 15:47:48","post_content_filtered":"","post_parent":0,"guid":"http:\/\/dev.claret.cat\/editorial\/editorial-planeta\/","menu_order":0,"post_type":"editorial","post_mime_type":"","comment_count":"0","filter":"raw"}]},"aioseo_notices":[],"_links":{"self":[{"href":"https:\/\/www.claret.cat\/es\/wp-json\/wp\/v2\/product\/1031714","targetHints":{"allow":["GET"]}}],"collection":[{"href":"https:\/\/www.claret.cat\/es\/wp-json\/wp\/v2\/product"}],"about":[{"href":"https:\/\/www.claret.cat\/es\/wp-json\/wp\/v2\/types\/product"}],"wp:featuredmedia":[{"embeddable":true,"href":"https:\/\/www.claret.cat\/es\/wp-json\/wp\/v2\/media\/1031718"}],"wp:attachment":[{"href":"https:\/\/www.claret.cat\/es\/wp-json\/wp\/v2\/media?parent=1031714"}],"wp:term":[{"taxonomy":"product_brand","embeddable":true,"href":"https:\/\/www.claret.cat\/es\/wp-json\/wp\/v2\/product_brand?post=1031714"},{"taxonomy":"product_cat","embeddable":true,"href":"https:\/\/www.claret.cat\/es\/wp-json\/wp\/v2\/product_cat?post=1031714"},{"taxonomy":"product_tag","embeddable":true,"href":"https:\/\/www.claret.cat\/es\/wp-json\/wp\/v2\/product_tag?post=1031714"}],"curies":[{"name":"wp","href":"https:\/\/api.w.org\/{rel}","templated":true}]}}

<p>La novela que ha inspirado la serie LA TIERRA DE LAS MUJERES de Apple TV+, protagonizada por Eva Longoria y Carmen Maura.Descubrieron su pasado, comprendieron su presente, dibujaron su futuro.<br /> Gala Marlborough viaja con sus dos hijas, Kate y Adele, a un pequeño pueblo del Empordà con la única intención de cobrar la herencia de un familiar desconocido y retomar cuanto antes su vida en Nueva York. Ignora que esa decisión activará una perfecta, sutil y acompasada maquinaria dispuesta a desempolvar mentiras enterradas, secretos familiares y sanar almas entregadas a la amargura del dolor.<br /> Después de Reír al viento, su debut literario, éxito arrollador de crítica y lectores, Sandra Barneda se confirmó como narradora con La Tierra de las Mujeres, su segunda novela. Un viaje fascinante al corazón de La Muga, un diminuto lugar del planeta gobernado por un singular círculo de ancianas de corazón infinito, sabedoras de que lo minúsculo puede llegar a ser inconmensurable.<br /> Reflexiva, contemporánea, mágica, rebelde&#8230;, una apasionada vuelta a los orígenes.</p>

Rústica
