{"id":1032070,"date":"2025-06-11T11:15:50","date_gmt":"2025-06-11T09:15:50","guid":{"rendered":"https:\/\/www.claret.cat\/llibre\/himnos-liturgicos-y-otras-poesias-9788427150447\/"},"modified":"2026-01-29T10:05:19","modified_gmt":"2026-01-29T09:05:19","slug":"himnos-liturgicos-y-otras-poesias-9788427150447","status":"publish","type":"product","link":"https:\/\/www.claret.cat\/es\/libro\/himnos-liturgicos-y-otras-poesias-9788427150447\/","title":{"rendered":"HIMNOS LIT\u00daRGICOS Y OTRAS POES\u00cdAS"},"content":{"rendered":"<p><strong>La voz orante de Jos\u00e9 Luis Blanco Vega, SJ: himnos y poes\u00eda lit\u00fargica.<\/strong><\/p>\n<p> Durante a\u00f1os, sus <strong>himnos lit\u00fargicos<\/strong> se rezaron en silencio, sin firma. Hoy, finalmente, se publican con su nombre. Este libro re\u00fane los <strong>himnos de Jos\u00e9 Luis Blanco Vega, SJ<\/strong>, junto con <strong>poemas in\u00e9ditos<\/strong> que permiten descubrir m\u00e1s a fondo su <strong>voz espiritual<\/strong>, su mundo interior y su <strong>maestr\u00eda literaria<\/strong>.<\/p>\n<p>Son textos nacidos de la <strong>oraci\u00f3n<\/strong>, escritos con <strong>hondura teol\u00f3gica<\/strong>, <strong>sensibilidad po\u00e9tica<\/strong> y un lenguaje que <strong>toca el alma<\/strong>.<\/p>\n<p> Una obra que ofrece un <strong>testimonio de fe<\/strong> en forma de poes\u00eda, al servicio de quienes desean <strong>rezar con el coraz\u00f3n<\/strong> y encontrar en la <strong>liturgia<\/strong> palabras vivas, aut\u00e9nticas y llenas de sentido.<\/p>\n","protected":false},"excerpt":{"rendered":"<p>BLANCO VEGA, JOS\u00c9 LUIS<\/p>\n","protected":false},"featured_media":1078326,"template":"","meta":{"_acf_changed":false,"om_disable_all_campaigns":false,"rs_blank_template":"","rs_page_bg_color":"","slide_template_v7":"","inline_featured_image":false,"_monsterinsights_skip_tracking":false,"_monsterinsights_sitenote_active":false,"_monsterinsights_sitenote_note":"","_monsterinsights_sitenote_category":0},"product_brand":[],"product_cat":[502,257],"product_tag":[],"class_list":{"0":"post-1032070","1":"product","2":"type-product","3":"status-publish","4":"has-post-thumbnail","6":"product_cat-obras-generales-liturgia-1_espiritualidad","7":"product_cat-obres-generals-liturgia-1_espiritualitat","9":"first","10":"instock","11":"taxable","12":"shipping-taxable","13":"purchasable","14":"product-type-simple"},"acf":{"autor":"BLANCO VEGA, JOS\u00c9 LUIS","codart":"842715044","libros-coleccion":"Espiritualidad","ediciones":"1","encuadernacion":"R\u00fastica","fecha_de_publicacion":"10\/06\/2025","novedad":"1","paginas":"166","subtitulo":"Y OTRAS POES\u00cdAS","orden":"0","portada":"1","idioma":"spa","booktrailer":"","resenas":"","editorial":[{"ID":8258,"post_author":"3","post_date":"2022-09-30 09:21:32","post_date_gmt":"2022-09-30 07:21:32","post_content":"","post_title":"MENSAJERO","post_excerpt":"","post_status":"publish","comment_status":"closed","ping_status":"closed","post_password":"","post_name":"mensajero","to_ping":"","pinged":"","post_modified":"2022-09-30 09:21:32","post_modified_gmt":"2022-09-30 07:21:32","post_content_filtered":"","post_parent":0,"guid":"http:\/\/dev.claret.cat\/editorial\/mensajero\/","menu_order":0,"post_type":"editorial","post_mime_type":"","comment_count":"0","filter":"raw"}]},"aioseo_notices":[],"_links":{"self":[{"href":"https:\/\/www.claret.cat\/es\/wp-json\/wp\/v2\/product\/1032070","targetHints":{"allow":["GET"]}}],"collection":[{"href":"https:\/\/www.claret.cat\/es\/wp-json\/wp\/v2\/product"}],"about":[{"href":"https:\/\/www.claret.cat\/es\/wp-json\/wp\/v2\/types\/product"}],"wp:featuredmedia":[{"embeddable":true,"href":"https:\/\/www.claret.cat\/es\/wp-json\/wp\/v2\/media\/1078326"}],"wp:attachment":[{"href":"https:\/\/www.claret.cat\/es\/wp-json\/wp\/v2\/media?parent=1032070"}],"wp:term":[{"taxonomy":"product_brand","embeddable":true,"href":"https:\/\/www.claret.cat\/es\/wp-json\/wp\/v2\/product_brand?post=1032070"},{"taxonomy":"product_cat","embeddable":true,"href":"https:\/\/www.claret.cat\/es\/wp-json\/wp\/v2\/product_cat?post=1032070"},{"taxonomy":"product_tag","embeddable":true,"href":"https:\/\/www.claret.cat\/es\/wp-json\/wp\/v2\/product_tag?post=1032070"}],"curies":[{"name":"wp","href":"https:\/\/api.w.org\/{rel}","templated":true}]}}

HIMNOS LITÚRGICOS Y OTRAS POESÍAS

<p><strong>La voz orante de José Luis Blanco Vega, SJ: himnos y poesía litúrgica.</strong></p>
<p> Durante años, sus <strong>himnos litúrgicos</strong> se rezaron en silencio, sin firma. Hoy, finalmente, se publican con su nombre. Este libro reúne los <strong>himnos de José Luis Blanco Vega, SJ</strong>, junto con <strong>poemas inéditos</strong> que permiten descubrir más a fondo su <strong>voz espiritual</strong>, su mundo interior y su <strong>maestría literaria</strong>.</p>
<p>Son textos nacidos de la <strong>oración</strong>, escritos con <strong>hondura teológica</strong>, <strong>sensibilidad poética</strong> y un lenguaje que <strong>toca el alma</strong>.</p>
<p> Una obra que ofrece un <strong>testimonio de fe</strong> en forma de poesía, al servicio de quienes desean <strong>rezar con el corazón</strong> y encontrar en la <strong>liturgia</strong> palabras vivas, auténticas y llenas de sentido.</p>

<p>BLANCO VEGA, JOSÉ LUIS</p>

BLANCO VEGA, JOSÉ LUIS

Rústica

Y OTRAS POESÍAS
