{"id":1033360,"date":"2025-06-13T13:30:45","date_gmt":"2025-06-13T11:30:45","guid":{"rendered":"https:\/\/www.claret.cat\/llibre\/la-magia-de-las-flores-9788411722544\/"},"modified":"2025-06-13T13:36:45","modified_gmt":"2025-06-13T11:36:45","slug":"la-magia-de-las-flores-9788411722544","status":"publish","type":"product","link":"https:\/\/www.claret.cat\/es\/libro\/la-magia-de-las-flores-9788411722544\/","title":{"rendered":"LA MAGIA DE LAS FLORES"},"content":{"rendered":"<p>El poderoso simbolismo de las flores <\/p>\n<p> A veces, expresarte a trav\u00e9s de las flores es lo mejor que puedes hacer.<\/p>\n<p> Donde faltan las palabras, las flores hablan de belleza, emociones, deseo, pena y amor. <\/p>\n<p>  Este libro ilustrado presenta una colecci\u00f3n de las flores m\u00e1s bonitas, misteriosas y m\u00e1gicas que ofrece la naturaleza, adem\u00e1s de revelar su significado y transportar a los lectores a un universo hecho de colores, fragancias, secretos naturales y un potencial oculto.<\/p>\n","protected":false},"excerpt":{"rendered":"<p>MOSTACCI, ANASTASIA<\/p>\n","protected":false},"featured_media":1033361,"template":"","meta":{"_acf_changed":false,"om_disable_all_campaigns":false,"rs_blank_template":"","rs_page_bg_color":"","slide_template_v7":"","inline_featured_image":false,"_monsterinsights_skip_tracking":false,"_monsterinsights_sitenote_active":false,"_monsterinsights_sitenote_note":"","_monsterinsights_sitenote_category":0},"product_brand":[],"product_cat":[90,540],"product_tag":[],"class_list":{"0":"post-1033360","1":"product","2":"type-product","3":"status-publish","4":"has-post-thumbnail","6":"product_cat-altres","7":"product_cat-otros","9":"first","10":"instock","11":"taxable","12":"shipping-taxable","13":"purchasable","14":"product-type-simple"},"acf":{"autor":"MOSTACCI, ANASTASIA","codart":"841172254","libros-coleccion":"Espiritualidad y vida interior","ediciones":"1","encuadernacion":"Carton\u00e9","fecha_de_publicacion":"01\/06\/2025","novedad":"1","paginas":"160","subtitulo":"EL PODEROSO SIMBOLISMO DE LAS FLORES","orden":"0","portada":"0","idioma":"spa","booktrailer":"","resenas":"","editorial":[{"ID":147839,"post_author":"3","post_date":"2022-10-14 11:53:36","post_date_gmt":"2022-10-14 09:53:36","post_content":"","post_title":"EDICIONES OBELISCO","post_excerpt":"","post_status":"publish","comment_status":"closed","ping_status":"closed","post_password":"","post_name":"ediciones-obelisco","to_ping":"","pinged":"","post_modified":"2022-10-14 11:53:36","post_modified_gmt":"2022-10-14 09:53:36","post_content_filtered":"","post_parent":0,"guid":"http:\/\/dev.claret.cat\/editorial\/ediciones-obelisco\/","menu_order":0,"post_type":"editorial","post_mime_type":"","comment_count":"0","filter":"raw"}]},"aioseo_notices":[],"_links":{"self":[{"href":"https:\/\/www.claret.cat\/es\/wp-json\/wp\/v2\/product\/1033360","targetHints":{"allow":["GET"]}}],"collection":[{"href":"https:\/\/www.claret.cat\/es\/wp-json\/wp\/v2\/product"}],"about":[{"href":"https:\/\/www.claret.cat\/es\/wp-json\/wp\/v2\/types\/product"}],"wp:featuredmedia":[{"embeddable":true,"href":"https:\/\/www.claret.cat\/es\/wp-json\/wp\/v2\/media\/1033361"}],"wp:attachment":[{"href":"https:\/\/www.claret.cat\/es\/wp-json\/wp\/v2\/media?parent=1033360"}],"wp:term":[{"taxonomy":"product_brand","embeddable":true,"href":"https:\/\/www.claret.cat\/es\/wp-json\/wp\/v2\/product_brand?post=1033360"},{"taxonomy":"product_cat","embeddable":true,"href":"https:\/\/www.claret.cat\/es\/wp-json\/wp\/v2\/product_cat?post=1033360"},{"taxonomy":"product_tag","embeddable":true,"href":"https:\/\/www.claret.cat\/es\/wp-json\/wp\/v2\/product_tag?post=1033360"}],"curies":[{"name":"wp","href":"https:\/\/api.w.org\/{rel}","templated":true}]}}

<p>El poderoso simbolismo de las flores </p>
<p> A veces, expresarte a través de las flores es lo mejor que puedes hacer.</p>
<p> Donde faltan las palabras, las flores hablan de belleza, emociones, deseo, pena y amor. </p>
<p>  Este libro ilustrado presenta una colección de las flores más bonitas, misteriosas y mágicas que ofrece la naturaleza, además de revelar su significado y transportar a los lectores a un universo hecho de colores, fragancias, secretos naturales y un potencial oculto.</p>

Cartoné
