{"id":1033536,"date":"2025-06-13T16:25:34","date_gmt":"2025-06-13T14:25:34","guid":{"rendered":"https:\/\/www.claret.cat\/llibre\/anunciamos-lo-que-hemos-visto-y-oido-9788410023987\/"},"modified":"2025-07-30T14:10:51","modified_gmt":"2025-07-30T12:10:51","slug":"anunciamos-lo-que-hemos-visto-y-oido-9788410023987","status":"publish","type":"product","link":"https:\/\/www.claret.cat\/es\/libro\/anunciamos-lo-que-hemos-visto-y-oido-9788410023987\/","title":{"rendered":"ANUNCIAMOS LO QUE HEMOS VISTO Y O\u00cdDO"},"content":{"rendered":"<p>El <strong>Padre Luis M.\u00aa Mendiz\u00e1bal, SJ<\/strong> fue un referente indiscutible de la <strong>vida espiritual cristiana<\/strong>, reconocido por su magisterio en la <strong>predicaci\u00f3n<\/strong>, los <strong>Ejercicios Espirituales<\/strong> y numerosos escritos de formaci\u00f3n. Su influencia iba m\u00e1s all\u00e1 de sus textos: era un gu\u00eda cercano y pr\u00e1ctico en el trato con personas de toda condici\u00f3n \u2014<strong>sacerdotes<\/strong>, <strong>religiosas<\/strong>, <strong>matrimonios<\/strong>, <strong>novios<\/strong>, y muchos otros buscadores de Dios.<\/p>\n<p>El <strong>4 de junio de 2025<\/strong> se celebra el <strong>centenario de su nacimiento en Vergara (Guip\u00fazcoa)<\/strong>, una ocasi\u00f3n especial que dar\u00e1 lugar a diversas <strong>publicaciones conmemorativas<\/strong>.<\/p>\n<p>Este libro es una <strong>prolongaci\u00f3n viva de su magisterio espiritual<\/strong>. A partir de las <strong>oraciones fundamentales del cristiano<\/strong> y de la <strong>vida lit\u00fargica de las comunidades eclesiales<\/strong>, se han reunido aqu\u00ed textos escogidos del <strong>gran ap\u00f3stol del Coraz\u00f3n de Cristo<\/strong>, con el fin de <strong>alimentar la oraci\u00f3n personal y comunitaria<\/strong> de forma s\u00f3lida y profunda.<\/p>\n<p>Una obra esencial para quienes desean <strong>profundizar en la oraci\u00f3n<\/strong>, <strong>vivir con mayor intensidad su fe<\/strong> y conocer el legado espiritual de uno de los grandes maestros del siglo XX.<\/p>\n","protected":false},"excerpt":{"rendered":"<p>MENDIZ\u00c1BAL, LUIS MAR\u00cdA; MENDIZ\u00c1BAL, LUIS MAR\u00cdA<\/p>\n","protected":false},"featured_media":1036178,"template":"","meta":{"_acf_changed":false,"om_disable_all_campaigns":false,"rs_blank_template":"","rs_page_bg_color":"","slide_template_v7":"","inline_featured_image":false,"_monsterinsights_skip_tracking":false,"_monsterinsights_sitenote_active":false,"_monsterinsights_sitenote_note":"","_monsterinsights_sitenote_category":0},"product_brand":[],"product_cat":[244,494],"product_tag":[],"class_list":{"0":"post-1033536","1":"product","2":"type-product","3":"status-publish","4":"has-post-thumbnail","6":"product_cat-ignaciana","7":"product_cat-ignaciana-espiritualidad-1_espiritualidad","9":"first","10":"instock","11":"taxable","12":"shipping-taxable","13":"purchasable","14":"product-type-simple"},"acf":{"autor":"MENDIZ\u00c1BAL, LUIS MAR\u00cdA; MENDIZ\u00c1BAL, LUIS MAR\u00cdA","codart":"841002398","libros-coleccion":"MONTE CARMELO - FUERA DE COLECCI\u00d3N","ediciones":"1","encuadernacion":"R\u00fastica","fecha_de_publicacion":"13\/06\/2025","novedad":"1","paginas":"242","subtitulo":"","orden":"0","portada":"0","idioma":"spa","booktrailer":"","resenas":"","editorial":[{"ID":6309,"post_author":"3","post_date":"2022-07-28 17:49:25","post_date_gmt":"2022-07-28 15:49:25","post_content":"","post_title":"Monte Carmelo","post_excerpt":"","post_status":"publish","comment_status":"closed","ping_status":"closed","post_password":"","post_name":"monte-carmelo","to_ping":"","pinged":"","post_modified":"2022-07-28 17:49:25","post_modified_gmt":"2022-07-28 15:49:25","post_content_filtered":"","post_parent":0,"guid":"http:\/\/dev.claret.cat\/editorial\/monte-carmelo\/","menu_order":0,"post_type":"editorial","post_mime_type":"","comment_count":"0","filter":"raw"}]},"aioseo_notices":[],"_links":{"self":[{"href":"https:\/\/www.claret.cat\/es\/wp-json\/wp\/v2\/product\/1033536","targetHints":{"allow":["GET"]}}],"collection":[{"href":"https:\/\/www.claret.cat\/es\/wp-json\/wp\/v2\/product"}],"about":[{"href":"https:\/\/www.claret.cat\/es\/wp-json\/wp\/v2\/types\/product"}],"wp:featuredmedia":[{"embeddable":true,"href":"https:\/\/www.claret.cat\/es\/wp-json\/wp\/v2\/media\/1036178"}],"wp:attachment":[{"href":"https:\/\/www.claret.cat\/es\/wp-json\/wp\/v2\/media?parent=1033536"}],"wp:term":[{"taxonomy":"product_brand","embeddable":true,"href":"https:\/\/www.claret.cat\/es\/wp-json\/wp\/v2\/product_brand?post=1033536"},{"taxonomy":"product_cat","embeddable":true,"href":"https:\/\/www.claret.cat\/es\/wp-json\/wp\/v2\/product_cat?post=1033536"},{"taxonomy":"product_tag","embeddable":true,"href":"https:\/\/www.claret.cat\/es\/wp-json\/wp\/v2\/product_tag?post=1033536"}],"curies":[{"name":"wp","href":"https:\/\/api.w.org\/{rel}","templated":true}]}}

ANUNCIAMOS LO QUE HEMOS VISTO Y OÍDO

<p>El <strong>Padre Luis M.ª Mendizábal, SJ</strong> fue un referente indiscutible de la <strong>vida espiritual cristiana</strong>, reconocido por su magisterio en la <strong>predicación</strong>, los <strong>Ejercicios Espirituales</strong> y numerosos escritos de formación. Su influencia iba más allá de sus textos: era un guía cercano y práctico en el trato con personas de toda condición —<strong>sacerdotes</strong>, <strong>religiosas</strong>, <strong>matrimonios</strong>, <strong>novios</strong>, y muchos otros buscadores de Dios.</p>
<p>El <strong>4 de junio de 2025</strong> se celebra el <strong>centenario de su nacimiento en Vergara (Guipúzcoa)</strong>, una ocasión especial que dará lugar a diversas <strong>publicaciones conmemorativas</strong>.</p>
<p>Este libro es una <strong>prolongación viva de su magisterio espiritual</strong>. A partir de las <strong>oraciones fundamentales del cristiano</strong> y de la <strong>vida litúrgica de las comunidades eclesiales</strong>, se han reunido aquí textos escogidos del <strong>gran apóstol del Corazón de Cristo</strong>, con el fin de <strong>alimentar la oración personal y comunitaria</strong> de forma sólida y profunda.</p>
<p>Una obra esencial para quienes desean <strong>profundizar en la oración</strong>, <strong>vivir con mayor intensidad su fe</strong> y conocer el legado espiritual de uno de los grandes maestros del siglo XX.</p>

<p>MENDIZÁBAL, LUIS MARÍA; MENDIZÁBAL, LUIS MARÍA</p>

MENDIZÁBAL, LUIS MARÍA; MENDIZÁBAL, LUIS MARÍA

MONTE CARMELO - FUERA DE COLECCIÓN

Rústica
