{"id":1034,"date":"2022-07-27T15:43:25","date_gmt":"2022-07-27T13:43:25","guid":{"rendered":"http:\/\/dev.claret.cat\/producto\/la-meva-primera-comunio-9788491362159\/"},"modified":"2026-04-24T13:45:55","modified_gmt":"2026-04-24T11:45:55","slug":"la-meva-primera-comunio-9788491362159","status":"publish","type":"product","link":"https:\/\/www.claret.cat\/es\/libro\/la-meva-primera-comunio-9788491362159\/","title":{"rendered":"LA MEVA PRIMERA COMUNI\u00d3"},"content":{"rendered":"<p>Un llibre regal per les nenes i els nens que faran la Primera Comuni\u00f3. Un llibre record a on podran tenir tots els grans moments del dia de la Primera Comuni\u00f3 i de tot el cam\u00ed recorregut fins aquest dia, els missatges de Jes\u00fas, les seves oracions&#8230;<br \/>Il\u00b7lustrat per Merc\u00e8 Tous alumna de grans il\u00b7lustradors, el seu dibuix et submergeix en l\u2019acci\u00f3 de la imatge captant el missatge de la seva il\u00b7lustraci\u00f3. <br \/>Modern sense perdre l\u2019ess\u00e8ncia, ni el sentit del dia de la Primera Comuni\u00f3.<\/p>\n","protected":false},"excerpt":{"rendered":"<p>TOUS, MERC\u00c8; CODINA I FARR\u00c9S, JOSEP<\/p>\n","protected":false},"featured_media":385787,"template":"","meta":{"_acf_changed":false,"om_disable_all_campaigns":false,"rs_blank_template":"","rs_page_bg_color":"","slide_template_v7":"","inline_featured_image":false,"_monsterinsights_skip_tracking":false,"_monsterinsights_sitenote_active":false,"_monsterinsights_sitenote_note":"","_monsterinsights_sitenote_category":0},"product_brand":[],"product_cat":[581,478,219,216,312,475],"product_tag":[],"class_list":{"0":"post-1034","1":"product","2":"type-product","3":"status-publish","4":"has-post-thumbnail","6":"product_cat-editorial-claret","7":"product_cat-infantil-catequesis-1_espiritualidad","8":"product_cat-infantil-catequesi","9":"product_cat-primera-comunio-catequesi-1_espiritualitat","10":"product_cat-portada","11":"product_cat-primera-comunion","13":"first","14":"instock","15":"taxable","16":"shipping-taxable","17":"purchasable","18":"product-type-simple"},"acf":{"autor":"TOUS, MERC\u00c8; CODINA I FARR\u00c9S, JOSEP","codart":"849136215","ediciones":"1","encuadernacion":"Carton\u00e9","fecha_de_publicacion":"17\/04\/2019","novedad":"0","paginas":"48","subtitulo":"\u00c0LBUM RECORD","orden":"0","portada":"0","idioma":"cat","libros-coleccion":"","autores-libros":[{"ID":5835,"post_author":"3","post_date":"2022-07-28 17:32:30","post_date_gmt":"2022-07-28 15:32:30","post_content":"","post_title":"MERC\u00c8 TOUS","post_excerpt":"","post_status":"publish","comment_status":"closed","ping_status":"closed","post_password":"","post_name":"merce-tous","to_ping":"","pinged":"","post_modified":"2022-07-28 17:32:30","post_modified_gmt":"2022-07-28 15:32:30","post_content_filtered":"","post_parent":0,"guid":"http:\/\/dev.claret.cat\/autor\/merce-tous\/","menu_order":0,"post_type":"autor","post_mime_type":"","comment_count":"0","filter":"raw"},{"ID":5656,"post_author":"3","post_date":"2022-07-28 17:28:40","post_date_gmt":"2022-07-28 15:28:40","post_content":"","post_title":"JOSEP CODINA I FARRES","post_excerpt":"","post_status":"publish","comment_status":"closed","ping_status":"closed","post_password":"","post_name":"josep-codina-i-farres","to_ping":"","pinged":"","post_modified":"2022-07-28 17:28:40","post_modified_gmt":"2022-07-28 15:28:40","post_content_filtered":"","post_parent":0,"guid":"http:\/\/dev.claret.cat\/autor\/josep-codina-i-farres\/","menu_order":0,"post_type":"autor","post_mime_type":"","comment_count":"0","filter":"raw"}],"editorial":[{"ID":6158,"post_author":"3","post_date":"2022-07-28 17:46:08","post_date_gmt":"2022-07-28 15:46:08","post_content":"","post_title":"CLARET","post_excerpt":"","post_status":"publish","comment_status":"closed","ping_status":"closed","post_password":"","post_name":"claret","to_ping":"","pinged":"","post_modified":"2022-07-28 17:46:08","post_modified_gmt":"2022-07-28 15:46:08","post_content_filtered":"","post_parent":0,"guid":"http:\/\/dev.claret.cat\/editorial\/claret\/","menu_order":0,"post_type":"editorial","post_mime_type":"","comment_count":"0","filter":"raw"}],"booktrailer":"","linkebook":"","ficha":"849136215_1688653692.pdf","muestra":"","precioebook":"0","presentacion":"","resenas":""},"aioseo_notices":[],"_links":{"self":[{"href":"https:\/\/www.claret.cat\/es\/wp-json\/wp\/v2\/product\/1034","targetHints":{"allow":["GET"]}}],"collection":[{"href":"https:\/\/www.claret.cat\/es\/wp-json\/wp\/v2\/product"}],"about":[{"href":"https:\/\/www.claret.cat\/es\/wp-json\/wp\/v2\/types\/product"}],"wp:featuredmedia":[{"embeddable":true,"href":"https:\/\/www.claret.cat\/es\/wp-json\/wp\/v2\/media\/385787"}],"wp:attachment":[{"href":"https:\/\/www.claret.cat\/es\/wp-json\/wp\/v2\/media?parent=1034"}],"wp:term":[{"taxonomy":"product_brand","embeddable":true,"href":"https:\/\/www.claret.cat\/es\/wp-json\/wp\/v2\/product_brand?post=1034"},{"taxonomy":"product_cat","embeddable":true,"href":"https:\/\/www.claret.cat\/es\/wp-json\/wp\/v2\/product_cat?post=1034"},{"taxonomy":"product_tag","embeddable":true,"href":"https:\/\/www.claret.cat\/es\/wp-json\/wp\/v2\/product_tag?post=1034"}],"curies":[{"name":"wp","href":"https:\/\/api.w.org\/{rel}","templated":true}]}}

LA MEVA PRIMERA COMUNIÓ

<p>Un llibre regal per les nenes i els nens que faran la Primera Comunió. Un llibre record a on podran tenir tots els grans moments del dia de la Primera Comunió i de tot el camí recorregut fins aquest dia, els missatges de Jesús, les seves oracions&#8230;<br />Il·lustrat per Mercè Tous alumna de grans il·lustradors, el seu dibuix et submergeix en l’acció de la imatge captant el missatge de la seva il·lustració. <br />Modern sense perdre l’essència, ni el sentit del dia de la Primera Comunió.</p>

<p>TOUS, MERCÈ; CODINA I FARRÉS, JOSEP</p>

TOUS, MERCÈ; CODINA I FARRÉS, JOSEP

Cartoné

ÀLBUM RECORD

MERCÈ TOUS
