{"id":103597,"date":"2022-10-12T08:37:25","date_gmt":"2022-10-12T06:37:25","guid":{"rendered":"http:\/\/dev.claret.cat\/producte\/el-meu-primer-llibre-del-cosmos\/"},"modified":"2025-03-26T17:32:20","modified_gmt":"2025-03-26T16:32:20","slug":"el-meu-primer-llibre-del-cosmos-9788426146625","status":"publish","type":"product","link":"https:\/\/www.claret.cat\/es\/libro\/el-meu-primer-llibre-del-cosmos-9788426146625\/","title":{"rendered":"EL MEU PRIMER LLIBRE DEL COSMOS"},"content":{"rendered":"<p>Vine i descobreix amb l&#8221;ajuda del Dr. Albert i l&#8221;Alice qu\u00e8 \u00e9s el BIG BANG, qu\u00e8 s\u00f3n els forats negres, la mat\u00e8ria fosca, com viatjar en el temps &#8230; i moltes coses m\u00e9s!<\/p>\n<p> Est\u00e0s a punt d&#8221;emprendre un fascinant recorregut per la vida del Cosmos, des del seu naixement fins al seu possible final. En aquest llibre et desvelarem alguns dels seus misteris: com viuen i moren les estrelles, qu\u00e8 \u00e9s un exoplaneta, quantes gal\u00e0xies hi ha, qu\u00e8 \u00e9s la mat\u00e8ria fosca, per qu\u00e8 s&#8221;expandeix l&#8221;Univers, com podem viatjar a trav\u00e9s d&#8221;un forat de cuc&#8230;, i molt\u00edssimes coses m\u00e9s. Els autors de El meu primer llibre de F\u00edsica Qu\u00e0ntica i El meu primer llibre de Relativitat tornen a deixar-nos bocabadats amb aquest impressionant llibre informatiu il\u00b7lustrat sobre l&#8221;univers.<\/p>\n<p> Dr. Albert \u00e9s una col\u00b7lecci\u00f3 de llibres perfectes per a explicar q\u00fcestions aparentment complexes als nens a partir de 10 anys, de la forma m\u00e9s f\u00e0cil i divertida possible, centrant-se en l&#8221;ensenyament de la ci\u00e8ncia.<\/p>\n","protected":false},"excerpt":{"rendered":"<p>KAID-SALAH FERR\u00d3N, SHEDDAD<\/p>\n","protected":false},"featured_media":103598,"template":"","meta":{"_acf_changed":false,"om_disable_all_campaigns":false,"rs_blank_template":"","rs_page_bg_color":"","slide_template_v7":"","inline_featured_image":false,"_monsterinsights_skip_tracking":false,"_monsterinsights_sitenote_active":false,"_monsterinsights_sitenote_note":"","_monsterinsights_sitenote_category":0},"product_brand":[],"product_cat":[132,362],"product_tag":[],"class_list":{"0":"post-103597","1":"product","2":"type-product","3":"status-publish","4":"has-post-thumbnail","6":"product_cat-lectures-per-preadolescents-6-12-anys","7":"product_cat-libros-preadolescentes-6-12-anos","9":"first","10":"instock","11":"taxable","12":"shipping-taxable","13":"purchasable","14":"product-type-simple"},"acf":{"editorial":[{"ID":6226,"post_author":"3","post_date":"2022-07-28 17:47:36","post_date_gmt":"2022-07-28 15:47:36","post_content":"","post_title":"EDITORIAL JUVENTUD","post_excerpt":"","post_status":"publish","comment_status":"closed","ping_status":"closed","post_password":"","post_name":"editorial-juventud","to_ping":"","pinged":"","post_modified":"2022-07-28 17:47:36","post_modified_gmt":"2022-07-28 15:47:36","post_content_filtered":"","post_parent":0,"guid":"http:\/\/dev.claret.cat\/editorial\/editorial-juventud\/","menu_order":0,"post_type":"editorial","post_mime_type":"","comment_count":"0","filter":"raw"}],"autor":"KAID-SALAH FERR\u00d3N, SHEDDAD","codart":"842614662","libros-coleccion":"CONOCER  Y COMPRENDER","ediciones":"1","encuadernacion":"Carton\u00e9","fecha_de_publicacion":"01\/10\/2020","novedad":"1","paginas":"56","subtitulo":"","orden":"0","portada":"0","idioma":"cat","autores-libros":[{"ID":169410,"post_author":"3","post_date":"2022-10-14 22:27:00","post_date_gmt":"2022-10-14 20:27:00","post_content":"","post_title":"SHEDDAD KAID-SALAH FERR\u00d3N","post_excerpt":"","post_status":"publish","comment_status":"closed","ping_status":"closed","post_password":"","post_name":"sheddad-kaid-salah-ferron","to_ping":"","pinged":"","post_modified":"2022-10-14 22:27:00","post_modified_gmt":"2022-10-14 20:27:00","post_content_filtered":"","post_parent":0,"guid":"http:\/\/dev.claret.cat\/autor\/sheddad-kaid-salah-ferron\/","menu_order":0,"post_type":"autor","post_mime_type":"","comment_count":"0","filter":"raw"}]},"aioseo_notices":[],"_links":{"self":[{"href":"https:\/\/www.claret.cat\/es\/wp-json\/wp\/v2\/product\/103597","targetHints":{"allow":["GET"]}}],"collection":[{"href":"https:\/\/www.claret.cat\/es\/wp-json\/wp\/v2\/product"}],"about":[{"href":"https:\/\/www.claret.cat\/es\/wp-json\/wp\/v2\/types\/product"}],"wp:featuredmedia":[{"embeddable":true,"href":"https:\/\/www.claret.cat\/es\/wp-json\/wp\/v2\/media\/103598"}],"wp:attachment":[{"href":"https:\/\/www.claret.cat\/es\/wp-json\/wp\/v2\/media?parent=103597"}],"wp:term":[{"taxonomy":"product_brand","embeddable":true,"href":"https:\/\/www.claret.cat\/es\/wp-json\/wp\/v2\/product_brand?post=103597"},{"taxonomy":"product_cat","embeddable":true,"href":"https:\/\/www.claret.cat\/es\/wp-json\/wp\/v2\/product_cat?post=103597"},{"taxonomy":"product_tag","embeddable":true,"href":"https:\/\/www.claret.cat\/es\/wp-json\/wp\/v2\/product_tag?post=103597"}],"curies":[{"name":"wp","href":"https:\/\/api.w.org\/{rel}","templated":true}]}}

<p>Vine i descobreix amb l&#8221;ajuda del Dr. Albert i l&#8221;Alice què és el BIG BANG, què són els forats negres, la matèria fosca, com viatjar en el temps &#8230; i moltes coses més!</p>
<p> Estàs a punt d&#8221;emprendre un fascinant recorregut per la vida del Cosmos, des del seu naixement fins al seu possible final. En aquest llibre et desvelarem alguns dels seus misteris: com viuen i moren les estrelles, què és un exoplaneta, quantes galàxies hi ha, què és la matèria fosca, per què s&#8221;expandeix l&#8221;Univers, com podem viatjar a través d&#8221;un forat de cuc&#8230;, i moltíssimes coses més. Els autors de El meu primer llibre de Física Quàntica i El meu primer llibre de Relativitat tornen a deixar-nos bocabadats amb aquest impressionant llibre informatiu il·lustrat sobre l&#8221;univers.</p>
<p> Dr. Albert és una col·lecció de llibres perfectes per a explicar qüestions aparentment complexes als nens a partir de 10 anys, de la forma més fàcil i divertida possible, centrant-se en l&#8221;ensenyament de la ciència.</p>

<p>KAID-SALAH FERRÓN, SHEDDAD</p>

KAID-SALAH FERRÓN, SHEDDAD

Cartoné

SHEDDAD KAID-SALAH FERRÓN
