{"id":1036,"date":"2022-07-27T15:43:28","date_gmt":"2022-07-27T13:43:28","guid":{"rendered":"http:\/\/dev.claret.cat\/producto\/mi-primera-comunion-9788491362166\/"},"modified":"2026-04-24T14:28:23","modified_gmt":"2026-04-24T12:28:23","slug":"mi-primera-comunion-9788491362166","status":"publish","type":"product","link":"https:\/\/www.claret.cat\/es\/libro\/mi-primera-comunion-9788491362166\/","title":{"rendered":"MI PRIMERA COMUNI\u00d3N"},"content":{"rendered":"<p>Un libro regalo para las ni\u00f1as y los ni\u00f1os que har\u00e1n la Primera Comuni\u00f3n. Un libro recuerdo donde podr\u00e1 tener todos los grandes momentos del d\u00eda de la Primera Comuni\u00f3n y de todo el camino recorrido hasta este d\u00eda, los mensajes de Jes\u00fas, sus oraciones&#8230;<br \/>Ilustrado por Merc\u00e8 Tous, alumna de grandes ilustradores, su dibujo te sumerge en la acci\u00f3n de la imagen captando el mensaje de su ilustraci\u00f3n.<br \/>Moderno sin perder la esencia, ni el sentido del d\u00eda de la Primera Comuni\u00f3n.<\/p>\n","protected":false},"excerpt":{"rendered":"<p>TOUS, MERC\u00c8; CODINA I FARR\u00c9S, JOSEP<\/p>\n","protected":false},"featured_media":360702,"template":"","meta":{"_acf_changed":false,"om_disable_all_campaigns":false,"rs_blank_template":"","rs_page_bg_color":"","slide_template_v7":"","inline_featured_image":false,"_monsterinsights_skip_tracking":false,"_monsterinsights_sitenote_active":false,"_monsterinsights_sitenote_note":"","_monsterinsights_sitenote_category":0},"product_brand":[],"product_cat":[581,119,216,475,568,582],"product_tag":[],"class_list":{"0":"post-1036","1":"product","2":"type-product","3":"status-publish","4":"has-post-thumbnail","6":"product_cat-editorial-claret","7":"product_cat-primera-comunio","8":"product_cat-primera-comunio-catequesi-1_espiritualitat","9":"product_cat-primera-comunion","10":"product_cat-primera-comunion-1_espiritualidad-spa","11":"product_cat-portada-es","13":"first","14":"instock","15":"taxable","16":"shipping-taxable","17":"purchasable","18":"product-type-simple"},"acf":{"autor":"TOUS, MERC\u00c8; CODINA I FARR\u00c9S, JOSEP","codart":"849136216","ediciones":"1","encuadernacion":"Carton\u00e9","fecha_de_publicacion":"17\/04\/2019","novedad":"0","paginas":"48","subtitulo":"\u00c1LBUM RECUERDO","orden":"0","portada":"0","idioma":"spa","libros-coleccion":"","autores-libros":[{"ID":5835,"post_author":"3","post_date":"2022-07-28 17:32:30","post_date_gmt":"2022-07-28 15:32:30","post_content":"","post_title":"MERC\u00c8 TOUS","post_excerpt":"","post_status":"publish","comment_status":"closed","ping_status":"closed","post_password":"","post_name":"merce-tous","to_ping":"","pinged":"","post_modified":"2022-07-28 17:32:30","post_modified_gmt":"2022-07-28 15:32:30","post_content_filtered":"","post_parent":0,"guid":"http:\/\/dev.claret.cat\/autor\/merce-tous\/","menu_order":0,"post_type":"autor","post_mime_type":"","comment_count":"0","filter":"raw"},{"ID":5656,"post_author":"3","post_date":"2022-07-28 17:28:40","post_date_gmt":"2022-07-28 15:28:40","post_content":"","post_title":"JOSEP CODINA I FARRES","post_excerpt":"","post_status":"publish","comment_status":"closed","ping_status":"closed","post_password":"","post_name":"josep-codina-i-farres","to_ping":"","pinged":"","post_modified":"2022-07-28 17:28:40","post_modified_gmt":"2022-07-28 15:28:40","post_content_filtered":"","post_parent":0,"guid":"http:\/\/dev.claret.cat\/autor\/josep-codina-i-farres\/","menu_order":0,"post_type":"autor","post_mime_type":"","comment_count":"0","filter":"raw"}],"editorial":[{"ID":6158,"post_author":"3","post_date":"2022-07-28 17:46:08","post_date_gmt":"2022-07-28 15:46:08","post_content":"","post_title":"CLARET","post_excerpt":"","post_status":"publish","comment_status":"closed","ping_status":"closed","post_password":"","post_name":"claret","to_ping":"","pinged":"","post_modified":"2022-07-28 17:46:08","post_modified_gmt":"2022-07-28 15:46:08","post_content_filtered":"","post_parent":0,"guid":"http:\/\/dev.claret.cat\/editorial\/claret\/","menu_order":0,"post_type":"editorial","post_mime_type":"","comment_count":"0","filter":"raw"}],"booktrailer":"","linkebook":"","ficha":"849136216_1689069882.pdf","muestra":"","precioebook":"0","presentacion":"","resenas":"","traductores-libros":"","ilustradores-libros":"","formato":"","ebookportada":false,"recomendamos":"","mas_vendido":""},"aioseo_notices":[],"_links":{"self":[{"href":"https:\/\/www.claret.cat\/es\/wp-json\/wp\/v2\/product\/1036","targetHints":{"allow":["GET"]}}],"collection":[{"href":"https:\/\/www.claret.cat\/es\/wp-json\/wp\/v2\/product"}],"about":[{"href":"https:\/\/www.claret.cat\/es\/wp-json\/wp\/v2\/types\/product"}],"wp:featuredmedia":[{"embeddable":true,"href":"https:\/\/www.claret.cat\/es\/wp-json\/wp\/v2\/media\/360702"}],"wp:attachment":[{"href":"https:\/\/www.claret.cat\/es\/wp-json\/wp\/v2\/media?parent=1036"}],"wp:term":[{"taxonomy":"product_brand","embeddable":true,"href":"https:\/\/www.claret.cat\/es\/wp-json\/wp\/v2\/product_brand?post=1036"},{"taxonomy":"product_cat","embeddable":true,"href":"https:\/\/www.claret.cat\/es\/wp-json\/wp\/v2\/product_cat?post=1036"},{"taxonomy":"product_tag","embeddable":true,"href":"https:\/\/www.claret.cat\/es\/wp-json\/wp\/v2\/product_tag?post=1036"}],"curies":[{"name":"wp","href":"https:\/\/api.w.org\/{rel}","templated":true}]}}

MI PRIMERA COMUNIÓN

<p>Un libro regalo para las niñas y los niños que harán la Primera Comunión. Un libro recuerdo donde podrá tener todos los grandes momentos del día de la Primera Comunión y de todo el camino recorrido hasta este día, los mensajes de Jesús, sus oraciones&#8230;<br />Ilustrado por Mercè Tous, alumna de grandes ilustradores, su dibujo te sumerge en la acción de la imagen captando el mensaje de su ilustración.<br />Moderno sin perder la esencia, ni el sentido del día de la Primera Comunión.</p>

<p>TOUS, MERCÈ; CODINA I FARRÉS, JOSEP</p>

TOUS, MERCÈ; CODINA I FARRÉS, JOSEP

Cartoné

ÁLBUM RECUERDO

MERCÈ TOUS
