{"id":1036555,"date":"2025-06-30T15:55:07","date_gmt":"2025-06-30T13:55:07","guid":{"rendered":"https:\/\/www.claret.cat\/llibre\/carlo-acutis-estare-contigo-para-siempre-9788483439418\/"},"modified":"2025-07-02T12:35:28","modified_gmt":"2025-07-02T10:35:28","slug":"carlo-acutis-estare-contigo-para-siempre-9788483439418","status":"publish","type":"product","link":"https:\/\/www.claret.cat\/es\/libro\/carlo-acutis-estare-contigo-para-siempre-9788483439418\/","title":{"rendered":"CARLO ACUTIS. ESTAR\u00c9 CONTIGO PARA SIEMPRE"},"content":{"rendered":"<p>Hay j\u00f3venes que pasan por la vida dejando huella, que no se contentan con ser fotocopias y quieren vivir como originales. Entre ellos se encuentra Carlo Acutis, un joven que amaba la naturaleza y los animales, practicaba deportes con sus amigos y al que le apasionaban la inform\u00e1tica y las nuevas tecnolog\u00edas.<br \/>Desde peque\u00f1o se sinti\u00f3 atra\u00eddo por Jes\u00fas en la eucarist\u00eda y descubri\u00f3, como dec\u00eda san Juan Pablo II, que se puede ser moderno y profundamente fiel a Jesucristo.<br \/>Fue ejemplo de solidaridad con sus compa\u00f1eros,<br \/>a los que proteg\u00eda y ayudaba, y tambi\u00e9n entre los sintecho y los necesitados de su barrio.<br \/>Carlo Acutis, el ciberap\u00f3stol de la eucarist\u00eda,<br \/>un influencer de Dios.<\/p>\n","protected":false},"excerpt":{"rendered":"<p>MART\u00cdNEZ-MARKUS, SILVIA<\/p>\n","protected":false},"featured_media":1036902,"template":"","meta":{"_acf_changed":false,"om_disable_all_campaigns":false,"rs_blank_template":"","rs_page_bg_color":"","slide_template_v7":"","inline_featured_image":false,"_monsterinsights_skip_tracking":false,"_monsterinsights_sitenote_active":false,"_monsterinsights_sitenote_note":"","_monsterinsights_sitenote_category":0},"product_brand":[],"product_cat":[549,99,92,542],"product_tag":[],"class_list":{"0":"post-1036555","1":"product","2":"type-product","3":"status-publish","4":"has-post-thumbnail","6":"product_cat-biografias","7":"product_cat-biografies","8":"product_cat-vida-religiosa","9":"product_cat-vida-religiosa-1_espiritualidad-spa","11":"first","12":"instock","13":"taxable","14":"shipping-taxable","15":"purchasable","16":"product-type-simple"},"acf":{"autor":"MART\u00cdNEZ-MARKUS, SILVIA","codart":"848343941","libros-coleccion":"","ediciones":"1","encuadernacion":"R\u00fastica","fecha_de_publicacion":"01\/09\/2023","novedad":"0","paginas":"192","subtitulo":"","orden":"0","portada":"0","idioma":"spa","booktrailer":"","resenas":"","editorial":[{"ID":147518,"post_author":"3","post_date":"2022-10-14 11:51:11","post_date_gmt":"2022-10-14 09:51:11","post_content":"","post_title":"BAMB\u00da","post_excerpt":"","post_status":"publish","comment_status":"closed","ping_status":"closed","post_password":"","post_name":"bambu","to_ping":"","pinged":"","post_modified":"2022-10-14 11:51:11","post_modified_gmt":"2022-10-14 09:51:11","post_content_filtered":"","post_parent":0,"guid":"http:\/\/dev.claret.cat\/editorial\/bambu\/","menu_order":0,"post_type":"editorial","post_mime_type":"","comment_count":"0","filter":"raw"}]},"aioseo_notices":[],"_links":{"self":[{"href":"https:\/\/www.claret.cat\/es\/wp-json\/wp\/v2\/product\/1036555","targetHints":{"allow":["GET"]}}],"collection":[{"href":"https:\/\/www.claret.cat\/es\/wp-json\/wp\/v2\/product"}],"about":[{"href":"https:\/\/www.claret.cat\/es\/wp-json\/wp\/v2\/types\/product"}],"wp:featuredmedia":[{"embeddable":true,"href":"https:\/\/www.claret.cat\/es\/wp-json\/wp\/v2\/media\/1036902"}],"wp:attachment":[{"href":"https:\/\/www.claret.cat\/es\/wp-json\/wp\/v2\/media?parent=1036555"}],"wp:term":[{"taxonomy":"product_brand","embeddable":true,"href":"https:\/\/www.claret.cat\/es\/wp-json\/wp\/v2\/product_brand?post=1036555"},{"taxonomy":"product_cat","embeddable":true,"href":"https:\/\/www.claret.cat\/es\/wp-json\/wp\/v2\/product_cat?post=1036555"},{"taxonomy":"product_tag","embeddable":true,"href":"https:\/\/www.claret.cat\/es\/wp-json\/wp\/v2\/product_tag?post=1036555"}],"curies":[{"name":"wp","href":"https:\/\/api.w.org\/{rel}","templated":true}]}}

CARLO ACUTIS. ESTARÉ CONTIGO PARA SIEMPRE

<p>Hay jóvenes que pasan por la vida dejando huella, que no se contentan con ser fotocopias y quieren vivir como originales. Entre ellos se encuentra Carlo Acutis, un joven que amaba la naturaleza y los animales, practicaba deportes con sus amigos y al que le apasionaban la informática y las nuevas tecnologías.<br />Desde pequeño se sintió atraído por Jesús en la eucaristía y descubrió, como decía san Juan Pablo II, que se puede ser moderno y profundamente fiel a Jesucristo.<br />Fue ejemplo de solidaridad con sus compañeros,<br />a los que protegía y ayudaba, y también entre los sintecho y los necesitados de su barrio.<br />Carlo Acutis, el ciberapóstol de la eucaristía,<br />un influencer de Dios.</p>

<p>MARTÍNEZ-MARKUS, SILVIA</p>

MARTÍNEZ-MARKUS, SILVIA

Rústica

BAMBÚ
