{"id":1038534,"date":"2025-07-03T16:05:30","date_gmt":"2025-07-03T14:05:30","guid":{"rendered":"https:\/\/www.claret.cat\/llibre\/el-corazon-de-jesus-esta-contigo-9788412480962\/"},"modified":"2025-07-03T16:05:49","modified_gmt":"2025-07-03T14:05:49","slug":"el-corazon-de-jesus-esta-contigo-9788412480962","status":"publish","type":"product","link":"https:\/\/www.claret.cat\/es\/libro\/el-corazon-de-jesus-esta-contigo-9788412480962\/","title":{"rendered":"EL CORAZ\u00d3N DE JES\u00daS EST\u00c1 CONTIGO"},"content":{"rendered":"","protected":false},"excerpt":{"rendered":"<p>VV.AA<\/p>\n","protected":false},"featured_media":1038535,"template":"","meta":{"_acf_changed":false,"om_disable_all_campaigns":false,"rs_blank_template":"","rs_page_bg_color":"","slide_template_v7":"","inline_featured_image":false,"_monsterinsights_skip_tracking":false,"_monsterinsights_sitenote_active":false,"_monsterinsights_sitenote_note":"","_monsterinsights_sitenote_category":0},"product_brand":[],"product_cat":[487,234,496,246],"product_tag":[],"class_list":{"0":"post-1038534","1":"product","2":"type-product","3":"status-publish","4":"has-post-thumbnail","6":"product_cat-cristocentrica-espiritualidad-1_espiritualidad","7":"product_cat-cristocentrica","8":"product_cat-devocionarios","9":"product_cat-devocionaris","11":"first","12":"instock","13":"taxable","14":"shipping-taxable","15":"purchasable","16":"product-type-simple"},"acf":{"autor":"VV.AA","codart":"841248096","libros-coleccion":"FORA DE COL.LECCI\u00d3","ediciones":"1","encuadernacion":"R\u00fastica","fecha_de_publicacion":"01\/06\/2025","novedad":"1","paginas":"122","subtitulo":"","orden":"0","portada":"0","idioma":"spa","booktrailer":"","resenas":"","editorial":[{"ID":147814,"post_author":"3","post_date":"2022-10-14 11:53:25","post_date_gmt":"2022-10-14 09:53:25","post_content":"","post_title":"Ediciones Humanidades","post_excerpt":"","post_status":"publish","comment_status":"closed","ping_status":"closed","post_password":"","post_name":"ediciones-humanidades","to_ping":"","pinged":"","post_modified":"2022-10-14 11:53:25","post_modified_gmt":"2022-10-14 09:53:25","post_content_filtered":"","post_parent":0,"guid":"http:\/\/dev.claret.cat\/editorial\/ediciones-humanidades\/","menu_order":0,"post_type":"editorial","post_mime_type":"","comment_count":"0","filter":"raw"}]},"aioseo_notices":[],"_links":{"self":[{"href":"https:\/\/www.claret.cat\/es\/wp-json\/wp\/v2\/product\/1038534","targetHints":{"allow":["GET"]}}],"collection":[{"href":"https:\/\/www.claret.cat\/es\/wp-json\/wp\/v2\/product"}],"about":[{"href":"https:\/\/www.claret.cat\/es\/wp-json\/wp\/v2\/types\/product"}],"wp:featuredmedia":[{"embeddable":true,"href":"https:\/\/www.claret.cat\/es\/wp-json\/wp\/v2\/media\/1038535"}],"wp:attachment":[{"href":"https:\/\/www.claret.cat\/es\/wp-json\/wp\/v2\/media?parent=1038534"}],"wp:term":[{"taxonomy":"product_brand","embeddable":true,"href":"https:\/\/www.claret.cat\/es\/wp-json\/wp\/v2\/product_brand?post=1038534"},{"taxonomy":"product_cat","embeddable":true,"href":"https:\/\/www.claret.cat\/es\/wp-json\/wp\/v2\/product_cat?post=1038534"},{"taxonomy":"product_tag","embeddable":true,"href":"https:\/\/www.claret.cat\/es\/wp-json\/wp\/v2\/product_tag?post=1038534"}],"curies":[{"name":"wp","href":"https:\/\/api.w.org\/{rel}","templated":true}]}}

EL CORAZÓN DE JESÚS ESTÁ CONTIGO

FORA DE COL.LECCIÓ

Rústica
