{"id":104036,"date":"2022-10-12T08:43:39","date_gmt":"2022-10-12T06:43:39","guid":{"rendered":"http:\/\/dev.claret.cat\/producte\/el-mundo-de-indy-la-epidemia-de-bullying\/"},"modified":"2023-01-28T06:14:19","modified_gmt":"2023-01-28T05:14:19","slug":"el-mundo-de-indy-la-epidemia-de-bullying-9788408233077","status":"publish","type":"product","link":"https:\/\/www.claret.cat\/es\/libro\/el-mundo-de-indy-la-epidemia-de-bullying-9788408233077\/","title":{"rendered":"EL MUNDO DE INDY. LA EPIDEMIA DE BULLYING"},"content":{"rendered":"<p>El mundo de Indy es perfecto: tiene un mont\u00f3n de amigas y amigos, se divierte con su gran pasi\u00f3n, la gimnasia r\u00edtmica, y colgando v\u00eddeos en su canal de YouTube&#8230; \u00a1Todo es genial!<br \/> Hasta que un d\u00eda, sin que sepa la raz\u00f3n, todo se empieza a torcer: sus amigas le dan la espalda y se empiezan a burlar de ella, no para de recibir comentarios de haters en sus redes y encima&#8230; \u00a1sus compa\u00f1eras hacen que se lesione entrenando!<br \/> \u00bfQu\u00e9 puede estar pasando?<br \/> Esa misma noche se le aparece en sue\u00f1os una ni\u00f1a misteriosa que le entrega un amuleto con poderes m\u00e1gicos. Al d\u00eda siguiente, todo parece haber vuelto a la normalidad para ella, pero no para de ver injusticias a su alrededor: una epidemia de bullying se est\u00e1 extendiendo por todos los rincones del planeta, \u00a1y solo ella puede detenerla con la ayuda de sus amigas!<\/p>\n","protected":false},"excerpt":{"rendered":"<p>EL MUNDO DE INDY<\/p>\n","protected":false},"featured_media":104037,"template":"","meta":{"_acf_changed":false,"om_disable_all_campaigns":false,"rs_blank_template":"","rs_page_bg_color":"","slide_template_v7":"","inline_featured_image":false,"_monsterinsights_skip_tracking":false,"_monsterinsights_sitenote_active":false,"_monsterinsights_sitenote_note":"","_monsterinsights_sitenote_category":0},"product_brand":[],"product_cat":[132],"product_tag":[],"class_list":{"0":"post-104036","1":"product","2":"type-product","3":"status-publish","4":"has-post-thumbnail","6":"product_cat-lectures-per-preadolescents-6-12-anys","8":"first","9":"instock","10":"taxable","11":"shipping-taxable","12":"purchasable","13":"product-type-simple"},"acf":{"editorial":[{"ID":6233,"post_author":"3","post_date":"2022-07-28 17:47:48","post_date_gmt":"2022-07-28 15:47:48","post_content":"","post_title":"EDITORIAL PLANETA","post_excerpt":"","post_status":"publish","comment_status":"closed","ping_status":"closed","post_password":"","post_name":"editorial-planeta","to_ping":"","pinged":"","post_modified":"2022-07-28 17:47:48","post_modified_gmt":"2022-07-28 15:47:48","post_content_filtered":"","post_parent":0,"guid":"http:\/\/dev.claret.cat\/editorial\/editorial-planeta\/","menu_order":0,"post_type":"editorial","post_mime_type":"","comment_count":"0","filter":"raw"}],"autores-libros":[{"ID":154682,"post_author":"3","post_date":"2022-10-14 15:06:46","post_date_gmt":"2022-10-14 13:06:46","post_content":"","post_title":"EL MUNDO DE INDY","post_excerpt":"","post_status":"publish","comment_status":"closed","ping_status":"closed","post_password":"","post_name":"el-mundo-de-indy","to_ping":"","pinged":"","post_modified":"2022-10-14 15:06:46","post_modified_gmt":"2022-10-14 13:06:46","post_content_filtered":"","post_parent":0,"guid":"http:\/\/dev.claret.cat\/autor\/el-mundo-de-indy\/","menu_order":0,"post_type":"autor","post_mime_type":"","comment_count":"0","filter":"raw"}],"autor":"EL MUNDO DE INDY","codart":"840823307","libros-coleccion":"Youtubers infantiles","ediciones":"1","encuadernacion":"Carton\u00e9","fecha_de_publicacion":"01\/10\/2020","novedad":"1","paginas":"142","subtitulo":"","orden":"0","portada":"0","idioma":"spa"},"aioseo_notices":[],"_links":{"self":[{"href":"https:\/\/www.claret.cat\/es\/wp-json\/wp\/v2\/product\/104036","targetHints":{"allow":["GET"]}}],"collection":[{"href":"https:\/\/www.claret.cat\/es\/wp-json\/wp\/v2\/product"}],"about":[{"href":"https:\/\/www.claret.cat\/es\/wp-json\/wp\/v2\/types\/product"}],"wp:featuredmedia":[{"embeddable":true,"href":"https:\/\/www.claret.cat\/es\/wp-json\/wp\/v2\/media\/104037"}],"wp:attachment":[{"href":"https:\/\/www.claret.cat\/es\/wp-json\/wp\/v2\/media?parent=104036"}],"wp:term":[{"taxonomy":"product_brand","embeddable":true,"href":"https:\/\/www.claret.cat\/es\/wp-json\/wp\/v2\/product_brand?post=104036"},{"taxonomy":"product_cat","embeddable":true,"href":"https:\/\/www.claret.cat\/es\/wp-json\/wp\/v2\/product_cat?post=104036"},{"taxonomy":"product_tag","embeddable":true,"href":"https:\/\/www.claret.cat\/es\/wp-json\/wp\/v2\/product_tag?post=104036"}],"curies":[{"name":"wp","href":"https:\/\/api.w.org\/{rel}","templated":true}]}}

<p>El mundo de Indy es perfecto: tiene un montón de amigas y amigos, se divierte con su gran pasión, la gimnasia rítmica, y colgando vídeos en su canal de YouTube&#8230; ¡Todo es genial!<br /> Hasta que un día, sin que sepa la razón, todo se empieza a torcer: sus amigas le dan la espalda y se empiezan a burlar de ella, no para de recibir comentarios de haters en sus redes y encima&#8230; ¡sus compañeras hacen que se lesione entrenando!<br /> ¿Qué puede estar pasando?<br /> Esa misma noche se le aparece en sueños una niña misteriosa que le entrega un amuleto con poderes mágicos. Al día siguiente, todo parece haber vuelto a la normalidad para ella, pero no para de ver injusticias a su alrededor: una epidemia de bullying se está extendiendo por todos los rincones del planeta, ¡y solo ella puede detenerla con la ayuda de sus amigas!</p>

Cartoné
