{"id":10421,"date":"2022-09-30T19:52:11","date_gmt":"2022-09-30T17:52:11","guid":{"rendered":"http:\/\/dev.claret.cat\/producte\/los-salmos-y-los-canticos-de-laudes-y-visperas-semana-ii\/"},"modified":"2024-05-23T12:27:35","modified_gmt":"2024-05-23T10:27:35","slug":"los-salmos-y-los-canticos-de-laudes-y-visperas-semana-ii-9788481698206","status":"publish","type":"product","link":"https:\/\/www.claret.cat\/es\/libro\/los-salmos-y-los-canticos-de-laudes-y-visperas-semana-ii-9788481698206\/","title":{"rendered":"LOS SALMOS Y LOS C\u00c1NTICOS DE LAUDES Y V\u00cdSPERAS SEMANA II"},"content":{"rendered":"<p>Volumen de la serie \u00abLectio divina para la vida diaria\u00bb dedicado a los salmos y los c\u00e1nticos de laudes y v\u00edsperas (Semana II).<br \/>Las obras de la serie \u00abLectio divina para la vida diaria\u00bb pretende sugerir un itinerario de lectio a partir de los textos m\u00e1s le\u00eddos y orados por la comunidad cristiana y por la Tradici\u00f3n viva de la Iglesia.<br \/>El lector tiene en sus manos un nuevo instrumento que le ayudar\u00e1 a alcanzar una familiaridad orante con la Palabra de Dios, siguiendo un m\u00e9todo bien probado y apreciado, y con la colaboraci\u00f3n de autores de diferentes dotes y sensibilidades.<\/p>\n","protected":false},"excerpt":{"rendered":"<p>ZEVINI, GIORGIO; CABRA, P<\/p>\n","protected":false},"featured_media":371973,"template":"","meta":{"_acf_changed":false,"om_disable_all_campaigns":false,"rs_blank_template":"","rs_page_bg_color":"","slide_template_v7":"","inline_featured_image":false,"_monsterinsights_skip_tracking":false,"_monsterinsights_sitenote_active":false,"_monsterinsights_sitenote_note":"","_monsterinsights_sitenote_category":0},"product_brand":[],"product_cat":[253,399,499,251,497,248,396,247],"product_tag":[],"class_list":{"0":"post-10421","1":"product","2":"type-product","3":"status-publish","4":"has-post-thumbnail","6":"product_cat-any-liturgic","7":"product_cat-any-liturgic-liturgia-1_espiritualidad","8":"product_cat-de-las-horas","9":"product_cat-de-les-hores","10":"product_cat-meditaciones","11":"product_cat-meditacions","12":"product_cat-oracion","13":"product_cat-pregaria","15":"first","16":"instock","17":"taxable","18":"shipping-taxable","19":"purchasable","20":"product-type-simple"},"acf":{"autor":"ZEVINI, GIORGIO; CABRA, P","codart":"848169820","libros-coleccion":"Lectio Divina","ediciones":"1","encuadernacion":"R\u00fastica","fecha_de_publicacion":"01\/07\/2008","novedad":"0","paginas":"352","subtitulo":"LECTIO DIVINA PARA LA VIDA DIARIA","orden":"999","portada":"0","idioma":"spa","editorial":[{"ID":6390,"post_author":"3","post_date":"2022-07-28 17:51:08","post_date_gmt":"2022-07-28 15:51:08","post_content":"","post_title":"VERBO DIVINO","post_excerpt":"","post_status":"publish","comment_status":"closed","ping_status":"closed","post_password":"","post_name":"verbo-divino","to_ping":"","pinged":"","post_modified":"2022-07-28 17:51:08","post_modified_gmt":"2022-07-28 15:51:08","post_content_filtered":"","post_parent":0,"guid":"http:\/\/dev.claret.cat\/editorial\/verbo-divino\/","menu_order":0,"post_type":"editorial","post_mime_type":"","comment_count":"0","filter":"raw"}],"autores-libros":[{"ID":156923,"post_author":"3","post_date":"2022-10-14 15:24:43","post_date_gmt":"2022-10-14 13:24:43","post_content":"","post_title":"GIORGIO (ed) ZEVINI","post_excerpt":"","post_status":"publish","comment_status":"closed","ping_status":"closed","post_password":"","post_name":"giorgio-ed-zevini","to_ping":"","pinged":"","post_modified":"2022-10-14 15:24:43","post_modified_gmt":"2022-10-14 13:24:43","post_content_filtered":"","post_parent":0,"guid":"http:\/\/dev.claret.cat\/autor\/giorgio-ed-zevini\/","menu_order":0,"post_type":"autor","post_mime_type":"","comment_count":"0","filter":"raw"},{"ID":167227,"post_author":"3","post_date":"2022-10-14 18:09:32","post_date_gmt":"2022-10-14 16:09:32","post_content":"","post_title":"PIER GIORDANO (ed) CABRA","post_excerpt":"","post_status":"publish","comment_status":"closed","ping_status":"closed","post_password":"","post_name":"pier-giordano-ed-cabra","to_ping":"","pinged":"","post_modified":"2022-10-14 18:09:32","post_modified_gmt":"2022-10-14 16:09:32","post_content_filtered":"","post_parent":0,"guid":"http:\/\/dev.claret.cat\/autor\/pier-giordano-ed-cabra\/","menu_order":0,"post_type":"autor","post_mime_type":"","comment_count":"0","filter":"raw"}]},"aioseo_notices":[],"_links":{"self":[{"href":"https:\/\/www.claret.cat\/es\/wp-json\/wp\/v2\/product\/10421","targetHints":{"allow":["GET"]}}],"collection":[{"href":"https:\/\/www.claret.cat\/es\/wp-json\/wp\/v2\/product"}],"about":[{"href":"https:\/\/www.claret.cat\/es\/wp-json\/wp\/v2\/types\/product"}],"wp:featuredmedia":[{"embeddable":true,"href":"https:\/\/www.claret.cat\/es\/wp-json\/wp\/v2\/media\/371973"}],"wp:attachment":[{"href":"https:\/\/www.claret.cat\/es\/wp-json\/wp\/v2\/media?parent=10421"}],"wp:term":[{"taxonomy":"product_brand","embeddable":true,"href":"https:\/\/www.claret.cat\/es\/wp-json\/wp\/v2\/product_brand?post=10421"},{"taxonomy":"product_cat","embeddable":true,"href":"https:\/\/www.claret.cat\/es\/wp-json\/wp\/v2\/product_cat?post=10421"},{"taxonomy":"product_tag","embeddable":true,"href":"https:\/\/www.claret.cat\/es\/wp-json\/wp\/v2\/product_tag?post=10421"}],"curies":[{"name":"wp","href":"https:\/\/api.w.org\/{rel}","templated":true}]}}

LOS SALMOS Y LOS CÁNTICOS DE LAUDES Y VÍSPERAS SEMANA II

<p>Volumen de la serie «Lectio divina para la vida diaria» dedicado a los salmos y los cánticos de laudes y vísperas (Semana II).<br />Las obras de la serie «Lectio divina para la vida diaria» pretende sugerir un itinerario de lectio a partir de los textos más leídos y orados por la comunidad cristiana y por la Tradición viva de la Iglesia.<br />El lector tiene en sus manos un nuevo instrumento que le ayudará a alcanzar una familiaridad orante con la Palabra de Dios, siguiendo un método bien probado y apreciado, y con la colaboración de autores de diferentes dotes y sensibilidades.</p>

Rústica
