{"id":104439,"date":"2022-10-12T08:49:18","date_gmt":"2022-10-12T06:49:18","guid":{"rendered":"http:\/\/dev.claret.cat\/producte\/tabor-el-dios-oculto-en-la-experiencia\/"},"modified":"2026-04-01T16:25:32","modified_gmt":"2026-04-01T14:25:32","slug":"tabor-el-dios-oculto-en-la-experiencia-9788429329988","status":"publish","type":"product","link":"https:\/\/www.claret.cat\/es\/libro\/tabor-el-dios-oculto-en-la-experiencia-9788429329988\/","title":{"rendered":"TABOR. EL DIOS OCULTO EN LA EXPERIENCIA"},"content":{"rendered":"<p>En una sociedad que reclama vivencias, la espiritualidad recupera su protagonismo. Y eso  obliga a repensar la pastoral. No es ni un fen\u00f3meno nuevo ni una moda pasajera. El encuentro con un Dios que se acerca a la humanidad es el n\u00facleo de la fe cristiana. Un Dios dif\u00edcil de conocer que, sin embargo, se autocomunica.<\/p>\n<p> Tabor es la monta\u00f1a donde Jes\u00fas se transfigura y muestra su aut\u00e9ntica identidad. Una escena que sirve para analizar el sentido de la experiencia espiritual, su necesidad, exigencias, oportunidad y riesgos.<\/p>\n","protected":false},"excerpt":{"rendered":"<p>OT\u00d3N, JOSEP<\/p>\n","protected":false},"featured_media":373841,"template":"","meta":{"_acf_changed":false,"om_disable_all_campaigns":false,"rs_blank_template":"","rs_page_bg_color":"","slide_template_v7":"","inline_featured_image":false,"_monsterinsights_skip_tracking":false,"_monsterinsights_sitenote_active":false,"_monsterinsights_sitenote_note":"","_monsterinsights_sitenote_category":0},"product_brand":[],"product_cat":[90,540],"product_tag":[],"class_list":{"0":"post-104439","1":"product","2":"type-product","3":"status-publish","4":"has-post-thumbnail","6":"product_cat-altres","7":"product_cat-otros","9":"first","10":"instock","11":"taxable","12":"shipping-taxable","13":"purchasable","14":"product-type-simple"},"acf":{"editorial":[{"ID":6351,"post_author":"3","post_date":"2022-07-28 17:50:19","post_date_gmt":"2022-07-28 15:50:19","post_content":"","post_title":"Sal Terrae","post_excerpt":"","post_status":"publish","comment_status":"closed","ping_status":"closed","post_password":"","post_name":"sal-terrae","to_ping":"","pinged":"","post_modified":"2022-07-28 17:50:19","post_modified_gmt":"2022-07-28 15:50:19","post_content_filtered":"","post_parent":0,"guid":"http:\/\/dev.claret.cat\/editorial\/sal-terrae\/","menu_order":0,"post_type":"editorial","post_mime_type":"","comment_count":"0","filter":"raw"}],"autores-libros":[{"ID":5668,"post_author":"3","post_date":"2022-07-28 17:28:55","post_date_gmt":"2022-07-28 15:28:55","post_content":"","post_title":"JOSEP OT\u00d3N","post_excerpt":"","post_status":"publish","comment_status":"closed","ping_status":"closed","post_password":"","post_name":"josep-oton","to_ping":"","pinged":"","post_modified":"2022-07-28 17:28:55","post_modified_gmt":"2022-07-28 15:28:55","post_content_filtered":"","post_parent":0,"guid":"http:\/\/dev.claret.cat\/autor\/josep-oton\/","menu_order":0,"post_type":"autor","post_mime_type":"","comment_count":"0","filter":"raw"}],"autor":"OT\u00d3N, JOSEP","codart":"842932998","libros-coleccion":"Pozo de Siquen","ediciones":"1","encuadernacion":"R\u00fastica","fecha_de_publicacion":"13\/10\/2020","novedad":"1","paginas":"192","subtitulo":"EL DIOS OCULTO EN LA EXPERIENCIA","orden":"0","portada":"0","idioma":"spa","booktrailer":"","resenas":""},"aioseo_notices":[],"_links":{"self":[{"href":"https:\/\/www.claret.cat\/es\/wp-json\/wp\/v2\/product\/104439","targetHints":{"allow":["GET"]}}],"collection":[{"href":"https:\/\/www.claret.cat\/es\/wp-json\/wp\/v2\/product"}],"about":[{"href":"https:\/\/www.claret.cat\/es\/wp-json\/wp\/v2\/types\/product"}],"wp:featuredmedia":[{"embeddable":true,"href":"https:\/\/www.claret.cat\/es\/wp-json\/wp\/v2\/media\/373841"}],"wp:attachment":[{"href":"https:\/\/www.claret.cat\/es\/wp-json\/wp\/v2\/media?parent=104439"}],"wp:term":[{"taxonomy":"product_brand","embeddable":true,"href":"https:\/\/www.claret.cat\/es\/wp-json\/wp\/v2\/product_brand?post=104439"},{"taxonomy":"product_cat","embeddable":true,"href":"https:\/\/www.claret.cat\/es\/wp-json\/wp\/v2\/product_cat?post=104439"},{"taxonomy":"product_tag","embeddable":true,"href":"https:\/\/www.claret.cat\/es\/wp-json\/wp\/v2\/product_tag?post=104439"}],"curies":[{"name":"wp","href":"https:\/\/api.w.org\/{rel}","templated":true}]}}

<p>En una sociedad que reclama vivencias, la espiritualidad recupera su protagonismo. Y eso  obliga a repensar la pastoral. No es ni un fenómeno nuevo ni una moda pasajera. El encuentro con un Dios que se acerca a la humanidad es el núcleo de la fe cristiana. Un Dios difícil de conocer que, sin embargo, se autocomunica.</p>
<p> Tabor es la montaña donde Jesús se transfigura y muestra su auténtica identidad. Una escena que sirve para analizar el sentido de la experiencia espiritual, su necesidad, exigencias, oportunidad y riesgos.</p>

<p>OTÓN, JOSEP</p>

JOSEP OTÓN

OTÓN, JOSEP

Rústica
