{"id":1045102,"date":"2025-07-08T17:00:06","date_gmt":"2025-07-08T15:00:06","guid":{"rendered":"https:\/\/www.claret.cat\/llibre\/em-sembla-que-no-en-tindre-9788412991550\/"},"modified":"2025-07-09T23:25:33","modified_gmt":"2025-07-09T21:25:33","slug":"em-sembla-que-no-en-tindre-9788412991550","status":"publish","type":"product","link":"https:\/\/www.claret.cat\/es\/libro\/em-sembla-que-no-en-tindre-9788412991550\/","title":{"rendered":"EM SEMBLA QUE NO EN TINDR\u00c9"},"content":{"rendered":"<p>Aquest llibre trenca el silenci entorn la no maternitat a trav\u00e9s de<strong> cinc hist\u00f2ries \u00edntimes i sinceres<\/strong> de dones que expliquen, sense embuts, les seves raons per no ser mares. Amb valentia i profunditat, aquestes veus comparteixen les pressions socials, culturals i familiars que hi han hagut d&#8217;afrontar per no encaixar en el model tradicional de la maternitat, aix\u00ed com les dificultats i els estigmes que sovint comporta aquesta decisi\u00f3. <\/p>\n<p>Partint de la mateixa experi\u00e8ncia personal de l&#8217;autora i enriquit amb<strong> entrevistes a altres dones<\/strong> que, com ella, no s\u00f3n ni seran mares, el llibre ens fa reflexionar <strong>sobre la diversitat de les eleccions femenines<\/strong> i el <strong>respecte a la llibertat individual.<\/strong> Les hist\u00f2ries es complementen amb dibuixos bells i realistes que aporten una dimensi\u00f3 visual emotiva i honesta, fent d&#8217;aquest un testimoni in\u00e8dit i necessari en el panorama literari actual. <\/p>\n<p>Un relat valent i esperan\u00e7ador que convida a q\u00fcestionar les expectatives socials i a entendre la complexitat i la pluralitat de les experi\u00e8ncies de vida.<\/p>\n<p><strong class='ql-size-large'>LLIBRE RECOMANAT: <\/strong><a href='http:\/\/claret.cat\/llibre\/mammalia-9788412782479\/?c=' rel='noopener noreferrer' target='_blank' class='ql-size-large'><strong><em>Mamm\u00e0lia<\/em>, d&#8217;Elisenda Solsona<\/strong><\/a><\/p>\n","protected":false},"excerpt":{"rendered":"<p>GAUTHIER, CATHERINE<\/p>\n","protected":false},"featured_media":1045856,"template":"","meta":{"_acf_changed":false,"om_disable_all_campaigns":false,"rs_blank_template":"","rs_page_bg_color":"","slide_template_v7":"","inline_featured_image":false,"_monsterinsights_skip_tracking":false,"_monsterinsights_sitenote_active":false,"_monsterinsights_sitenote_note":"","_monsterinsights_sitenote_category":0},"product_brand":[],"product_cat":[108,558],"product_tag":[],"class_list":{"0":"post-1045102","1":"product","2":"type-product","3":"status-publish","4":"has-post-thumbnail","6":"product_cat-comic","7":"product_cat-comic-3_infantil-juvenil-spa-spa","9":"first","10":"instock","11":"taxable","12":"shipping-taxable","13":"purchasable","14":"product-type-simple"},"acf":{"autor":"GAUTHIER, CATHERINE","codart":"841299155","libros-coleccion":"FORA DE COL.LECCI\u00d3","ediciones":"1","encuadernacion":"R\u00fastica","fecha_de_publicacion":"01\/06\/2025","novedad":"1","paginas":"131","subtitulo":"","orden":"0","portada":"0","idioma":"cat","booktrailer":"","resenas":"","editorial":[{"ID":148216,"post_author":"3","post_date":"2022-10-14 11:56:32","post_date_gmt":"2022-10-14 09:56:32","post_content":"","post_title":"Godall Edicions SL","post_excerpt":"","post_status":"publish","comment_status":"closed","ping_status":"closed","post_password":"","post_name":"godall-edicions-sl","to_ping":"","pinged":"","post_modified":"2022-10-14 11:56:32","post_modified_gmt":"2022-10-14 09:56:32","post_content_filtered":"","post_parent":0,"guid":"http:\/\/dev.claret.cat\/editorial\/godall-edicions-sl\/","menu_order":0,"post_type":"editorial","post_mime_type":"","comment_count":"0","filter":"raw"}],"linkebook":"","ficha":"","muestra":"","precioebook":"0","presentacion":""},"aioseo_notices":[],"_links":{"self":[{"href":"https:\/\/www.claret.cat\/es\/wp-json\/wp\/v2\/product\/1045102","targetHints":{"allow":["GET"]}}],"collection":[{"href":"https:\/\/www.claret.cat\/es\/wp-json\/wp\/v2\/product"}],"about":[{"href":"https:\/\/www.claret.cat\/es\/wp-json\/wp\/v2\/types\/product"}],"wp:featuredmedia":[{"embeddable":true,"href":"https:\/\/www.claret.cat\/es\/wp-json\/wp\/v2\/media\/1045856"}],"wp:attachment":[{"href":"https:\/\/www.claret.cat\/es\/wp-json\/wp\/v2\/media?parent=1045102"}],"wp:term":[{"taxonomy":"product_brand","embeddable":true,"href":"https:\/\/www.claret.cat\/es\/wp-json\/wp\/v2\/product_brand?post=1045102"},{"taxonomy":"product_cat","embeddable":true,"href":"https:\/\/www.claret.cat\/es\/wp-json\/wp\/v2\/product_cat?post=1045102"},{"taxonomy":"product_tag","embeddable":true,"href":"https:\/\/www.claret.cat\/es\/wp-json\/wp\/v2\/product_tag?post=1045102"}],"curies":[{"name":"wp","href":"https:\/\/api.w.org\/{rel}","templated":true}]}}

EM SEMBLA QUE NO EN TINDRÉ

<p>Aquest llibre trenca el silenci entorn la no maternitat a través de<strong> cinc històries íntimes i sinceres</strong> de dones que expliquen, sense embuts, les seves raons per no ser mares. Amb valentia i profunditat, aquestes veus comparteixen les pressions socials, culturals i familiars que hi han hagut d&#8217;afrontar per no encaixar en el model tradicional de la maternitat, així com les dificultats i els estigmes que sovint comporta aquesta decisió. </p>
<p>Partint de la mateixa experiència personal de l&#8217;autora i enriquit amb<strong> entrevistes a altres dones</strong> que, com ella, no són ni seran mares, el llibre ens fa reflexionar <strong>sobre la diversitat de les eleccions femenines</strong> i el <strong>respecte a la llibertat individual.</strong> Les històries es complementen amb dibuixos bells i realistes que aporten una dimensió visual emotiva i honesta, fent d&#8217;aquest un testimoni inèdit i necessari en el panorama literari actual. </p>
<p>Un relat valent i esperançador que convida a qüestionar les expectatives socials i a entendre la complexitat i la pluralitat de les experiències de vida.</p>
<p><strong class='ql-size-large'>LLIBRE RECOMANAT: </strong><a href='http://claret.cat/llibre/mammalia-9788412782479/?c=' rel='noopener noreferrer' target='_blank' class='ql-size-large'><strong><em>Mammàlia</em>, d&#8217;Elisenda Solsona</strong></a></p>

FORA DE COL.LECCIÓ

Rústica
