{"id":1045145,"date":"2025-07-08T17:30:24","date_gmt":"2025-07-08T15:30:24","guid":{"rendered":"https:\/\/www.claret.cat\/llibre\/els-forasters-del-temps-20-laventura-dels-vallbona-amb-napoleo-9788466159227\/"},"modified":"2026-02-18T16:22:51","modified_gmt":"2026-02-18T15:22:51","slug":"els-forasters-del-temps-20-laventura-dels-vallbona-amb-napoleo-9788466159227","status":"publish","type":"product","link":"https:\/\/www.claret.cat\/es\/libro\/els-forasters-del-temps-20-laventura-dels-vallbona-amb-napoleo-9788466159227\/","title":{"rendered":"ELS FORASTERS DEL TEMPS 20. L&#8217;AVENTURA DELS VALLBONA AMB NAPOLE\u00d3"},"content":{"rendered":"<p>Els Forasters del Temps s&#8221;han d&#8221;enfrontar a una missi\u00f3 molt arriscada: viatjar a la batalla m\u00e9s famosa de tots els temps, Waterloo. All\u00e0 hauran d&#8221;impedir la vict\u00f2ria de Napole\u00f3 Bonaparte. Si l&#8221;emperador guanya, conquerir\u00e0 el m\u00f3n sencer, i la hist\u00f2ria canviar\u00e0 per sempre. <br \/>  Un moment, tothom sap que aquesta batalla la van guanyar els anglesos&#8230; \u00bfcom \u00e9s que aix\u00f2 ha canviat? El responsable \u00e9s en Jean Paul, un adolescent molt carism\u00e0tic, que tamb\u00e9 \u00e9s el fill secret de Napole\u00f3. El noi \u00e9s el l\u00edder d&#8221;un grup de valents, els Joves Dragons, que amb les seves gestes canviaran el dest\u00ed d&#8221;occident. El Ti\u00e0, la Maria, el Mini Seb i la resta s&#8221;hauran d&#8221;infiltrar a l&#8221;ex\u00e8rcit franc\u00e8s per acompanyar Napole\u00f3 i el seu fill. Per\u00f2 no els ser\u00e0 tan f\u00e0cil, Napole\u00f3 t\u00e9 una personalitat tan captivadora\u00a0que far\u00e0 dubtar els nostres protagonistes: han d&#8221;acomplir la missi\u00f3, o han de tra\u00efr per primera vegada l&#8221;objectiu de l&#8221;ag\u00e8ncia Vallbona i permetre que la hist\u00f2ria canvi\u00ef? I per si no n&#8221;hi hagu\u00e9s prou, el secret dels Vallbona sortir\u00e0 a la llum durant el viatge i ho destarotar\u00e0 tot.<\/p>\n","protected":false},"excerpt":{"rendered":"<p>SANTIAGO, ROBERTO<\/p>\n","protected":false},"featured_media":1056454,"template":"","meta":{"_acf_changed":false,"om_disable_all_campaigns":false,"rs_blank_template":"","rs_page_bg_color":"","slide_template_v7":"","inline_featured_image":false,"_monsterinsights_skip_tracking":false,"_monsterinsights_sitenote_active":false,"_monsterinsights_sitenote_note":"","_monsterinsights_sitenote_category":0},"product_brand":[],"product_cat":[133,363],"product_tag":[],"class_list":{"0":"post-1045145","1":"product","2":"type-product","3":"status-publish","4":"has-post-thumbnail","6":"product_cat-lectures-per-adolescents-12-18-anys","7":"product_cat-lecturas-por-adolescentes-12-18-anos","9":"first","10":"instock","11":"taxable","12":"shipping-taxable","13":"purchasable","14":"product-type-simple"},"acf":{"autor":"SANTIAGO, ROBERTO","codart":"846615922","libros-coleccion":"FORA DE COL.LECCI\u00d3","ediciones":"1","encuadernacion":"R\u00fastica","fecha_de_publicacion":"01\/07\/2025","novedad":"1","paginas":"309","subtitulo":"","orden":"0","portada":"0","idioma":"cat","booktrailer":"","resenas":"","editorial":[{"ID":147679,"post_author":"3","post_date":"2022-10-14 11:52:25","post_date_gmt":"2022-10-14 09:52:25","post_content":"","post_title":"CRUILLA \/SM-EDICIONS -VALENCIANO\/CATALAN","post_excerpt":"","post_status":"publish","comment_status":"closed","ping_status":"closed","post_password":"","post_name":"cruilla-sm-edicions-valenciano-catalan","to_ping":"","pinged":"","post_modified":"2022-10-14 11:52:25","post_modified_gmt":"2022-10-14 09:52:25","post_content_filtered":"","post_parent":0,"guid":"http:\/\/dev.claret.cat\/editorial\/cruilla-sm-edicions-valenciano-catalan\/","menu_order":0,"post_type":"editorial","post_mime_type":"","comment_count":"0","filter":"raw"}]},"aioseo_notices":[],"_links":{"self":[{"href":"https:\/\/www.claret.cat\/es\/wp-json\/wp\/v2\/product\/1045145","targetHints":{"allow":["GET"]}}],"collection":[{"href":"https:\/\/www.claret.cat\/es\/wp-json\/wp\/v2\/product"}],"about":[{"href":"https:\/\/www.claret.cat\/es\/wp-json\/wp\/v2\/types\/product"}],"wp:featuredmedia":[{"embeddable":true,"href":"https:\/\/www.claret.cat\/es\/wp-json\/wp\/v2\/media\/1056454"}],"wp:attachment":[{"href":"https:\/\/www.claret.cat\/es\/wp-json\/wp\/v2\/media?parent=1045145"}],"wp:term":[{"taxonomy":"product_brand","embeddable":true,"href":"https:\/\/www.claret.cat\/es\/wp-json\/wp\/v2\/product_brand?post=1045145"},{"taxonomy":"product_cat","embeddable":true,"href":"https:\/\/www.claret.cat\/es\/wp-json\/wp\/v2\/product_cat?post=1045145"},{"taxonomy":"product_tag","embeddable":true,"href":"https:\/\/www.claret.cat\/es\/wp-json\/wp\/v2\/product_tag?post=1045145"}],"curies":[{"name":"wp","href":"https:\/\/api.w.org\/{rel}","templated":true}]}}

ELS FORASTERS DEL TEMPS 20. L&#8217;AVENTURA DELS VALLBONA AMB NAPOLEÓ

<p>Els Forasters del Temps s&#8221;han d&#8221;enfrontar a una missió molt arriscada: viatjar a la batalla més famosa de tots els temps, Waterloo. Allà hauran d&#8221;impedir la victòria de Napoleó Bonaparte. Si l&#8221;emperador guanya, conquerirà el món sencer, i la història canviarà per sempre. <br />  Un moment, tothom sap que aquesta batalla la van guanyar els anglesos&#8230; ¿com és que això ha canviat? El responsable és en Jean Paul, un adolescent molt carismàtic, que també és el fill secret de Napoleó. El noi és el líder d&#8221;un grup de valents, els Joves Dragons, que amb les seves gestes canviaran el destí d&#8221;occident. El Tià, la Maria, el Mini Seb i la resta s&#8221;hauran d&#8221;infiltrar a l&#8221;exèrcit francès per acompanyar Napoleó i el seu fill. Però no els serà tan fàcil, Napoleó té una personalitat tan captivadora que farà dubtar els nostres protagonistes: han d&#8221;acomplir la missió, o han de traïr per primera vegada l&#8221;objectiu de l&#8221;agència Vallbona i permetre que la història canviï? I per si no n&#8221;hi hagués prou, el secret dels Vallbona sortirà a la llum durant el viatge i ho destarotarà tot.</p>

FORA DE COL.LECCIÓ

Rústica
