{"id":1046556,"date":"2025-07-14T16:35:02","date_gmt":"2025-07-14T14:35:02","guid":{"rendered":"https:\/\/www.claret.cat\/llibre\/san-agustin-9788428573900\/"},"modified":"2026-01-27T13:21:22","modified_gmt":"2026-01-27T12:21:22","slug":"san-agustin-9788428573900","status":"publish","type":"product","link":"https:\/\/www.claret.cat\/es\/libro\/san-agustin-9788428573900\/","title":{"rendered":"SAN AGUST\u00cdN"},"content":{"rendered":"<p>Esta obra nos convida a redescubrir <strong>la lectura orante de la Biblia<\/strong> (la lectio divina) a trav\u00e9s de la experiencia espiritual de <strong>san Agust\u00edn<\/strong>. <strong>Desde las Confesiones hasta su Explicaci\u00f3n de los Salmos<\/strong>, Agust\u00edn ense\u00f1a a dejarse orientar por Jes\u00fas y <strong>leer la Palabra como un encuentro vivo con Dios<\/strong>; un encuentro que transforma el coraz\u00f3n y la mente. Con una visi\u00f3n profunda y accesible, el texto aborda temas como <strong>la escucha interior, la meditaci\u00f3n, el di\u00e1logo con Dios y la acci\u00f3n del Esp\u00edritu<\/strong>, mostrando c\u00f3mo esta pr\u00e1ctica puede alimentar actualmente una fe madura, arraigada en la tradici\u00f3n. Pensado como parte de un programa de formaci\u00f3n espiritual, este libro es adem\u00e1s <strong>una propuesta moderna para quienes anhelan crecer en la vida cristiana<\/strong>.<\/p>\n<p><\/p>\n","protected":false},"excerpt":{"rendered":"<p>G. NI\u00d1O, ANDR\u00c9S<\/p>\n","protected":false},"featured_media":1078479,"template":"","meta":{"_acf_changed":false,"om_disable_all_campaigns":false,"rs_blank_template":"","rs_page_bg_color":"","slide_template_v7":"","inline_featured_image":false,"_monsterinsights_skip_tracking":false,"_monsterinsights_sitenote_active":false,"_monsterinsights_sitenote_note":"","_monsterinsights_sitenote_category":0},"product_brand":[],"product_cat":[485,232,240,395],"product_tag":[],"class_list":{"0":"post-1046556","1":"product","2":"type-product","3":"status-publish","4":"has-post-thumbnail","6":"product_cat-autores-espiritualidad-1_espiritualidad","7":"product_cat-autors-espiritualitat","8":"product_cat-vida-religiosa-espiritualitat","9":"product_cat-vida-religiosa-espiritualidad-1_espiritualidad","11":"first","12":"instock","13":"taxable","14":"shipping-taxable","15":"purchasable","16":"product-type-simple"},"acf":{"autor":"G. NI\u00d1O, ANDR\u00c9S","codart":"842857390","libros-coleccion":"","ediciones":"1","encuadernacion":"R\u00fastica","fecha_de_publicacion":"11\/07\/2025","novedad":"1","paginas":"276","subtitulo":"LECTIO DIVINA ","orden":"0","portada":"0","idioma":"spa","booktrailer":"","resenas":"","editorial":[{"ID":6356,"post_author":"3","post_date":"2022-07-28 17:50:26","post_date_gmt":"2022-07-28 15:50:26","post_content":"","post_title":"SAN PABLO COMUNICACI\u00d3N","post_excerpt":"","post_status":"publish","comment_status":"closed","ping_status":"closed","post_password":"","post_name":"san-pablo-comunicacion","to_ping":"","pinged":"","post_modified":"2022-07-28 17:50:26","post_modified_gmt":"2022-07-28 15:50:26","post_content_filtered":"","post_parent":0,"guid":"http:\/\/dev.claret.cat\/editorial\/san-pablo-comunicacion\/","menu_order":0,"post_type":"editorial","post_mime_type":"","comment_count":"0","filter":"raw"}],"linkebook":"","ficha":"","muestra":"","precioebook":"0","presentacion":""},"aioseo_notices":[],"_links":{"self":[{"href":"https:\/\/www.claret.cat\/es\/wp-json\/wp\/v2\/product\/1046556","targetHints":{"allow":["GET"]}}],"collection":[{"href":"https:\/\/www.claret.cat\/es\/wp-json\/wp\/v2\/product"}],"about":[{"href":"https:\/\/www.claret.cat\/es\/wp-json\/wp\/v2\/types\/product"}],"wp:featuredmedia":[{"embeddable":true,"href":"https:\/\/www.claret.cat\/es\/wp-json\/wp\/v2\/media\/1078479"}],"wp:attachment":[{"href":"https:\/\/www.claret.cat\/es\/wp-json\/wp\/v2\/media?parent=1046556"}],"wp:term":[{"taxonomy":"product_brand","embeddable":true,"href":"https:\/\/www.claret.cat\/es\/wp-json\/wp\/v2\/product_brand?post=1046556"},{"taxonomy":"product_cat","embeddable":true,"href":"https:\/\/www.claret.cat\/es\/wp-json\/wp\/v2\/product_cat?post=1046556"},{"taxonomy":"product_tag","embeddable":true,"href":"https:\/\/www.claret.cat\/es\/wp-json\/wp\/v2\/product_tag?post=1046556"}],"curies":[{"name":"wp","href":"https:\/\/api.w.org\/{rel}","templated":true}]}}

SAN AGUSTÍN

<p>Esta obra nos convida a redescubrir <strong>la lectura orante de la Biblia</strong> (la lectio divina) a través de la experiencia espiritual de <strong>san Agustín</strong>. <strong>Desde las Confesiones hasta su Explicación de los Salmos</strong>, Agustín enseña a dejarse orientar por Jesús y <strong>leer la Palabra como un encuentro vivo con Dios</strong>; un encuentro que transforma el corazón y la mente. Con una visión profunda y accesible, el texto aborda temas como <strong>la escucha interior, la meditación, el diálogo con Dios y la acción del Espíritu</strong>, mostrando cómo esta práctica puede alimentar actualmente una fe madura, arraigada en la tradición. Pensado como parte de un programa de formación espiritual, este libro es además <strong>una propuesta moderna para quienes anhelan crecer en la vida cristiana</strong>.</p>
<p></p>

<p>G. NIÑO, ANDRÉS</p>

G. NIÑO, ANDRÉS

Rústica

SAN PABLO COMUNICACIÓN
