{"id":1046931,"date":"2025-07-16T13:35:12","date_gmt":"2025-07-16T11:35:12","guid":{"rendered":"https:\/\/www.claret.cat\/llibre\/congragacion-personal-al-corazon-de-jesus-9780679100065\/"},"modified":"2025-07-16T13:51:20","modified_gmt":"2025-07-16T11:51:20","slug":"congragacion-personal-al-corazon-de-jesus-9780679100065","status":"publish","type":"product","link":"https:\/\/www.claret.cat\/es\/libro\/congragacion-personal-al-corazon-de-jesus-9780679100065\/","title":{"rendered":"CONGRAGACI\u00d3N PERSONAL AL CORAZ\u00d3N DE JES\u00daS"},"content":{"rendered":"<p>Promesas del Coraz\u00f3n de Jes\u00fas a sus devotos:<\/p>\n<p>(Tomadas directamente de las Revelaciones del Sagrado Coraz\u00f3n de Jes\u00fas a Santa Margarita Mar\u00eda de Alacoque, su principal confidente. Son las que circulan oficialmente con aprobaci\u00f3n de la Iglesia)<\/p>\n<p>A quienes se consagran personalmente a \u00c9l;<\/p>\n<p>1.- Les dar\u00e9 todas las gracias necesarias para su estado.<br \/>2.- Pondr\u00e9 paz en sus familias.<br \/>3.- Los consolar\u00e9 en todas sus aflicciones.<br \/>4.- Ser\u00e9 su amparo y su refugio seguro durante su vida.<br \/>5.- Bendecir\u00e9 sus empresas y har\u00e9 que las orienten a su eterna salvaci\u00f3n.<br \/>6.-Los pecadores hallaran en mi coraz\u00f3n un oc\u00e9ano infinito de misericordia.<br \/>7.- Las almas tibia se har\u00e1n fervorosas.<br \/>8.- Las almas fervorosas se elevar\u00e1n a gran perfecci\u00f3n.<br \/>9.- Bendecir\u00e9 las casas en que la imagen de mi Coraz\u00f3n sea expuesta y honrada.<br \/>10.- Mi amor misericordioso conceder\u00e1 a todos los que comulguen nueve primeros viernes seguidos, la gracia de la penitencia final. No morir\u00e1n en mi desgracia, ni sin recibir los Sacramentos, y mi Coraz\u00f3n se constituir\u00e1 en un seguro auxilio en aquel postrer momento.<\/p>\n","protected":false},"excerpt":{"rendered":"<p>FLORENTINO ALCA\u00d1IZ , S.J.<\/p>\n","protected":false},"featured_media":1046939,"template":"","meta":{"_acf_changed":false,"om_disable_all_campaigns":false,"rs_blank_template":"","rs_page_bg_color":"","slide_template_v7":"","inline_featured_image":false,"_monsterinsights_skip_tracking":false,"_monsterinsights_sitenote_active":false,"_monsterinsights_sitenote_note":"","_monsterinsights_sitenote_category":0},"product_brand":[],"product_cat":[496,246],"product_tag":[],"class_list":{"0":"post-1046931","1":"product","2":"type-product","3":"status-publish","4":"has-post-thumbnail","6":"product_cat-devocionarios","7":"product_cat-devocionaris","9":"first","10":"instock","11":"taxable","12":"shipping-taxable","13":"purchasable","14":"product-type-simple"},"acf":{"autor":"FLORENTINO ALCA\u00d1IZ , S.J.","codart":"067910006","libros-coleccion":"","ediciones":"1","encuadernacion":"R\u00fastica","fecha_de_publicacion":"16\/07\/2025","novedad":"1","paginas":"34","subtitulo":"","orden":"0","portada":"0","idioma":"spa","booktrailer":"","resenas":"","editorial":[{"ID":148542,"post_author":"3","post_date":"2022-10-14 11:59:03","post_date_gmt":"2022-10-14 09:59:03","post_content":"","post_title":"MONTE TABOR","post_excerpt":"","post_status":"publish","comment_status":"closed","ping_status":"closed","post_password":"","post_name":"monte-tabor","to_ping":"","pinged":"","post_modified":"2022-10-14 11:59:03","post_modified_gmt":"2022-10-14 09:59:03","post_content_filtered":"","post_parent":0,"guid":"http:\/\/dev.claret.cat\/editorial\/monte-tabor\/","menu_order":0,"post_type":"editorial","post_mime_type":"","comment_count":"0","filter":"raw"}]},"aioseo_notices":[],"_links":{"self":[{"href":"https:\/\/www.claret.cat\/es\/wp-json\/wp\/v2\/product\/1046931","targetHints":{"allow":["GET"]}}],"collection":[{"href":"https:\/\/www.claret.cat\/es\/wp-json\/wp\/v2\/product"}],"about":[{"href":"https:\/\/www.claret.cat\/es\/wp-json\/wp\/v2\/types\/product"}],"wp:featuredmedia":[{"embeddable":true,"href":"https:\/\/www.claret.cat\/es\/wp-json\/wp\/v2\/media\/1046939"}],"wp:attachment":[{"href":"https:\/\/www.claret.cat\/es\/wp-json\/wp\/v2\/media?parent=1046931"}],"wp:term":[{"taxonomy":"product_brand","embeddable":true,"href":"https:\/\/www.claret.cat\/es\/wp-json\/wp\/v2\/product_brand?post=1046931"},{"taxonomy":"product_cat","embeddable":true,"href":"https:\/\/www.claret.cat\/es\/wp-json\/wp\/v2\/product_cat?post=1046931"},{"taxonomy":"product_tag","embeddable":true,"href":"https:\/\/www.claret.cat\/es\/wp-json\/wp\/v2\/product_tag?post=1046931"}],"curies":[{"name":"wp","href":"https:\/\/api.w.org\/{rel}","templated":true}]}}

CONGRAGACIÓN PERSONAL AL CORAZÓN DE JESÚS

<p>Promesas del Corazón de Jesús a sus devotos:</p>
<p>(Tomadas directamente de las Revelaciones del Sagrado Corazón de Jesús a Santa Margarita María de Alacoque, su principal confidente. Son las que circulan oficialmente con aprobación de la Iglesia)</p>
<p>A quienes se consagran personalmente a Él;</p>
<p>1.- Les daré todas las gracias necesarias para su estado.<br />2.- Pondré paz en sus familias.<br />3.- Los consolaré en todas sus aflicciones.<br />4.- Seré su amparo y su refugio seguro durante su vida.<br />5.- Bendeciré sus empresas y haré que las orienten a su eterna salvación.<br />6.-Los pecadores hallaran en mi corazón un océano infinito de misericordia.<br />7.- Las almas tibia se harán fervorosas.<br />8.- Las almas fervorosas se elevarán a gran perfección.<br />9.- Bendeciré las casas en que la imagen de mi Corazón sea expuesta y honrada.<br />10.- Mi amor misericordioso concederá a todos los que comulguen nueve primeros viernes seguidos, la gracia de la penitencia final. No morirán en mi desgracia, ni sin recibir los Sacramentos, y mi Corazón se constituirá en un seguro auxilio en aquel postrer momento.</p>

<p>FLORENTINO ALCAÑIZ , S.J.</p>

FLORENTINO ALCAÑIZ , S.J.

Rústica
