{"id":1047133,"date":"2025-07-17T13:16:04","date_gmt":"2025-07-17T11:16:04","guid":{"rendered":"https:\/\/www.claret.cat\/llibre\/cumplir-lo-dicho-por-dios-9788410631618\/"},"modified":"2025-11-24T11:27:03","modified_gmt":"2025-11-24T10:27:03","slug":"cumplir-lo-dicho-por-dios-9788410631618","status":"publish","type":"product","link":"https:\/\/www.claret.cat\/es\/libro\/cumplir-lo-dicho-por-dios-9788410631618\/","title":{"rendered":"CUMPLIR LO DICHO POR DIOS"},"content":{"rendered":"<p>Este <strong>volumen colectivo<\/strong>, fruto del <strong>Seminario \u2018Evangelios y Antiguo Testamento\u2019<\/strong> de la <strong>Asociaci\u00f3n B\u00edblica Espa\u00f1ola<\/strong>, ofrece un <strong>an\u00e1lisis profundo<\/strong> de las diez llamadas <strong>\u201ccitas de cumplimiento\u201d<\/strong> del <strong>evangelio de Mateo<\/strong>. Con rigor <strong>exeg\u00e9tico<\/strong> y atenci\u00f3n a la <strong>narrativa b\u00edblica<\/strong>, los estudios aqu\u00ed reunidos muestran c\u00f3mo estas f\u00f3rmulas, exclusivas del <strong>primer evangelio<\/strong>, iluminan el <strong>sentido global del texto<\/strong> y revelan la <strong>teolog\u00eda del cumplimiento<\/strong> que lo estructura.<\/p>\n<p>Mediante una <strong>lectura detallada<\/strong> de cada cita, el lector accede a la original articulaci\u00f3n entre <strong>Escritura<\/strong> e <strong>identidad mesi\u00e1nica de Jes\u00fas<\/strong>, tal como la propone Mateo en un <strong>di\u00e1logo constante con la tradici\u00f3n de Israel<\/strong>.<\/p>\n<p>Un estudio <strong>riguroso<\/strong>, <strong>accesible<\/strong> y <strong>actual<\/strong>, dirigido a quienes desean comprender m\u00e1s profundamente el <strong>mensaje teol\u00f3gico<\/strong> y el <strong>marco b\u00edblico<\/strong> del <strong>evangelio de Mateo<\/strong>.<\/p>\n","protected":false},"excerpt":{"rendered":"<p>S\u00c1NCHEZ NAVARRO, LUIS<\/p>\n","protected":false},"featured_media":1067860,"template":"","meta":{"_acf_changed":false,"om_disable_all_campaigns":false,"rs_blank_template":"","rs_page_bg_color":"","slide_template_v7":"","inline_featured_image":false,"_monsterinsights_skip_tracking":false,"_monsterinsights_sitenote_active":false,"_monsterinsights_sitenote_note":"","_monsterinsights_sitenote_category":0},"product_brand":[],"product_cat":[202,463],"product_tag":[],"class_list":{"0":"post-1047133","1":"product","2":"type-product","3":"status-publish","4":"has-post-thumbnail","6":"product_cat-introduccio-n-t","7":"product_cat-introduccion-n-t","9":"first","10":"instock","11":"taxable","12":"shipping-taxable","13":"purchasable","14":"product-type-simple"},"acf":{"autor":"S\u00c1NCHEZ NAVARRO, LUIS","codart":"841063161","libros-coleccion":"","ediciones":"1","encuadernacion":"R\u00fastica","fecha_de_publicacion":"16\/06\/2025","novedad":"1","paginas":"336","subtitulo":"LAS CITAS DE CUMPLIMIENTO EN EL EVANGELIO SEG\u00daN MATEO ","orden":"0","portada":"1","idioma":"spa","booktrailer":"","resenas":"","editorial":[{"ID":6390,"post_author":"3","post_date":"2022-07-28 17:51:08","post_date_gmt":"2022-07-28 15:51:08","post_content":"","post_title":"VERBO DIVINO","post_excerpt":"","post_status":"publish","comment_status":"closed","ping_status":"closed","post_password":"","post_name":"verbo-divino","to_ping":"","pinged":"","post_modified":"2022-07-28 17:51:08","post_modified_gmt":"2022-07-28 15:51:08","post_content_filtered":"","post_parent":0,"guid":"http:\/\/dev.claret.cat\/editorial\/verbo-divino\/","menu_order":0,"post_type":"editorial","post_mime_type":"","comment_count":"0","filter":"raw"}]},"aioseo_notices":[],"_links":{"self":[{"href":"https:\/\/www.claret.cat\/es\/wp-json\/wp\/v2\/product\/1047133","targetHints":{"allow":["GET"]}}],"collection":[{"href":"https:\/\/www.claret.cat\/es\/wp-json\/wp\/v2\/product"}],"about":[{"href":"https:\/\/www.claret.cat\/es\/wp-json\/wp\/v2\/types\/product"}],"wp:featuredmedia":[{"embeddable":true,"href":"https:\/\/www.claret.cat\/es\/wp-json\/wp\/v2\/media\/1067860"}],"wp:attachment":[{"href":"https:\/\/www.claret.cat\/es\/wp-json\/wp\/v2\/media?parent=1047133"}],"wp:term":[{"taxonomy":"product_brand","embeddable":true,"href":"https:\/\/www.claret.cat\/es\/wp-json\/wp\/v2\/product_brand?post=1047133"},{"taxonomy":"product_cat","embeddable":true,"href":"https:\/\/www.claret.cat\/es\/wp-json\/wp\/v2\/product_cat?post=1047133"},{"taxonomy":"product_tag","embeddable":true,"href":"https:\/\/www.claret.cat\/es\/wp-json\/wp\/v2\/product_tag?post=1047133"}],"curies":[{"name":"wp","href":"https:\/\/api.w.org\/{rel}","templated":true}]}}

<p>Este <strong>volumen colectivo</strong>, fruto del <strong>Seminario ‘Evangelios y Antiguo Testamento’</strong> de la <strong>Asociación Bíblica Española</strong>, ofrece un <strong>análisis profundo</strong> de las diez llamadas <strong>“citas de cumplimiento”</strong> del <strong>evangelio de Mateo</strong>. Con rigor <strong>exegético</strong> y atención a la <strong>narrativa bíblica</strong>, los estudios aquí reunidos muestran cómo estas fórmulas, exclusivas del <strong>primer evangelio</strong>, iluminan el <strong>sentido global del texto</strong> y revelan la <strong>teología del cumplimiento</strong> que lo estructura.</p>
<p>Mediante una <strong>lectura detallada</strong> de cada cita, el lector accede a la original articulación entre <strong>Escritura</strong> e <strong>identidad mesiánica de Jesús</strong>, tal como la propone Mateo en un <strong>diálogo constante con la tradición de Israel</strong>.</p>
<p>Un estudio <strong>riguroso</strong>, <strong>accesible</strong> y <strong>actual</strong>, dirigido a quienes desean comprender más profundamente el <strong>mensaje teológico</strong> y el <strong>marco bíblico</strong> del <strong>evangelio de Mateo</strong>.</p>

<p>SÁNCHEZ NAVARRO, LUIS</p>

SÁNCHEZ NAVARRO, LUIS

Rústica

LAS CITAS DE CUMPLIMIENTO EN EL EVANGELIO SEGÚN MATEO
