{"id":1047297,"date":"2025-07-18T10:41:47","date_gmt":"2025-07-18T08:41:47","guid":{"rendered":"https:\/\/www.claret.cat\/llibre\/liderazgo-de-discernimiento-eclesial-metodo-lide-9788428842914\/"},"modified":"2025-07-22T15:31:18","modified_gmt":"2025-07-22T13:31:18","slug":"liderazgo-de-discernimiento-eclesial-metodo-lide-9788428842914","status":"publish","type":"product","link":"https:\/\/www.claret.cat\/es\/libro\/liderazgo-de-discernimiento-eclesial-metodo-lide-9788428842914\/","title":{"rendered":"LIDERAZGO DE DISCERNIMIENTO ECLESIAL : M\u00c9TODO LIDE"},"content":{"rendered":"<p><strong>Liderazgo de Discernimiento Eclesial para la Sinodalidad. M\u00e9todo LiDE<\/strong> aborda los <strong>cuatro grandes retos clave<\/strong> para fomentar un <strong>liderazgo transformador en organizaciones eclesiales<\/strong>, donde el <strong>discernimiento<\/strong> y la <strong>sinodalidad<\/strong> est\u00e9n en el centro.<\/p>\n<p>El libro plantea, en primer lugar, el <strong>desaf\u00edo personal<\/strong> de cultivar nuestra <strong>inteligencia emocional y corporal<\/strong> como camino hacia una mayor <strong>inteligencia espiritual<\/strong>. En segundo lugar, se profundiza en la <strong>din\u00e1mica del poder y el reconocimiento<\/strong> dentro de <strong>equipos y comunidades eclesiales<\/strong>, con el fin de avanzar en la <strong>corresponsabilidad<\/strong>. El tercer reto es una invitaci\u00f3n a mirar, con <strong>valent\u00eda y lucidez<\/strong>, la <strong>complejidad organizacional<\/strong> que muchas veces bloquea el crecimiento espiritual. Por \u00faltimo, se insta a nuestras <strong>organizaciones eclesiales<\/strong> a romper con la <strong>autorreferencialidad<\/strong> que desorienta y empobrece la misi\u00f3n.<\/p>\n<p class='ql-align-justify'>Cada cap\u00edtulo, desarrollado por el <strong>Equipo LiDE<\/strong>, presenta <strong>historias reales<\/strong> que revelan las <strong>heridas y desaf\u00edos de la vida eclesial<\/strong>. A partir de ah\u00ed, se profundiza con un <strong>an\u00e1lisis teol\u00f3gico y secular<\/strong>, integrando <strong>marcos conceptuales<\/strong>, y se propone un <strong>aterrizaje pr\u00e1ctico<\/strong> a trav\u00e9s de <strong>metodolog\u00edas, herramientas y pr\u00e1cticas probadas<\/strong>. Estas propuestas est\u00e1n alineadas con el <strong>coraz\u00f3n del Evangelio<\/strong>, y han sido <strong>testeadas y validadas<\/strong> en contextos reales a lo largo de los \u00faltimos a\u00f1os.<\/p>\n","protected":false},"excerpt":{"rendered":"<p>EQUIPO LIDE<\/p>\n","protected":false},"featured_media":1047758,"template":"","meta":{"_acf_changed":false,"om_disable_all_campaigns":false,"rs_blank_template":"","rs_page_bg_color":"","slide_template_v7":"","inline_featured_image":false,"_monsterinsights_skip_tracking":false,"_monsterinsights_sitenote_active":false,"_monsterinsights_sitenote_note":"","_monsterinsights_sitenote_category":0},"product_brand":[],"product_cat":[283,511],"product_tag":[],"class_list":{"0":"post-1047297","1":"product","2":"type-product","3":"status-publish","4":"has-post-thumbnail","6":"product_cat-eclesiologia-teologia","7":"product_cat-eclesiologia-teologia-1_espiritualidad","9":"first","10":"instock","11":"taxable","12":"shipping-taxable","13":"purchasable","14":"product-type-simple"},"acf":{"autor":"EQUIPO LIDE","codart":"842884291","libros-coleccion":"PPC - FUERA DE COLECCI\u00d3N","ediciones":"1","encuadernacion":"R\u00fastica","fecha_de_publicacion":"18\/07\/2025","novedad":"1","paginas":"176","subtitulo":"DE LA PERSONA A LA RED SINODAL ","orden":"0","portada":"1","idioma":"spa","booktrailer":"","resenas":"","editorial":[{"ID":6335,"post_author":"3","post_date":"2022-07-28 17:49:59","post_date_gmt":"2022-07-28 15:49:59","post_content":"","post_title":"PPC altres","post_excerpt":"","post_status":"publish","comment_status":"closed","ping_status":"closed","post_password":"","post_name":"ppc-altres","to_ping":"","pinged":"","post_modified":"2022-07-28 17:49:59","post_modified_gmt":"2022-07-28 15:49:59","post_content_filtered":"","post_parent":0,"guid":"http:\/\/dev.claret.cat\/editorial\/ppc-altres\/","menu_order":0,"post_type":"editorial","post_mime_type":"","comment_count":"0","filter":"raw"}]},"aioseo_notices":[],"_links":{"self":[{"href":"https:\/\/www.claret.cat\/es\/wp-json\/wp\/v2\/product\/1047297","targetHints":{"allow":["GET"]}}],"collection":[{"href":"https:\/\/www.claret.cat\/es\/wp-json\/wp\/v2\/product"}],"about":[{"href":"https:\/\/www.claret.cat\/es\/wp-json\/wp\/v2\/types\/product"}],"wp:featuredmedia":[{"embeddable":true,"href":"https:\/\/www.claret.cat\/es\/wp-json\/wp\/v2\/media\/1047758"}],"wp:attachment":[{"href":"https:\/\/www.claret.cat\/es\/wp-json\/wp\/v2\/media?parent=1047297"}],"wp:term":[{"taxonomy":"product_brand","embeddable":true,"href":"https:\/\/www.claret.cat\/es\/wp-json\/wp\/v2\/product_brand?post=1047297"},{"taxonomy":"product_cat","embeddable":true,"href":"https:\/\/www.claret.cat\/es\/wp-json\/wp\/v2\/product_cat?post=1047297"},{"taxonomy":"product_tag","embeddable":true,"href":"https:\/\/www.claret.cat\/es\/wp-json\/wp\/v2\/product_tag?post=1047297"}],"curies":[{"name":"wp","href":"https:\/\/api.w.org\/{rel}","templated":true}]}}

LIDERAZGO DE DISCERNIMIENTO ECLESIAL : MÉTODO LIDE

<p><strong>Liderazgo de Discernimiento Eclesial para la Sinodalidad. Método LiDE</strong> aborda los <strong>cuatro grandes retos clave</strong> para fomentar un <strong>liderazgo transformador en organizaciones eclesiales</strong>, donde el <strong>discernimiento</strong> y la <strong>sinodalidad</strong> estén en el centro.</p>
<p>El libro plantea, en primer lugar, el <strong>desafío personal</strong> de cultivar nuestra <strong>inteligencia emocional y corporal</strong> como camino hacia una mayor <strong>inteligencia espiritual</strong>. En segundo lugar, se profundiza en la <strong>dinámica del poder y el reconocimiento</strong> dentro de <strong>equipos y comunidades eclesiales</strong>, con el fin de avanzar en la <strong>corresponsabilidad</strong>. El tercer reto es una invitación a mirar, con <strong>valentía y lucidez</strong>, la <strong>complejidad organizacional</strong> que muchas veces bloquea el crecimiento espiritual. Por último, se insta a nuestras <strong>organizaciones eclesiales</strong> a romper con la <strong>autorreferencialidad</strong> que desorienta y empobrece la misión.</p>
<p class='ql-align-justify'>Cada capítulo, desarrollado por el <strong>Equipo LiDE</strong>, presenta <strong>historias reales</strong> que revelan las <strong>heridas y desafíos de la vida eclesial</strong>. A partir de ahí, se profundiza con un <strong>análisis teológico y secular</strong>, integrando <strong>marcos conceptuales</strong>, y se propone un <strong>aterrizaje práctico</strong> a través de <strong>metodologías, herramientas y prácticas probadas</strong>. Estas propuestas están alineadas con el <strong>corazón del Evangelio</strong>, y han sido <strong>testeadas y validadas</strong> en contextos reales a lo largo de los últimos años.</p>

PPC - FUERA DE COLECCIÓN

Rústica
