{"id":1048185,"date":"2025-07-24T17:55:20","date_gmt":"2025-07-24T15:55:20","guid":{"rendered":"https:\/\/www.claret.cat\/llibre\/la-filosofia-politica-de-la-inteligencia-artificial-9788437645643\/"},"modified":"2025-07-29T12:46:20","modified_gmt":"2025-07-29T10:46:20","slug":"la-filosofia-politica-de-la-inteligencia-artificial-9788437645643","status":"publish","type":"product","link":"https:\/\/www.claret.cat\/es\/libro\/la-filosofia-politica-de-la-inteligencia-artificial-9788437645643\/","title":{"rendered":"LA FILOSOF\u00cdA POL\u00cdTICA DE LA INTELIGENCIA ARTIFICIAL"},"content":{"rendered":"<p>A la luz del creciente desarrollo de las tecnolog\u00edas y aplicaciones relativas a la inteligencia artificial, problemas acuciantes de nuestra sociedad, tales como el racismo, el cambio clim\u00e1tico o la calidad de la democracia, cobran una mayor urgencia y una relevancia renovada. \u00bfC\u00f3mo avanzar en el debate pol\u00edtico en torno a la inteligencia artificial para dejar atr\u00e1s las meras advertencias y las acusaciones excesivamente f\u00e1ciles?<br \/> Este libro presenta, desde la perspectiva de la filosof\u00eda pol\u00edtica, una introducci\u00f3n accesible a los muchos y complejos desaf\u00edos que se derivan de la implantaci\u00f3n de IAs en nuestras sociedades e industrias, desde la discriminaci\u00f3n judicial a las implicaciones para la democracia de una vigilancia ubicua y permanente. Un ensayo original y actualizado que interesar\u00e1 tanto a estudiantes e investigadores en filosof\u00eda de la tecnolog\u00eda y filosof\u00eda pol\u00edtica como a especialistas en innovaci\u00f3n, reguladores y, en general, cualquier persona interesada en el impacto sociocultural de las nuevas tecnolog\u00edas.<\/p>\n","protected":false},"excerpt":{"rendered":"<p>COECKELBERGH, MARK<\/p>\n","protected":false},"featured_media":1048186,"template":"","meta":{"_acf_changed":false,"om_disable_all_campaigns":false,"rs_blank_template":"","rs_page_bg_color":"","slide_template_v7":"","inline_featured_image":false,"_monsterinsights_skip_tracking":false,"_monsterinsights_sitenote_active":false,"_monsterinsights_sitenote_note":"","_monsterinsights_sitenote_category":0},"product_brand":[],"product_cat":[169,440,445,175],"product_tag":[],"class_list":{"0":"post-1048185","1":"product","2":"type-product","3":"status-publish","4":"has-post-thumbnail","6":"product_cat-de-la-ciencia","7":"product_cat-de-la-ciencia-filosofia-2_humanidades","8":"product_cat-etica-filosofia-2_humanidades","9":"product_cat-etica","11":"first","12":"instock","13":"taxable","14":"shipping-taxable","15":"purchasable","16":"product-type-simple"},"acf":{"autor":"COECKELBERGH, MARK","codart":"843764564","libros-coleccion":"Teorema. Serie Mayor","ediciones":"1","encuadernacion":"R\u00fastica","fecha_de_publicacion":"01\/03\/2023","novedad":"1","paginas":"224","subtitulo":"UNA INTRODUCCI\u00d3N","orden":"0","portada":"0","idioma":"spa","booktrailer":"","resenas":"","editorial":[{"ID":147789,"post_author":"3","post_date":"2022-10-14 11:53:14","post_date_gmt":"2022-10-14 09:53:14","post_content":"","post_title":"EDICIONES CATEDRA","post_excerpt":"","post_status":"publish","comment_status":"closed","ping_status":"closed","post_password":"","post_name":"ediciones-catedra","to_ping":"","pinged":"","post_modified":"2022-10-14 11:53:14","post_modified_gmt":"2022-10-14 09:53:14","post_content_filtered":"","post_parent":0,"guid":"http:\/\/dev.claret.cat\/editorial\/ediciones-catedra\/","menu_order":0,"post_type":"editorial","post_mime_type":"","comment_count":"0","filter":"raw"}]},"aioseo_notices":[],"_links":{"self":[{"href":"https:\/\/www.claret.cat\/es\/wp-json\/wp\/v2\/product\/1048185","targetHints":{"allow":["GET"]}}],"collection":[{"href":"https:\/\/www.claret.cat\/es\/wp-json\/wp\/v2\/product"}],"about":[{"href":"https:\/\/www.claret.cat\/es\/wp-json\/wp\/v2\/types\/product"}],"wp:featuredmedia":[{"embeddable":true,"href":"https:\/\/www.claret.cat\/es\/wp-json\/wp\/v2\/media\/1048186"}],"wp:attachment":[{"href":"https:\/\/www.claret.cat\/es\/wp-json\/wp\/v2\/media?parent=1048185"}],"wp:term":[{"taxonomy":"product_brand","embeddable":true,"href":"https:\/\/www.claret.cat\/es\/wp-json\/wp\/v2\/product_brand?post=1048185"},{"taxonomy":"product_cat","embeddable":true,"href":"https:\/\/www.claret.cat\/es\/wp-json\/wp\/v2\/product_cat?post=1048185"},{"taxonomy":"product_tag","embeddable":true,"href":"https:\/\/www.claret.cat\/es\/wp-json\/wp\/v2\/product_tag?post=1048185"}],"curies":[{"name":"wp","href":"https:\/\/api.w.org\/{rel}","templated":true}]}}

LA FILOSOFÍA POLÍTICA DE LA INTELIGENCIA ARTIFICIAL

<p>A la luz del creciente desarrollo de las tecnologías y aplicaciones relativas a la inteligencia artificial, problemas acuciantes de nuestra sociedad, tales como el racismo, el cambio climático o la calidad de la democracia, cobran una mayor urgencia y una relevancia renovada. ¿Cómo avanzar en el debate político en torno a la inteligencia artificial para dejar atrás las meras advertencias y las acusaciones excesivamente fáciles?<br /> Este libro presenta, desde la perspectiva de la filosofía política, una introducción accesible a los muchos y complejos desafíos que se derivan de la implantación de IAs en nuestras sociedades e industrias, desde la discriminación judicial a las implicaciones para la democracia de una vigilancia ubicua y permanente. Un ensayo original y actualizado que interesará tanto a estudiantes e investigadores en filosofía de la tecnología y filosofía política como a especialistas en innovación, reguladores y, en general, cualquier persona interesada en el impacto sociocultural de las nuevas tecnologías.</p>

Rústica

UNA INTRODUCCIÓN
