{"id":1050,"date":"2022-07-27T15:43:50","date_gmt":"2022-07-27T13:43:50","guid":{"rendered":"http:\/\/dev.claret.cat\/producto\/signes-duna-presencia-9788491362371\/"},"modified":"2026-03-24T17:15:28","modified_gmt":"2026-03-24T16:15:28","slug":"signes-duna-presencia-9788491362371","status":"publish","type":"product","link":"https:\/\/www.claret.cat\/es\/libro\/signes-duna-presencia-9788491362371\/","title":{"rendered":"SIGNES D&#8217;UNA PRES\u00c8NCIA"},"content":{"rendered":"<p>De vegades la vida di\u00e0ria em convida a la profunditat: a accedir a l&#8217;interior de mi mateix i l&#8217;interior de la realitat. En efecte, moltes viv\u00e8ncies que em passen en el dia a dia tamb\u00e9 em passen de llarg: se m&#8217;obliden, no deixen rastre. Per\u00f2 altres no em passen de llarg, perqu\u00e8 deixen dins un signe viu: alguna cosa petita i c\u00e0lida que resisteix a l&#8217;oblit i s&#8217;agita dins meu en forma de tristesa o d&#8217;alegria persistents. Aquest signe l&#8217;escric, tot interpretant-lo com a signe d&#8217;una Pres\u00e8ncia, testimoni d&#8217;una m\u00edstica di\u00e0ria.<br \/>El llibre que presentem \u00e9s un compendi de 70 signes, escrits entre 2014 i 2018. Cada breu cap\u00edtol sol comen\u00e7ar amb una viv\u00e8ncia: un episodi de la vida d&#8217;una persona, un lloc, un gest, una pr\u00e0ctica d&#8217;espiritualitat, un problema pr\u00e0ctic&#8230; Segueix una reflexi\u00f3 que busca connexions amb altres viv\u00e8ncies o amb idees provinents de les ci\u00e8ncies humanes i socials. En un tercer moment, procuro connectar el nucli de la viv\u00e8ncia amb cites breus de tradicions humanistes o religioses, per tal que il\u00b7lumini diversos camps d&#8217;experi\u00e8ncia. El cap\u00edtol es tanca amb preguntes: perqu\u00e8 el signe convidi els lectors a un exercici de m\u00edstica di\u00e0ria que els ajudi a descobrir signes d&#8217;una Pres\u00e8ncia en el dia a dia.<\/p>\n","protected":false},"excerpt":{"rendered":"<p>M\u00c0RIA I SERRANO, JOSEP F., SJ<\/p>\n","protected":false},"featured_media":386540,"template":"","meta":{"_acf_changed":false,"om_disable_all_campaigns":false,"rs_blank_template":"","rs_page_bg_color":"","slide_template_v7":"","inline_featured_image":false,"_monsterinsights_skip_tracking":false,"_monsterinsights_sitenote_active":false,"_monsterinsights_sitenote_note":"","_monsterinsights_sitenote_category":0},"product_brand":[],"product_cat":[581,233,486],"product_tag":[],"class_list":{"0":"post-1050","1":"product","2":"type-product","3":"status-publish","4":"has-post-thumbnail","6":"product_cat-editorial-claret","7":"product_cat-mistica","8":"product_cat-mistica-espiritualidad-1_espiritualidad","10":"first","11":"instock","12":"taxable","13":"shipping-taxable","14":"purchasable","15":"product-type-simple"},"acf":{"autor":"M\u00c0RIA I SERRANO, JOSEP F., SJ","codart":"849136237","ediciones":"1","encuadernacion":"R\u00fastica","fecha_de_publicacion":"16\/10\/2019","novedad":"0","paginas":"294","subtitulo":"M\u00cdSTICA DI\u00c0RIA","orden":"0","portada":"0","idioma":"cat","libros-coleccion":"Savieses","autores-libros":[{"ID":5658,"post_author":"3","post_date":"2022-07-28 17:28:43","post_date_gmt":"2022-07-28 15:28:43","post_content":"","post_title":"JOSEP F. M\u00c0RIA I SERRANO, SJ","post_excerpt":"","post_status":"publish","comment_status":"closed","ping_status":"closed","post_password":"","post_name":"josep-f-maria-i-serrano-sj","to_ping":"","pinged":"","post_modified":"2022-07-28 17:28:43","post_modified_gmt":"2022-07-28 15:28:43","post_content_filtered":"","post_parent":0,"guid":"http:\/\/dev.claret.cat\/autor\/josep-f-maria-i-serrano-sj\/","menu_order":0,"post_type":"autor","post_mime_type":"","comment_count":"0","filter":"raw"}],"editorial":[{"ID":6158,"post_author":"3","post_date":"2022-07-28 17:46:08","post_date_gmt":"2022-07-28 15:46:08","post_content":"","post_title":"CLARET","post_excerpt":"","post_status":"publish","comment_status":"closed","ping_status":"closed","post_password":"","post_name":"claret","to_ping":"","pinged":"","post_modified":"2022-07-28 17:46:08","post_modified_gmt":"2022-07-28 15:46:08","post_content_filtered":"","post_parent":0,"guid":"http:\/\/dev.claret.cat\/editorial\/claret\/","menu_order":0,"post_type":"editorial","post_mime_type":"","comment_count":"0","filter":"raw"}],"booktrailer":"","linkebook":"","ficha":"849136237_1689075887.pdf","muestra":"","precioebook":"0","presentacion":"","resenas":""},"aioseo_notices":[],"_links":{"self":[{"href":"https:\/\/www.claret.cat\/es\/wp-json\/wp\/v2\/product\/1050","targetHints":{"allow":["GET"]}}],"collection":[{"href":"https:\/\/www.claret.cat\/es\/wp-json\/wp\/v2\/product"}],"about":[{"href":"https:\/\/www.claret.cat\/es\/wp-json\/wp\/v2\/types\/product"}],"wp:featuredmedia":[{"embeddable":true,"href":"https:\/\/www.claret.cat\/es\/wp-json\/wp\/v2\/media\/386540"}],"wp:attachment":[{"href":"https:\/\/www.claret.cat\/es\/wp-json\/wp\/v2\/media?parent=1050"}],"wp:term":[{"taxonomy":"product_brand","embeddable":true,"href":"https:\/\/www.claret.cat\/es\/wp-json\/wp\/v2\/product_brand?post=1050"},{"taxonomy":"product_cat","embeddable":true,"href":"https:\/\/www.claret.cat\/es\/wp-json\/wp\/v2\/product_cat?post=1050"},{"taxonomy":"product_tag","embeddable":true,"href":"https:\/\/www.claret.cat\/es\/wp-json\/wp\/v2\/product_tag?post=1050"}],"curies":[{"name":"wp","href":"https:\/\/api.w.org\/{rel}","templated":true}]}}

SIGNES D&#8217;UNA PRESÈNCIA

<p>De vegades la vida diària em convida a la profunditat: a accedir a l&#8217;interior de mi mateix i l&#8217;interior de la realitat. En efecte, moltes vivències que em passen en el dia a dia també em passen de llarg: se m&#8217;obliden, no deixen rastre. Però altres no em passen de llarg, perquè deixen dins un signe viu: alguna cosa petita i càlida que resisteix a l&#8217;oblit i s&#8217;agita dins meu en forma de tristesa o d&#8217;alegria persistents. Aquest signe l&#8217;escric, tot interpretant-lo com a signe d&#8217;una Presència, testimoni d&#8217;una mística diària.<br />El llibre que presentem és un compendi de 70 signes, escrits entre 2014 i 2018. Cada breu capítol sol començar amb una vivència: un episodi de la vida d&#8217;una persona, un lloc, un gest, una pràctica d&#8217;espiritualitat, un problema pràctic&#8230; Segueix una reflexió que busca connexions amb altres vivències o amb idees provinents de les ciències humanes i socials. En un tercer moment, procuro connectar el nucli de la vivència amb cites breus de tradicions humanistes o religioses, per tal que il·lumini diversos camps d&#8217;experiència. El capítol es tanca amb preguntes: perquè el signe convidi els lectors a un exercici de mística diària que els ajudi a descobrir signes d&#8217;una Presència en el dia a dia.</p>

<p>MÀRIA I SERRANO, JOSEP F., SJ</p>

MÀRIA I SERRANO, JOSEP F., SJ

Rústica

MÍSTICA DIÀRIA

JOSEP F. MÀRIA I SERRANO, SJ
