{"id":1050307,"date":"2025-09-04T13:46:24","date_gmt":"2025-09-04T11:46:24","guid":{"rendered":"https:\/\/www.claret.cat\/llibre\/altruismo-racional-9788410313972\/"},"modified":"2025-09-04T16:38:08","modified_gmt":"2025-09-04T14:38:08","slug":"altruismo-racional-9788410313972","status":"publish","type":"product","link":"https:\/\/www.claret.cat\/es\/libro\/altruismo-racional-9788410313972\/","title":{"rendered":"ALTRUISMO RACIONAL"},"content":{"rendered":"<p>\u00abEste libro demuestra algo esperanzador:<br \/> tu ayuda puede tener un impacto enorme si<br \/> sabes d\u00f3nde dirigirla. Datos al servicio del bien\u00bb.<br \/> Kiko Llaneras, autor de Piensa claro<br \/> Vivimos rodeados de noticias alarmantes, pero<br \/> lejos del ruido existe una tragedia m\u00e1s profunda<br \/> y persistente: la de los Olvidados, los casi setecientos<br \/> millones de personas que sobreviven en pobreza<br \/> extrema. Los ignoramos no por maldad, sino porque<br \/> no sabemos cu\u00e1nto podemos hacer desde donde<br \/> estamos.<br \/> Este libro es para quienes sienten que el mundo<br \/> no deber\u00eda ser as\u00ed, pero dudan de su capacidad para<br \/> cambiarlo. Pablo Melchor, cofundador de Fundaci\u00f3n<br \/> Ayuda Efectiva, desmonta con lucidez los mitos<br \/> que nos paralizan \u2014\u00abeso no sirve\u00bb, \u00abyo no puedo\u00bb,<br \/> \u00abya hago bastante\u00bb, etc.\u2014 y propone una nueva<br \/> forma de entender la solidaridad: racional, exigente<br \/> y profundamente humana. Con mapas, datos<br \/> e historias reales, nos muestra que hoy podemos<br \/> saber con precisi\u00f3n qu\u00e9 tipo de ayuda salva m\u00e1s<br \/> vidas al menor coste.<br \/> A medio camino entre la \u00e9tica y la acci\u00f3n,<br \/> Altruismo racional no es un alegato culpabilizador,<br \/> sino una invitaci\u00f3n a vivir con m\u00e1s sentido. Porque,<br \/> si puedes salvar vidas y no lo sab\u00edas, este libro te lo<br \/> cuenta. Y si ya lo sab\u00edas, te recuerda que a\u00fan est\u00e1s<br \/> a tiempo.<\/p>\n<p> \u00abOfrece una<br \/> v\u00eda moderna<br \/> y efectiva para<br \/> ayudar mejor\u00bb.<br \/> Vicente Vall\u00e9s<\/p>\n<p> \u00abEste libro cambiar\u00e1 vidas. Los poderosos argumentos de Pablo Melchor barren con todas las excusas para la inacci\u00f3n y Altruismo racional salta inmediatamente a lo m\u00e1s alto de las listas de los mejores libros \u2014en cualquier idioma\u2014 sobre c\u00f3mo podemos y debemos actuar eficazmente contra la pobreza global\u00bb. Peter Singer, catedr\u00e1tico de Bio\u00e9tica en la Universidad de Princeton y autor de The Life You Can Save<\/p>\n<p> \u00abPablo Melchor es el mejor ejemplo de que para cambiar realmente las cosas necesitamos tanta cabeza como coraz\u00f3n. Hasta el deseo m\u00e1s puro de ayudar a otros se queda en nada si no lo enfocamos en lo que realmente importa\u00bb. Jaime Rodr\u00edguez de Santiago, emprendedor, directivo y autor del podcast kaizen<\/p>\n<p> \u00abEsto no es un libro de autoayuda. Es un libro sobre ayudar de verdad\u00bb. Andy Stalman, CEO de TOTEM Branding y autor del best seller Brandoffon<\/p>\n<p> \u00ab\u00bfY si te dijera que salvar vidas est\u00e1 a tu alcance, con poco esfuerzo? Con este libro puedes conseguirlo\u00bb. Fran\u00e7ois Derbaix, cofundador de Indexa Capital y de Bewater Funds<\/p>\n","protected":false},"excerpt":{"rendered":"<p>MELCHOR, PABLO<\/p>\n","protected":false},"featured_media":1050438,"template":"","meta":{"_acf_changed":false,"om_disable_all_campaigns":false,"rs_blank_template":"","rs_page_bg_color":"","slide_template_v7":"","inline_featured_image":false,"_monsterinsights_skip_tracking":false,"_monsterinsights_sitenote_active":false,"_monsterinsights_sitenote_note":"","_monsterinsights_sitenote_category":0},"product_brand":[],"product_cat":[162,436],"product_tag":[],"class_list":{"0":"post-1050307","1":"product","2":"type-product","3":"status-publish","4":"has-post-thumbnail","6":"product_cat-economica-i-politica","7":"product_cat-economica-y-politica","9":"first","10":"instock","11":"taxable","12":"shipping-taxable","13":"purchasable","14":"product-type-simple"},"acf":{"autor":"MELCHOR, PABLO","codart":"841031397","libros-coleccion":"Ensayo","ediciones":"1","encuadernacion":"R\u00fastica","fecha_de_publicacion":"01\/09\/2025","novedad":"1","paginas":"236","subtitulo":"POR QU\u00c9 PODEMOS AYUDAR M\u00c1S Y C\u00d3MO HACERLO MEJOR","orden":"0","portada":"0","idioma":"spa","booktrailer":"","resenas":"","editorial":[{"ID":6127,"post_author":"3","post_date":"2022-07-28 17:45:28","post_date_gmt":"2022-07-28 15:45:28","post_content":"","post_title":"ARPA EDITORES","post_excerpt":"","post_status":"publish","comment_status":"closed","ping_status":"closed","post_password":"","post_name":"arpa-editores","to_ping":"","pinged":"","post_modified":"2022-07-28 17:45:28","post_modified_gmt":"2022-07-28 15:45:28","post_content_filtered":"","post_parent":0,"guid":"http:\/\/dev.claret.cat\/editorial\/arpa-editores\/","menu_order":0,"post_type":"editorial","post_mime_type":"","comment_count":"0","filter":"raw"}]},"aioseo_notices":[],"_links":{"self":[{"href":"https:\/\/www.claret.cat\/es\/wp-json\/wp\/v2\/product\/1050307","targetHints":{"allow":["GET"]}}],"collection":[{"href":"https:\/\/www.claret.cat\/es\/wp-json\/wp\/v2\/product"}],"about":[{"href":"https:\/\/www.claret.cat\/es\/wp-json\/wp\/v2\/types\/product"}],"wp:featuredmedia":[{"embeddable":true,"href":"https:\/\/www.claret.cat\/es\/wp-json\/wp\/v2\/media\/1050438"}],"wp:attachment":[{"href":"https:\/\/www.claret.cat\/es\/wp-json\/wp\/v2\/media?parent=1050307"}],"wp:term":[{"taxonomy":"product_brand","embeddable":true,"href":"https:\/\/www.claret.cat\/es\/wp-json\/wp\/v2\/product_brand?post=1050307"},{"taxonomy":"product_cat","embeddable":true,"href":"https:\/\/www.claret.cat\/es\/wp-json\/wp\/v2\/product_cat?post=1050307"},{"taxonomy":"product_tag","embeddable":true,"href":"https:\/\/www.claret.cat\/es\/wp-json\/wp\/v2\/product_tag?post=1050307"}],"curies":[{"name":"wp","href":"https:\/\/api.w.org\/{rel}","templated":true}]}}

<p>«Este libro demuestra algo esperanzador:<br /> tu ayuda puede tener un impacto enorme si<br /> sabes dónde dirigirla. Datos al servicio del bien».<br /> Kiko Llaneras, autor de Piensa claro<br /> Vivimos rodeados de noticias alarmantes, pero<br /> lejos del ruido existe una tragedia más profunda<br /> y persistente: la de los Olvidados, los casi setecientos<br /> millones de personas que sobreviven en pobreza<br /> extrema. Los ignoramos no por maldad, sino porque<br /> no sabemos cuánto podemos hacer desde donde<br /> estamos.<br /> Este libro es para quienes sienten que el mundo<br /> no debería ser así, pero dudan de su capacidad para<br /> cambiarlo. Pablo Melchor, cofundador de Fundación<br /> Ayuda Efectiva, desmonta con lucidez los mitos<br /> que nos paralizan —«eso no sirve», «yo no puedo»,<br /> «ya hago bastante», etc.— y propone una nueva<br /> forma de entender la solidaridad: racional, exigente<br /> y profundamente humana. Con mapas, datos<br /> e historias reales, nos muestra que hoy podemos<br /> saber con precisión qué tipo de ayuda salva más<br /> vidas al menor coste.<br /> A medio camino entre la ética y la acción,<br /> Altruismo racional no es un alegato culpabilizador,<br /> sino una invitación a vivir con más sentido. Porque,<br /> si puedes salvar vidas y no lo sabías, este libro te lo<br /> cuenta. Y si ya lo sabías, te recuerda que aún estás<br /> a tiempo.</p>
<p> «Ofrece una<br /> vía moderna<br /> y efectiva para<br /> ayudar mejor».<br /> Vicente Vallés</p>
<p> «Este libro cambiará vidas. Los poderosos argumentos de Pablo Melchor barren con todas las excusas para la inacción y Altruismo racional salta inmediatamente a lo más alto de las listas de los mejores libros —en cualquier idioma— sobre cómo podemos y debemos actuar eficazmente contra la pobreza global». Peter Singer, catedrático de Bioética en la Universidad de Princeton y autor de The Life You Can Save</p>
<p> «Pablo Melchor es el mejor ejemplo de que para cambiar realmente las cosas necesitamos tanta cabeza como corazón. Hasta el deseo más puro de ayudar a otros se queda en nada si no lo enfocamos en lo que realmente importa». Jaime Rodríguez de Santiago, emprendedor, directivo y autor del podcast kaizen</p>
<p> «Esto no es un libro de autoayuda. Es un libro sobre ayudar de verdad». Andy Stalman, CEO de TOTEM Branding y autor del best seller Brandoffon</p>
<p> «¿Y si te dijera que salvar vidas está a tu alcance, con poco esfuerzo? Con este libro puedes conseguirlo». François Derbaix, cofundador de Indexa Capital y de Bewater Funds</p>

Rústica

POR QUÉ PODEMOS AYUDAR MÁS Y CÓMO HACERLO MEJOR
