{"id":105086,"date":"2022-10-12T08:58:20","date_gmt":"2022-10-12T06:58:20","guid":{"rendered":"http:\/\/dev.claret.cat\/producte\/capitalismo-1679-2065\/"},"modified":"2023-01-28T00:37:03","modified_gmt":"2023-01-27T23:37:03","slug":"capitalismo-16792065-9788434432956","status":"publish","type":"product","link":"https:\/\/www.claret.cat\/es\/libro\/capitalismo-16792065-9788434432956\/","title":{"rendered":"CAPITALISMO (1679-2065)"},"content":{"rendered":"<p>La llegada del coronavirus ha sido tan solo el acelerador de un proceso inevitable en la evoluci\u00f3n del Sistema Capitalista. As\u00ed lo explica en este libro el profesor Santiago Ni\u00f1o-Becerra. Con la claridad y contundencia que le caracterizan, sit\u00faa la actual incertidumbre econ\u00f3mica en la larga historia del Capitalismo. Y tambi\u00e9n anuncia lo que est\u00e1 por venir: una nueva forma de Capitalismo m\u00e1s deshumanizado.<br \/> Hace diez a\u00f1os el sistema implosion\u00f3 y entr\u00f3 en un crash tan grave y duradero como el de 1929. La crisis no ha terminado todav\u00eda, aunque esta vez s\u00ed se anuncia su final. Falta muy poco para que comience a ser perceptible algo que de hecho ya ha empezado a producirse: la llegada de un Capitalismo m\u00e1s tecnol\u00f3gico, mucho m\u00e1s flexible y cada vez m\u00e1s desigual.<br \/> El factor trabajo dejar\u00e1 de ser clave en el funcionamiento de la econom\u00eda. El modelo de protecci\u00f3n social pasar\u00e1 a la historia. La compensaci\u00f3n llegar\u00e1 con la introducci\u00f3n de sistemas de renta b\u00e1sica universal, ocio barato y otras f\u00f3rmulas que permitan a los ciudadanos evadirse de la realidad. Y, en medio siglo m\u00e1s, el Capitalismo dejar\u00e1 de ser \u00fatil y acabar\u00e1 siendo reemplazado por otro sistema.<\/p>\n","protected":false},"excerpt":{"rendered":"<p>NI\u00d1O-BECERRA, SANTIAGO<\/p>\n","protected":false},"featured_media":105087,"template":"","meta":{"_acf_changed":false,"om_disable_all_campaigns":false,"rs_blank_template":"","rs_page_bg_color":"","slide_template_v7":"","inline_featured_image":false,"_monsterinsights_skip_tracking":false,"_monsterinsights_sitenote_active":false,"_monsterinsights_sitenote_note":"","_monsterinsights_sitenote_category":0},"product_brand":[],"product_cat":[182],"product_tag":[],"class_list":{"0":"post-105086","1":"product","2":"type-product","3":"status-publish","4":"has-post-thumbnail","6":"product_cat-social-i-economica","8":"first","9":"instock","10":"taxable","11":"shipping-taxable","12":"purchasable","13":"product-type-simple"},"acf":{"editorial":[{"ID":6220,"post_author":"3","post_date":"2022-07-28 17:47:28","post_date_gmt":"2022-07-28 15:47:28","post_content":"","post_title":"Editorial Ariel","post_excerpt":"","post_status":"publish","comment_status":"closed","ping_status":"closed","post_password":"","post_name":"editorial-ariel","to_ping":"","pinged":"","post_modified":"2022-07-28 17:47:28","post_modified_gmt":"2022-07-28 15:47:28","post_content_filtered":"","post_parent":0,"guid":"http:\/\/dev.claret.cat\/editorial\/editorial-ariel\/","menu_order":0,"post_type":"editorial","post_mime_type":"","comment_count":"0","filter":"raw"}],"autor":"NI\u00d1O-BECERRA, SANTIAGO","codart":"843443295","libros-coleccion":"Ariel","ediciones":"1","encuadernacion":"Carton\u00e9","fecha_de_publicacion":"01\/09\/2020","novedad":"1","paginas":"512","subtitulo":"UNA APROXIMACI\u00d3N AL SISTEMA ECON\u00d3MICO QUE HA PRODUCIDO M\u00c1S PROSPERIDAD Y DESIGUA","orden":"0","portada":"0","idioma":"spa"},"aioseo_notices":[],"_links":{"self":[{"href":"https:\/\/www.claret.cat\/es\/wp-json\/wp\/v2\/product\/105086","targetHints":{"allow":["GET"]}}],"collection":[{"href":"https:\/\/www.claret.cat\/es\/wp-json\/wp\/v2\/product"}],"about":[{"href":"https:\/\/www.claret.cat\/es\/wp-json\/wp\/v2\/types\/product"}],"wp:featuredmedia":[{"embeddable":true,"href":"https:\/\/www.claret.cat\/es\/wp-json\/wp\/v2\/media\/105087"}],"wp:attachment":[{"href":"https:\/\/www.claret.cat\/es\/wp-json\/wp\/v2\/media?parent=105086"}],"wp:term":[{"taxonomy":"product_brand","embeddable":true,"href":"https:\/\/www.claret.cat\/es\/wp-json\/wp\/v2\/product_brand?post=105086"},{"taxonomy":"product_cat","embeddable":true,"href":"https:\/\/www.claret.cat\/es\/wp-json\/wp\/v2\/product_cat?post=105086"},{"taxonomy":"product_tag","embeddable":true,"href":"https:\/\/www.claret.cat\/es\/wp-json\/wp\/v2\/product_tag?post=105086"}],"curies":[{"name":"wp","href":"https:\/\/api.w.org\/{rel}","templated":true}]}}

<p>La llegada del coronavirus ha sido tan solo el acelerador de un proceso inevitable en la evolución del Sistema Capitalista. Así lo explica en este libro el profesor Santiago Niño-Becerra. Con la claridad y contundencia que le caracterizan, sitúa la actual incertidumbre económica en la larga historia del Capitalismo. Y también anuncia lo que está por venir: una nueva forma de Capitalismo más deshumanizado.<br /> Hace diez años el sistema implosionó y entró en un crash tan grave y duradero como el de 1929. La crisis no ha terminado todavía, aunque esta vez sí se anuncia su final. Falta muy poco para que comience a ser perceptible algo que de hecho ya ha empezado a producirse: la llegada de un Capitalismo más tecnológico, mucho más flexible y cada vez más desigual.<br /> El factor trabajo dejará de ser clave en el funcionamiento de la economía. El modelo de protección social pasará a la historia. La compensación llegará con la introducción de sistemas de renta básica universal, ocio barato y otras fórmulas que permitan a los ciudadanos evadirse de la realidad. Y, en medio siglo más, el Capitalismo dejará de ser útil y acabará siendo reemplazado por otro sistema.</p>

<p>NIÑO-BECERRA, SANTIAGO</p>

NIÑO-BECERRA, SANTIAGO

Cartoné

UNA APROXIMACIÓN AL SISTEMA ECONÓMICO QUE HA PRODUCIDO MÁS PROSPERIDAD Y DESIGUA
