{"id":1051485,"date":"2025-09-10T14:20:02","date_gmt":"2025-09-10T12:20:02","guid":{"rendered":"https:\/\/www.claret.cat\/llibre\/a-catalunya-hi-ha-una-revolucio-idiotes-9791387872304\/"},"modified":"2025-09-10T18:20:34","modified_gmt":"2025-09-10T16:20:34","slug":"a-catalunya-hi-ha-una-revolucio-idiotes-9791387872304","status":"publish","type":"product","link":"https:\/\/www.claret.cat\/es\/libro\/a-catalunya-hi-ha-una-revolucio-idiotes-9791387872304\/","title":{"rendered":"A CATALUNYA HI HA UNA REVOLUCIO, IDIOTES!"},"content":{"rendered":"<p>L\u2019escandal\u00f3s poeta radical sovi\u00e8tic que es va convertir en una sensaci\u00f3 a Fran\u00e7a i un antiheroi pol\u00edtic a R\u00fassia abans de morir va parlar de Catalunya<\/p>\n<p>Jo havia nascut per a la guerra i la revoluci\u00f3, per\u00f2 l&#8217;una i l&#8217;altra es resistien a esclatar, aix\u00ed que vaig decidir llan\u00e7ar-me de cap.<\/p>\n<p>L\u2019escandal\u00f3s poeta radical sovi\u00e8tic que es va convertir en un rodamon a Nova York, una sensaci\u00f3 a Fran\u00e7a i un antiheroi pol\u00edtic a R\u00fassia abans de morir va parlar de Catalunya!<\/p>\n<p>Tardor de 2017, el m\u00f3n ens mira, per\u00f2 de tot el m\u00f3n un dels personatges m\u00e9s entranyables de la hist\u00f2ria recent russa va posar el seu focus sobre Catalunya. Eduard Lim\u00f3nov va escriure poc abans de morir sobre el Refer\u00e8ndum de 2017 i la \u2013en aquells moments\u2013 possible Rep\u00fablica Catalana. <\/p>\n<p>Tens davant la versi\u00f3 esbojarrada d\u2019una de les figures m\u00e9s histri\u00f2niques del segle XX i inicis del<\/p>\n","protected":false},"excerpt":{"rendered":"<p>LIMONOV, EDUARD<\/p>\n","protected":false},"featured_media":1051685,"template":"","meta":{"_acf_changed":false,"om_disable_all_campaigns":false,"rs_blank_template":"","rs_page_bg_color":"","slide_template_v7":"","inline_featured_image":false,"_monsterinsights_skip_tracking":false,"_monsterinsights_sitenote_active":false,"_monsterinsights_sitenote_note":"","_monsterinsights_sitenote_category":0},"product_brand":[],"product_cat":[162,436],"product_tag":[],"class_list":{"0":"post-1051485","1":"product","2":"type-product","3":"status-publish","4":"has-post-thumbnail","6":"product_cat-economica-i-politica","7":"product_cat-economica-y-politica","9":"first","10":"instock","11":"taxable","12":"shipping-taxable","13":"purchasable","14":"product-type-simple"},"acf":{"autor":"LIMONOV, EDUARD","codart":"138787230","libros-coleccion":"GENERAL","ediciones":"1","encuadernacion":"R\u00fastica","fecha_de_publicacion":"01\/10\/2025","novedad":"1","paginas":"98","subtitulo":"","orden":"0","portada":"0","idioma":"cat","booktrailer":"","resenas":"","editorial":[{"ID":409398,"post_author":"3","post_date":"2023-02-28 18:26:18","post_date_gmt":"2023-02-28 17:26:18","post_content":"","post_title":"MANIFEST LLIBRES","post_excerpt":"","post_status":"publish","comment_status":"closed","ping_status":"closed","post_password":"","post_name":"manifest-llibres-2","to_ping":"","pinged":"","post_modified":"2023-02-28 18:26:18","post_modified_gmt":"2023-02-28 17:26:18","post_content_filtered":"","post_parent":0,"guid":"https:\/\/www.claret.cat\/editorial\/manifest-llibres-2\/","menu_order":0,"post_type":"editorial","post_mime_type":"","comment_count":"0","filter":"raw"}]},"aioseo_notices":[],"_links":{"self":[{"href":"https:\/\/www.claret.cat\/es\/wp-json\/wp\/v2\/product\/1051485","targetHints":{"allow":["GET"]}}],"collection":[{"href":"https:\/\/www.claret.cat\/es\/wp-json\/wp\/v2\/product"}],"about":[{"href":"https:\/\/www.claret.cat\/es\/wp-json\/wp\/v2\/types\/product"}],"wp:featuredmedia":[{"embeddable":true,"href":"https:\/\/www.claret.cat\/es\/wp-json\/wp\/v2\/media\/1051685"}],"wp:attachment":[{"href":"https:\/\/www.claret.cat\/es\/wp-json\/wp\/v2\/media?parent=1051485"}],"wp:term":[{"taxonomy":"product_brand","embeddable":true,"href":"https:\/\/www.claret.cat\/es\/wp-json\/wp\/v2\/product_brand?post=1051485"},{"taxonomy":"product_cat","embeddable":true,"href":"https:\/\/www.claret.cat\/es\/wp-json\/wp\/v2\/product_cat?post=1051485"},{"taxonomy":"product_tag","embeddable":true,"href":"https:\/\/www.claret.cat\/es\/wp-json\/wp\/v2\/product_tag?post=1051485"}],"curies":[{"name":"wp","href":"https:\/\/api.w.org\/{rel}","templated":true}]}}

<p>L’escandalós poeta radical soviètic que es va convertir en una sensació a França i un antiheroi polític a Rússia abans de morir va parlar de Catalunya</p>
<p>Jo havia nascut per a la guerra i la revolució, però l&#8217;una i l&#8217;altra es resistien a esclatar, així que vaig decidir llançar-me de cap.</p>
<p>L’escandalós poeta radical soviètic que es va convertir en un rodamon a Nova York, una sensació a França i un antiheroi polític a Rússia abans de morir va parlar de Catalunya!</p>
<p>Tardor de 2017, el món ens mira, però de tot el món un dels personatges més entranyables de la història recent russa va posar el seu focus sobre Catalunya. Eduard Limónov va escriure poc abans de morir sobre el Referèndum de 2017 i la –en aquells moments– possible República Catalana. </p>
<p>Tens davant la versió esbojarrada d’una de les figures més histriòniques del segle XX i inicis del</p>

Rústica
