{"id":1051641,"date":"2025-09-10T17:21:34","date_gmt":"2025-09-10T15:21:34","guid":{"rendered":"https:\/\/www.claret.cat\/llibre\/anne-davonlea-9788419474964\/"},"modified":"2025-10-01T17:37:20","modified_gmt":"2025-10-01T15:37:20","slug":"anne-davonlea-9788419474964","status":"publish","type":"product","link":"https:\/\/www.claret.cat\/es\/libro\/anne-davonlea-9788419474964\/","title":{"rendered":"ANNE D&#8217;AVONLEA"},"content":{"rendered":"<p>Ja han passat cinc estius des que l\u2019Anne Shirley, d\u2019onze anys, va arribar a Avonlea, a la remota illa del Pr\u00edncep Eduard. I ara seria del tot impossible imaginar-se les Teules Verdes i tot el ve\u00efnat d\u2019Avonlea sense ella! <br \/> En aquest temps, l\u2019Anne ha crescut for\u00e7a, ha estudiat molt i s\u2019ha convertit en mestra. I tot i que continua ficant-se en embolics, ara t\u00e9 noves preocupacions. Com s\u2019ho far\u00e0 per guanyar-se la confian\u00e7a dels seus alumnes? Podr\u00e0 fer realitat el seu somni d\u2019anar a la universitat? I qu\u00e8 se n\u2019ha fet, d\u2019en Gilbert Blythe, durant tot aquest temps?<\/p>\n","protected":false},"excerpt":{"rendered":"<p>MONTGOMERY, LUCY MAUD<\/p>\n","protected":false},"featured_media":1051786,"template":"","meta":{"_acf_changed":false,"om_disable_all_campaigns":false,"rs_blank_template":"","rs_page_bg_color":"","slide_template_v7":"","inline_featured_image":false,"_monsterinsights_skip_tracking":false,"_monsterinsights_sitenote_active":false,"_monsterinsights_sitenote_note":"","_monsterinsights_sitenote_category":0},"product_brand":[],"product_cat":[354,123],"product_tag":[],"class_list":{"0":"post-1051641","1":"product","2":"type-product","3":"status-publish","4":"has-post-thumbnail","6":"product_cat-clasica","7":"product_cat-classica","9":"first","10":"instock","11":"taxable","12":"shipping-taxable","13":"purchasable","14":"product-type-simple"},"acf":{"autor":"MONTGOMERY, LUCY MAUD","codart":"841947496","libros-coleccion":"El jard\u00ed secret","ediciones":"1","encuadernacion":"Carton\u00e9","fecha_de_publicacion":"01\/09\/2025","novedad":"1","paginas":"389","subtitulo":"","orden":"0","portada":"1","idioma":"cat","booktrailer":"","resenas":"","editorial":[{"ID":6392,"post_author":"3","post_date":"2022-07-28 17:51:10","post_date_gmt":"2022-07-28 15:51:10","post_content":"","post_title":"Viena","post_excerpt":"","post_status":"publish","comment_status":"closed","ping_status":"closed","post_password":"","post_name":"viena","to_ping":"","pinged":"","post_modified":"2022-07-28 17:51:10","post_modified_gmt":"2022-07-28 15:51:10","post_content_filtered":"","post_parent":0,"guid":"http:\/\/dev.claret.cat\/editorial\/viena\/","menu_order":0,"post_type":"editorial","post_mime_type":"","comment_count":"0","filter":"raw"}]},"aioseo_notices":[],"_links":{"self":[{"href":"https:\/\/www.claret.cat\/es\/wp-json\/wp\/v2\/product\/1051641","targetHints":{"allow":["GET"]}}],"collection":[{"href":"https:\/\/www.claret.cat\/es\/wp-json\/wp\/v2\/product"}],"about":[{"href":"https:\/\/www.claret.cat\/es\/wp-json\/wp\/v2\/types\/product"}],"wp:featuredmedia":[{"embeddable":true,"href":"https:\/\/www.claret.cat\/es\/wp-json\/wp\/v2\/media\/1051786"}],"wp:attachment":[{"href":"https:\/\/www.claret.cat\/es\/wp-json\/wp\/v2\/media?parent=1051641"}],"wp:term":[{"taxonomy":"product_brand","embeddable":true,"href":"https:\/\/www.claret.cat\/es\/wp-json\/wp\/v2\/product_brand?post=1051641"},{"taxonomy":"product_cat","embeddable":true,"href":"https:\/\/www.claret.cat\/es\/wp-json\/wp\/v2\/product_cat?post=1051641"},{"taxonomy":"product_tag","embeddable":true,"href":"https:\/\/www.claret.cat\/es\/wp-json\/wp\/v2\/product_tag?post=1051641"}],"curies":[{"name":"wp","href":"https:\/\/api.w.org\/{rel}","templated":true}]}}

<p>Ja han passat cinc estius des que l’Anne Shirley, d’onze anys, va arribar a Avonlea, a la remota illa del Príncep Eduard. I ara seria del tot impossible imaginar-se les Teules Verdes i tot el veïnat d’Avonlea sense ella! <br /> En aquest temps, l’Anne ha crescut força, ha estudiat molt i s’ha convertit en mestra. I tot i que continua ficant-se en embolics, ara té noves preocupacions. Com s’ho farà per guanyar-se la confiança dels seus alumnes? Podrà fer realitat el seu somni d’anar a la universitat? I què se n’ha fet, d’en Gilbert Blythe, durant tot aquest temps?</p>

El jardí secret

Cartoné
