{"id":105212,"date":"2022-10-12T09:00:07","date_gmt":"2022-10-12T07:00:07","guid":{"rendered":"http:\/\/dev.claret.cat\/producte\/ya-soy-mayor\/"},"modified":"2025-01-31T16:32:50","modified_gmt":"2025-01-31T15:32:50","slug":"ya-soy-mayor-9788424668266","status":"publish","type":"product","link":"https:\/\/www.claret.cat\/es\/libro\/ya-soy-mayor-9788424668266\/","title":{"rendered":"YA SOY MAYOR"},"content":{"rendered":"<p>El \u00e1lbum ideal para trabajar la autonom\u00eda de los m\u00e1s peque\u00f1os.<\/p>\n<p>Peque\u00f1o Elefante ya es mayor, y tiene una misi\u00f3n de lo m\u00e1s importante: ir SOLO a comprar los \u00faltimos preparativos para la fiesta de Tortuga centenaria. \u00bfQu\u00e9 puede salir mal? Solo tiene que comprar velas, chocolate, globos&#8230; y sabe d\u00f3nde encontrarlo todo. Pero, sin saber c\u00f3mo, empiezan los problemas: se equivoca con las cantidades, se come el chocolate, llega tarde a todos lados, se entretienen a ayudar a un suricato que se ha perdido&#8230; y la misi\u00f3n es un aut\u00e9ntico desastre.<\/p>\n<p>Susanna Isern nos habla en este cuento de c\u00f3mo afrontar los primeros encargos y sus consecuencias.<\/p>\n","protected":false},"excerpt":{"rendered":"<p>ISERN, SUSANNA<\/p>\n","protected":false},"featured_media":105213,"template":"","meta":{"_acf_changed":false,"om_disable_all_campaigns":false,"rs_blank_template":"","rs_page_bg_color":"","slide_template_v7":"","inline_featured_image":false,"_monsterinsights_skip_tracking":false,"_monsterinsights_sitenote_active":false,"_monsterinsights_sitenote_note":"","_monsterinsights_sitenote_category":0},"product_brand":[],"product_cat":[90,540],"product_tag":[],"class_list":{"0":"post-105212","1":"product","2":"type-product","3":"status-publish","4":"has-post-thumbnail","6":"product_cat-altres","7":"product_cat-otros","9":"first","10":"instock","11":"taxable","12":"shipping-taxable","13":"purchasable","14":"product-type-simple"},"acf":{"autor":"ISERN, SUSANNA","codart":"842466826","libros-coleccion":"Narrativa Singular","ediciones":"1","encuadernacion":"Carton\u00e9","fecha_de_publicacion":"01\/09\/2020","novedad":"1","paginas":"45","subtitulo":"","orden":"0","portada":"0","idioma":"spa","editorial":[{"ID":148189,"post_author":"3","post_date":"2022-10-14 11:56:19","post_date_gmt":"2022-10-14 09:56:19","post_content":"","post_title":"GALERA, EDITORIAL","post_excerpt":"","post_status":"publish","comment_status":"closed","ping_status":"closed","post_password":"","post_name":"galera-editorial","to_ping":"","pinged":"","post_modified":"2022-10-14 11:56:19","post_modified_gmt":"2022-10-14 09:56:19","post_content_filtered":"","post_parent":0,"guid":"http:\/\/dev.claret.cat\/editorial\/galera-editorial\/","menu_order":0,"post_type":"editorial","post_mime_type":"","comment_count":"0","filter":"raw"}],"autores-libros":[{"ID":169977,"post_author":"3","post_date":"2022-10-14 22:31:33","post_date_gmt":"2022-10-14 20:31:33","post_content":"","post_title":"SUSANNA ISERN","post_excerpt":"","post_status":"publish","comment_status":"closed","ping_status":"closed","post_password":"","post_name":"susanna-isern","to_ping":"","pinged":"","post_modified":"2022-10-14 22:31:33","post_modified_gmt":"2022-10-14 20:31:33","post_content_filtered":"","post_parent":0,"guid":"http:\/\/dev.claret.cat\/autor\/susanna-isern\/","menu_order":0,"post_type":"autor","post_mime_type":"","comment_count":"0","filter":"raw"}]},"aioseo_notices":[],"_links":{"self":[{"href":"https:\/\/www.claret.cat\/es\/wp-json\/wp\/v2\/product\/105212","targetHints":{"allow":["GET"]}}],"collection":[{"href":"https:\/\/www.claret.cat\/es\/wp-json\/wp\/v2\/product"}],"about":[{"href":"https:\/\/www.claret.cat\/es\/wp-json\/wp\/v2\/types\/product"}],"wp:featuredmedia":[{"embeddable":true,"href":"https:\/\/www.claret.cat\/es\/wp-json\/wp\/v2\/media\/105213"}],"wp:attachment":[{"href":"https:\/\/www.claret.cat\/es\/wp-json\/wp\/v2\/media?parent=105212"}],"wp:term":[{"taxonomy":"product_brand","embeddable":true,"href":"https:\/\/www.claret.cat\/es\/wp-json\/wp\/v2\/product_brand?post=105212"},{"taxonomy":"product_cat","embeddable":true,"href":"https:\/\/www.claret.cat\/es\/wp-json\/wp\/v2\/product_cat?post=105212"},{"taxonomy":"product_tag","embeddable":true,"href":"https:\/\/www.claret.cat\/es\/wp-json\/wp\/v2\/product_tag?post=105212"}],"curies":[{"name":"wp","href":"https:\/\/api.w.org\/{rel}","templated":true}]}}

<p>El álbum ideal para trabajar la autonomía de los más pequeños.</p>
<p>Pequeño Elefante ya es mayor, y tiene una misión de lo más importante: ir SOLO a comprar los últimos preparativos para la fiesta de Tortuga centenaria. ¿Qué puede salir mal? Solo tiene que comprar velas, chocolate, globos&#8230; y sabe dónde encontrarlo todo. Pero, sin saber cómo, empiezan los problemas: se equivoca con las cantidades, se come el chocolate, llega tarde a todos lados, se entretienen a ayudar a un suricato que se ha perdido&#8230; y la misión es un auténtico desastre.</p>
<p>Susanna Isern nos habla en este cuento de cómo afrontar los primeros encargos y sus consecuencias.</p>

Cartoné
