{"id":1053117,"date":"2025-09-17T13:05:34","date_gmt":"2025-09-17T11:05:34","guid":{"rendered":"https:\/\/www.claret.cat\/llibre\/revista-resena-biblica-127-arqueologia-y-biblia-9781134523276\/"},"modified":"2025-09-17T13:17:04","modified_gmt":"2025-09-17T11:17:04","slug":"revista-resena-biblica-127-arqueologia-y-biblia-9781134523276","status":"publish","type":"product","link":"https:\/\/www.claret.cat\/es\/libro\/revista-resena-biblica-127-arqueologia-y-biblia-9781134523276\/","title":{"rendered":"REVISTA RESE\u00d1A B\u00cdBLICA. 127. ARQUEOLOG\u00cdA Y BIBLIA"},"content":{"rendered":"<p><span>Las piedras hablan, y la arqueolog\u00eda nos ense\u00f1a a o\u00edr su voz y escuchar lo que nos dicen. La dificultad radica en que esa voz a veces es apenas audible o no tan clara como nos gustar\u00eda.<\/span><\/p>\n<p><\/p>\n<p><span>El mensaje que transmiten las piedras -traducido por los arque\u00f3logos- forma parte de una de las dimensiones que constituyen la Biblia: la historia. En efecto, el relato hist\u00f3rico debe apoyarse, entre otras cosas, en los hallazgos arqueol\u00f3gicos.<\/span><\/p>\n<p><\/p>\n<p><span>Est\u00e1 claro que la Biblia no puede ser solo las piedras, pero tambi\u00e9n lo es que las piedras forman parte esencial de lo que la Biblia es y significa, sea cual sea la interpretaci\u00f3n que se haga de ellas.<\/span><\/p>\n","protected":false},"excerpt":{"rendered":"<p>ASOCIACI\u00d3N B\u00cdBLICA ESPA\u00d1OLA<\/p>\n","protected":false},"featured_media":1053144,"template":"","meta":{"_acf_changed":false,"om_disable_all_campaigns":false,"rs_blank_template":"","rs_page_bg_color":"","slide_template_v7":"","inline_featured_image":false,"_monsterinsights_skip_tracking":false,"_monsterinsights_sitenote_active":false,"_monsterinsights_sitenote_note":"","_monsterinsights_sitenote_category":0},"product_brand":[],"product_cat":[470,210,420,296],"product_tag":[],"class_list":{"0":"post-1053117","1":"product","2":"type-product","3":"status-publish","4":"has-post-thumbnail","6":"product_cat-atlas","7":"product_cat-atles","8":"product_cat-biblias","9":"product_cat-biblies","11":"first","12":"instock","13":"taxable","14":"shipping-taxable","15":"purchasable","16":"product-type-simple"},"acf":{"autor":"ASOCIACI\u00d3N B\u00cdBLICA ESPA\u00d1OLA","codart":"113452327","libros-coleccion":"","ediciones":"1","encuadernacion":"R\u00fastica","fecha_de_publicacion":"16\/06\/2025","novedad":"1","paginas":"80","subtitulo":"","orden":"0","portada":"0","idioma":"spa","booktrailer":"","resenas":"","editorial":[{"ID":6390,"post_author":"3","post_date":"2022-07-28 17:51:08","post_date_gmt":"2022-07-28 15:51:08","post_content":"","post_title":"VERBO DIVINO","post_excerpt":"","post_status":"publish","comment_status":"closed","ping_status":"closed","post_password":"","post_name":"verbo-divino","to_ping":"","pinged":"","post_modified":"2022-07-28 17:51:08","post_modified_gmt":"2022-07-28 15:51:08","post_content_filtered":"","post_parent":0,"guid":"http:\/\/dev.claret.cat\/editorial\/verbo-divino\/","menu_order":0,"post_type":"editorial","post_mime_type":"","comment_count":"0","filter":"raw"}]},"aioseo_notices":[],"_links":{"self":[{"href":"https:\/\/www.claret.cat\/es\/wp-json\/wp\/v2\/product\/1053117","targetHints":{"allow":["GET"]}}],"collection":[{"href":"https:\/\/www.claret.cat\/es\/wp-json\/wp\/v2\/product"}],"about":[{"href":"https:\/\/www.claret.cat\/es\/wp-json\/wp\/v2\/types\/product"}],"wp:featuredmedia":[{"embeddable":true,"href":"https:\/\/www.claret.cat\/es\/wp-json\/wp\/v2\/media\/1053144"}],"wp:attachment":[{"href":"https:\/\/www.claret.cat\/es\/wp-json\/wp\/v2\/media?parent=1053117"}],"wp:term":[{"taxonomy":"product_brand","embeddable":true,"href":"https:\/\/www.claret.cat\/es\/wp-json\/wp\/v2\/product_brand?post=1053117"},{"taxonomy":"product_cat","embeddable":true,"href":"https:\/\/www.claret.cat\/es\/wp-json\/wp\/v2\/product_cat?post=1053117"},{"taxonomy":"product_tag","embeddable":true,"href":"https:\/\/www.claret.cat\/es\/wp-json\/wp\/v2\/product_tag?post=1053117"}],"curies":[{"name":"wp","href":"https:\/\/api.w.org\/{rel}","templated":true}]}}

REVISTA RESEÑA BÍBLICA. 127. ARQUEOLOGÍA Y BIBLIA

<p><span>Las piedras hablan, y la arqueología nos enseña a oír su voz y escuchar lo que nos dicen. La dificultad radica en que esa voz a veces es apenas audible o no tan clara como nos gustaría.</span></p>
<p></p>
<p><span>El mensaje que transmiten las piedras -traducido por los arqueólogos- forma parte de una de las dimensiones que constituyen la Biblia: la historia. En efecto, el relato histórico debe apoyarse, entre otras cosas, en los hallazgos arqueológicos.</span></p>
<p></p>
<p><span>Está claro que la Biblia no puede ser solo las piedras, pero también lo es que las piedras forman parte esencial de lo que la Biblia es y significa, sea cual sea la interpretación que se haga de ellas.</span></p>

<p>ASOCIACIÓN BÍBLICA ESPAÑOLA</p>

ASOCIACIÓN BÍBLICA ESPAÑOLA

Rústica
