{"id":1053383,"date":"2025-09-17T17:50:57","date_gmt":"2025-09-17T15:50:57","guid":{"rendered":"https:\/\/www.claret.cat\/llibre\/amanida-barrejada-9791387672294\/"},"modified":"2025-09-18T10:57:21","modified_gmt":"2025-09-18T08:57:21","slug":"amanida-barrejada-9791387672294","status":"publish","type":"product","link":"https:\/\/www.claret.cat\/es\/libro\/amanida-barrejada-9791387672294\/","title":{"rendered":"AMANIDA BARREJADA"},"content":{"rendered":"<p>Amanida barrejada reuneix alguns dels articles m\u00e9s famosos de Nora Ephron: en aquestes peces divertid\u00edssimes i enganyosament lleugeres, Ephron parla de les fantasies sexuals femenines, de les reines dels concursos de bellesa americans, dels grups de presa de consci\u00e8ncia feminista, de l\u2019estrella del cinema porno dels anys setanta, la Linda Lovelace, del cas Watergate, dels productes de bellesa, del cos femen\u00ed i d\u2019un concurs nacional de cuina apote\u00f2sic, entre moltes altres coses. I en tots aquests textos refl exiona, amb la franquesa, la perspic\u00e0cia i l\u2019humor provocador que li s\u00f3n tan propis, sobre els mitjans de comunicaci\u00f3, la condici\u00f3 de la dona, els confl ictes de la vida quotidiana i la instrumentalitzaci\u00f3 que la pol\u00edtica fa del feminisme, temes que encara s\u00f3n d\u2019una actualitat aclaparadora. Als articles hi barreja an\u00e8cdotes autobiogr\u00e0fi ques impagables esquitxades de frases memorables, i il\u00b7lumina tota una \u00e8poca, un moment hist\u00f2ric i una generaci\u00f3 de dones \u2014i d\u2019homes\u2014 que van conformar una nova manera de viure i de veure el m\u00f3n.<\/p>\n","protected":false},"excerpt":{"rendered":"<p>EPHRON, NORA<\/p>\n","protected":false},"featured_media":1053595,"template":"","meta":{"_acf_changed":false,"om_disable_all_campaigns":false,"rs_blank_template":"","rs_page_bg_color":"","slide_template_v7":"","inline_featured_image":false,"_monsterinsights_skip_tracking":false,"_monsterinsights_sitenote_active":false,"_monsterinsights_sitenote_note":"","_monsterinsights_sitenote_category":0},"product_brand":[],"product_cat":[434,159],"product_tag":[],"class_list":{"0":"post-1053383","1":"product","2":"type-product","3":"status-publish","4":"has-post-thumbnail","6":"product_cat-autores-sociologia-2_humanidades","7":"product_cat-autors","9":"first","10":"instock","11":"taxable","12":"shipping-taxable","13":"purchasable","14":"product-type-simple"},"acf":{"autor":"EPHRON, NORA","codart":"138767229","libros-coleccion":"","ediciones":"1","encuadernacion":"R\u00fastica","fecha_de_publicacion":"01\/09\/2025","novedad":"1","paginas":"243","subtitulo":"","orden":"0","portada":"0","idioma":"cat","booktrailer":"","resenas":"","editorial":[{"ID":8251,"post_author":"3","post_date":"2022-09-30 09:21:29","post_date_gmt":"2022-09-30 07:21:29","post_content":"","post_title":"L'ALTRA EDITORIAL","post_excerpt":"","post_status":"publish","comment_status":"closed","ping_status":"closed","post_password":"","post_name":"laltra-editorial-3","to_ping":"","pinged":"","post_modified":"2022-09-30 09:21:29","post_modified_gmt":"2022-09-30 07:21:29","post_content_filtered":"","post_parent":0,"guid":"http:\/\/dev.claret.cat\/editorial\/laltra-editorial-3\/","menu_order":0,"post_type":"editorial","post_mime_type":"","comment_count":"0","filter":"raw"}]},"aioseo_notices":[],"_links":{"self":[{"href":"https:\/\/www.claret.cat\/es\/wp-json\/wp\/v2\/product\/1053383","targetHints":{"allow":["GET"]}}],"collection":[{"href":"https:\/\/www.claret.cat\/es\/wp-json\/wp\/v2\/product"}],"about":[{"href":"https:\/\/www.claret.cat\/es\/wp-json\/wp\/v2\/types\/product"}],"wp:featuredmedia":[{"embeddable":true,"href":"https:\/\/www.claret.cat\/es\/wp-json\/wp\/v2\/media\/1053595"}],"wp:attachment":[{"href":"https:\/\/www.claret.cat\/es\/wp-json\/wp\/v2\/media?parent=1053383"}],"wp:term":[{"taxonomy":"product_brand","embeddable":true,"href":"https:\/\/www.claret.cat\/es\/wp-json\/wp\/v2\/product_brand?post=1053383"},{"taxonomy":"product_cat","embeddable":true,"href":"https:\/\/www.claret.cat\/es\/wp-json\/wp\/v2\/product_cat?post=1053383"},{"taxonomy":"product_tag","embeddable":true,"href":"https:\/\/www.claret.cat\/es\/wp-json\/wp\/v2\/product_tag?post=1053383"}],"curies":[{"name":"wp","href":"https:\/\/api.w.org\/{rel}","templated":true}]}}

<p>Amanida barrejada reuneix alguns dels articles més famosos de Nora Ephron: en aquestes peces divertidíssimes i enganyosament lleugeres, Ephron parla de les fantasies sexuals femenines, de les reines dels concursos de bellesa americans, dels grups de presa de consciència feminista, de l’estrella del cinema porno dels anys setanta, la Linda Lovelace, del cas Watergate, dels productes de bellesa, del cos femení i d’un concurs nacional de cuina apoteòsic, entre moltes altres coses. I en tots aquests textos refl exiona, amb la franquesa, la perspicàcia i l’humor provocador que li són tan propis, sobre els mitjans de comunicació, la condició de la dona, els confl ictes de la vida quotidiana i la instrumentalització que la política fa del feminisme, temes que encara són d’una actualitat aclaparadora. Als articles hi barreja anècdotes autobiogràfi ques impagables esquitxades de frases memorables, i il·lumina tota una època, un moment històric i una generació de dones —i d’homes— que van conformar una nova manera de viure i de veure el món.</p>

Rústica
