{"id":1056355,"date":"2025-09-30T16:11:17","date_gmt":"2025-09-30T14:11:17","guid":{"rendered":"https:\/\/www.claret.cat\/llibre\/sobre-dios-9788449344541\/"},"modified":"2026-04-27T10:30:11","modified_gmt":"2026-04-27T08:30:11","slug":"sobre-dios-9788449344541","status":"publish","type":"product","link":"https:\/\/www.claret.cat\/es\/libro\/sobre-dios-9788449344541\/","title":{"rendered":"SOBRE DIOS"},"content":{"rendered":"<p><span class='ql-size-large'>Un ensayo breve, profundo y luminoso sobre c\u00f3mo vivir hoy con sentido<\/span><\/p>\n<p><\/p>\n<p>De la mano<a href='https:\/\/www.claret.cat\/es\/catalogo\/?b=+Byung-Chul+Han' rel='noopener noreferrer' target='_blank'> <strong>Byung-Chul Han<\/strong><\/a>, el fil\u00f3sofo contempor\u00e1neo m\u00e1s le\u00eddo y Premio Princesa de Asturias de Comunicaci\u00f3n y Humanidades 2025, nos llega una reflexi\u00f3n brillante y serena en conversaci\u00f3n con el pensamiento de <strong>Simone Weil<\/strong> sobre la necesidad de recuperar el sentido.<\/p>\n<p><\/p>\n<p>Simone Weil es, en palabras de Byung-Chul Han, <strong>la figura intelectual m\u00e1s brillante del siglo XX. <\/strong>En este ensayo breve y visionario, el fil\u00f3sofo surcoreano reinterpreta la obra de la fil\u00f3sofa francesa como una br\u00fajula \u00e9tica y espiritual para nuestro tiempo. Frente a un mundo dominado por el rendimiento, el consumo y la hiperactividad, Weil \u2014y con ella Han\u2014 nos invita a redescubrir el vac\u00edo, el silencio, la atenci\u00f3n y la trascendencia como formas de vida posibles y necesarias. <\/p>\n<p><\/p>\n<p>Con un tono \u00edntimo y meditativo, Han establece un di\u00e1logo entre<strong> siete conceptos fundamentales del pensamiento de Weil <\/strong>\u2014atenci\u00f3n, descreaci\u00f3n, vac\u00edo, silencio, belleza, dolor e inactividad\u2014 y las heridas contempor\u00e1neas: la saturaci\u00f3n digital, el individualismo, la p\u00e9rdida de sentido y el colapso espiritual. A fin de cuentas, Weil nos conduce \u2014nos seduce, dice Han\u2014 hacia otra realidad: una vida m\u00e1s libre, m\u00e1s honda, menos sometida al ruido y a la eficiencia. <\/p>\n<p><\/p>\n<p>En tiempos de crisis, este libro ofrece una forma de consuelo que no evita el dolor, sino que lo abraza como<strong> v\u00eda de elevaci\u00f3n<\/strong>. Una lectura que calma, sacude y transforma.<\/p>\n","protected":false},"excerpt":{"rendered":"<p>HAN, BYUNG-CHUL<\/p>\n","protected":false},"featured_media":1057993,"template":"","meta":{"_acf_changed":false,"om_disable_all_campaigns":false,"rs_blank_template":"","rs_page_bg_color":"","slide_template_v7":"","inline_featured_image":false,"_monsterinsights_skip_tracking":false,"_monsterinsights_sitenote_active":false,"_monsterinsights_sitenote_note":"","_monsterinsights_sitenote_category":0},"product_brand":[],"product_cat":[373,166,308,486,233],"product_tag":[],"class_list":{"0":"post-1056355","1":"product","2":"type-product","3":"status-publish","4":"has-post-thumbnail","6":"product_cat-autores","7":"product_cat-autors-filosofia","8":"product_cat-castella","9":"product_cat-mistica-espiritualidad-1_espiritualidad","10":"product_cat-mistica","12":"first","13":"instock","14":"taxable","15":"shipping-taxable","16":"purchasable","17":"product-type-simple"},"acf":{"autor":"HAN, BYUNG-CHUL","codart":"844934454","libros-coleccion":"Contextos","ediciones":"1","encuadernacion":"R\u00fastica","fecha_de_publicacion":"01\/10\/2025","novedad":"1","paginas":"135","subtitulo":"PENSAR CON SIMONE WEIL","orden":"9","portada":"1","idioma":"spa","booktrailer":"","resenas":"","editorial":[{"ID":6206,"post_author":"3","post_date":"2022-07-28 17:47:08","post_date_gmt":"2022-07-28 15:47:08","post_content":"","post_title":"Ediciones Paid\u00f3s","post_excerpt":"","post_status":"publish","comment_status":"closed","ping_status":"closed","post_password":"","post_name":"ediciones-paidos","to_ping":"","pinged":"","post_modified":"2022-07-28 17:47:08","post_modified_gmt":"2022-07-28 15:47:08","post_content_filtered":"","post_parent":0,"guid":"http:\/\/dev.claret.cat\/editorial\/ediciones-paidos\/","menu_order":0,"post_type":"editorial","post_mime_type":"","comment_count":"0","filter":"raw"}],"linkebook":"","ficha":"","muestra":"","precioebook":"0","presentacion":""},"aioseo_notices":[],"_links":{"self":[{"href":"https:\/\/www.claret.cat\/es\/wp-json\/wp\/v2\/product\/1056355","targetHints":{"allow":["GET"]}}],"collection":[{"href":"https:\/\/www.claret.cat\/es\/wp-json\/wp\/v2\/product"}],"about":[{"href":"https:\/\/www.claret.cat\/es\/wp-json\/wp\/v2\/types\/product"}],"wp:featuredmedia":[{"embeddable":true,"href":"https:\/\/www.claret.cat\/es\/wp-json\/wp\/v2\/media\/1057993"}],"wp:attachment":[{"href":"https:\/\/www.claret.cat\/es\/wp-json\/wp\/v2\/media?parent=1056355"}],"wp:term":[{"taxonomy":"product_brand","embeddable":true,"href":"https:\/\/www.claret.cat\/es\/wp-json\/wp\/v2\/product_brand?post=1056355"},{"taxonomy":"product_cat","embeddable":true,"href":"https:\/\/www.claret.cat\/es\/wp-json\/wp\/v2\/product_cat?post=1056355"},{"taxonomy":"product_tag","embeddable":true,"href":"https:\/\/www.claret.cat\/es\/wp-json\/wp\/v2\/product_tag?post=1056355"}],"curies":[{"name":"wp","href":"https:\/\/api.w.org\/{rel}","templated":true}]}}

<p><span class='ql-size-large'>Un ensayo breve, profundo y luminoso sobre cómo vivir hoy con sentido</span></p>
<p></p>
<p>De la mano<a href='https://www.claret.cat/es/catalogo/?b=+Byung-Chul+Han' rel='noopener noreferrer' target='_blank'> <strong>Byung-Chul Han</strong></a>, el filósofo contemporáneo más leído y Premio Princesa de Asturias de Comunicación y Humanidades 2025, nos llega una reflexión brillante y serena en conversación con el pensamiento de <strong>Simone Weil</strong> sobre la necesidad de recuperar el sentido.</p>
<p></p>
<p>Simone Weil es, en palabras de Byung-Chul Han, <strong>la figura intelectual más brillante del siglo XX. </strong>En este ensayo breve y visionario, el filósofo surcoreano reinterpreta la obra de la filósofa francesa como una brújula ética y espiritual para nuestro tiempo. Frente a un mundo dominado por el rendimiento, el consumo y la hiperactividad, Weil —y con ella Han— nos invita a redescubrir el vacío, el silencio, la atención y la trascendencia como formas de vida posibles y necesarias. </p>
<p></p>
<p>Con un tono íntimo y meditativo, Han establece un diálogo entre<strong> siete conceptos fundamentales del pensamiento de Weil </strong>—atención, descreación, vacío, silencio, belleza, dolor e inactividad— y las heridas contemporáneas: la saturación digital, el individualismo, la pérdida de sentido y el colapso espiritual. A fin de cuentas, Weil nos conduce —nos seduce, dice Han— hacia otra realidad: una vida más libre, más honda, menos sometida al ruido y a la eficiencia. </p>
<p></p>
<p>En tiempos de crisis, este libro ofrece una forma de consuelo que no evita el dolor, sino que lo abraza como<strong> vía de elevación</strong>. Una lectura que calma, sacude y transforma.</p>

Rústica

Ediciones Paidós
