{"id":1058084,"date":"2025-10-08T13:16:38","date_gmt":"2025-10-08T11:16:38","guid":{"rendered":"https:\/\/www.claret.cat\/llibre\/aferrament-i-connexio-social-9788426739391\/"},"modified":"2025-10-08T13:23:28","modified_gmt":"2025-10-08T11:23:28","slug":"aferrament-i-connexio-social-9788426739391","status":"publish","type":"product","link":"https:\/\/www.claret.cat\/es\/libro\/aferrament-i-connexio-social-9788426739391\/","title":{"rendered":"AFERRAMENT I CONNEXI\u00d3 SOCIAL"},"content":{"rendered":"<p>La solitud no desitjada \u00e9s una experi\u00e8ncia universal que es manifesta al llarg de tota la vida, deixant una empremta profunda en la nostra salut emocional i en les nostres relacions interpersonals.  Aquesta obra explora amb profunditat i sensibilitat el fenomen de la solitud no desitjada en la inf\u00e0ncia i l?adolesc\u00e8ncia, etapes en qu\u00e8 el seu impacte, tot i ser invisible, resulta determinant per al desenvolupament emocional i social.El llibre ofereix claus i estrat\u00e8gies per fomentar entorns emp\u00e0tics a la llar, a l?escola i a la comunitat, sustentant-se en una an\u00e0lisi rigorosa que abasta des de la primera inf\u00e0ncia fins a l?adolesc\u00e8ncia. A trav\u00e9s de la teoria de l?aferrament, la psicologia del desenvolupament i la psicotraumatologia, els autors il\u00b7lustren com les primeres experi\u00e8ncies de connexi\u00f3 o desconnexi\u00f3 amb els cuidadors configuren les nostres expectatives de relaci\u00f3 i predisposen la viv\u00e8ncia de la solitud en etapes posteriors.  Aquest llibre esdev\u00e9 una eina essencial per a professionals, cuidadors, familiars i qualsevol persona interessada a comprendre i acompanyar aquells que enfronten la solitud no desitjada en qualsevol de les etapes inicials de la vida.<\/p>\n","protected":false},"excerpt":{"rendered":"<p>GONZALO MARROD\u00c1N, JOS\u00c9 LUIS \/ MART\u00cdNEZ, CONCEPCI\u00d3N \/ RODR\u00cdGUEZ, MAR\u00cdA DOLORES<\/p>\n","protected":false},"featured_media":1058092,"template":"","meta":{"_acf_changed":false,"om_disable_all_campaigns":false,"rs_blank_template":"","rs_page_bg_color":"","slide_template_v7":"","inline_featured_image":false,"_monsterinsights_skip_tracking":false,"_monsterinsights_sitenote_active":false,"_monsterinsights_sitenote_note":"","_monsterinsights_sitenote_category":0},"product_brand":[],"product_cat":[162,436],"product_tag":[],"class_list":{"0":"post-1058084","1":"product","2":"type-product","3":"status-publish","4":"has-post-thumbnail","6":"product_cat-economica-i-politica","7":"product_cat-economica-y-politica","9":"first","10":"instock","11":"taxable","12":"shipping-taxable","13":"purchasable","14":"product-type-simple"},"acf":{"autor":"GONZALO MARROD\u00c1N, JOS\u00c9 LUIS \/ MART\u00cdNEZ, CONCEPCI\u00d3N \/ RODR\u00cdGUEZ, MAR\u00cdA DOLORES","codart":"842673939","libros-coleccion":"FORA DE COL.LECCI\u00d3","ediciones":"1","encuadernacion":"R\u00fastica","fecha_de_publicacion":"01\/09\/2025","novedad":"1","paginas":"325","subtitulo":"LA SOLITUD NO DESITJADA A LA INF\u00c0NCIA I L''ADOLESC\u00c8NCIA","orden":"0","portada":"0","idioma":"cat","booktrailer":"","resenas":"","editorial":[{"ID":6301,"post_author":"3","post_date":"2022-07-28 17:49:15","post_date_gmt":"2022-07-28 15:49:15","post_content":"","post_title":"Marcombo","post_excerpt":"","post_status":"publish","comment_status":"closed","ping_status":"closed","post_password":"","post_name":"marcombo","to_ping":"","pinged":"","post_modified":"2022-07-28 17:49:15","post_modified_gmt":"2022-07-28 15:49:15","post_content_filtered":"","post_parent":0,"guid":"http:\/\/dev.claret.cat\/editorial\/marcombo\/","menu_order":0,"post_type":"editorial","post_mime_type":"","comment_count":"0","filter":"raw"}]},"aioseo_notices":[],"_links":{"self":[{"href":"https:\/\/www.claret.cat\/es\/wp-json\/wp\/v2\/product\/1058084","targetHints":{"allow":["GET"]}}],"collection":[{"href":"https:\/\/www.claret.cat\/es\/wp-json\/wp\/v2\/product"}],"about":[{"href":"https:\/\/www.claret.cat\/es\/wp-json\/wp\/v2\/types\/product"}],"wp:featuredmedia":[{"embeddable":true,"href":"https:\/\/www.claret.cat\/es\/wp-json\/wp\/v2\/media\/1058092"}],"wp:attachment":[{"href":"https:\/\/www.claret.cat\/es\/wp-json\/wp\/v2\/media?parent=1058084"}],"wp:term":[{"taxonomy":"product_brand","embeddable":true,"href":"https:\/\/www.claret.cat\/es\/wp-json\/wp\/v2\/product_brand?post=1058084"},{"taxonomy":"product_cat","embeddable":true,"href":"https:\/\/www.claret.cat\/es\/wp-json\/wp\/v2\/product_cat?post=1058084"},{"taxonomy":"product_tag","embeddable":true,"href":"https:\/\/www.claret.cat\/es\/wp-json\/wp\/v2\/product_tag?post=1058084"}],"curies":[{"name":"wp","href":"https:\/\/api.w.org\/{rel}","templated":true}]}}

AFERRAMENT I CONNEXIÓ SOCIAL

<p>La solitud no desitjada és una experiència universal que es manifesta al llarg de tota la vida, deixant una empremta profunda en la nostra salut emocional i en les nostres relacions interpersonals.  Aquesta obra explora amb profunditat i sensibilitat el fenomen de la solitud no desitjada en la infància i l?adolescència, etapes en què el seu impacte, tot i ser invisible, resulta determinant per al desenvolupament emocional i social.El llibre ofereix claus i estratègies per fomentar entorns empàtics a la llar, a l?escola i a la comunitat, sustentant-se en una anàlisi rigorosa que abasta des de la primera infància fins a l?adolescència. A través de la teoria de l?aferrament, la psicologia del desenvolupament i la psicotraumatologia, els autors il·lustren com les primeres experiències de connexió o desconnexió amb els cuidadors configuren les nostres expectatives de relació i predisposen la vivència de la solitud en etapes posteriors.  Aquest llibre esdevé una eina essencial per a professionals, cuidadors, familiars i qualsevol persona interessada a comprendre i acompanyar aquells que enfronten la solitud no desitjada en qualsevol de les etapes inicials de la vida.</p>

<p>GONZALO MARRODÁN, JOSÉ LUIS / MARTÍNEZ, CONCEPCIÓN / RODRÍGUEZ, MARÍA DOLORES</p>

GONZALO MARRODÁN, JOSÉ LUIS / MARTÍNEZ, CONCEPCIÓN / RODRÍGUEZ, MARÍA DOLORES

FORA DE COL.LECCIÓ

Rústica

LA SOLITUD NO DESITJADA A LA INFÀNCIA I L''ADOLESCÈNCIA
