{"id":1058324,"date":"2025-10-09T13:35:02","date_gmt":"2025-10-09T11:35:02","guid":{"rendered":"https:\/\/www.claret.cat\/llibre\/daniela-la-pirata-totes-les-seves-aventures-9788410406704\/"},"modified":"2026-01-07T12:05:25","modified_gmt":"2026-01-07T11:05:25","slug":"daniela-la-pirata-totes-les-seves-aventures-9788410406704","status":"publish","type":"product","link":"https:\/\/www.claret.cat\/es\/libro\/daniela-la-pirata-totes-les-seves-aventures-9788410406704\/","title":{"rendered":"DANIELA LA PIRATA. TOTES LES SEVES AVENTURES"},"content":{"rendered":"<p>Ara podem acompanyar la Daniela mentre es converteix en pirata al Caiman Negre, el vaixell m\u00e9s temible dels set mars, o quan col\u00b7labora amb les seves amigues Piranyes Intr\u00e8pides per ajudar sirenes i tritons. Tamb\u00e9 anirem amb ella i la seva tripulaci\u00f3 a destruir la bola de vidre de la bruixa Sofronissa i a derrotar una malvada ciclop que t\u00e9 segrestat el pr\u00edncep del Regne del Sol.<br \/> La Daniela s\u2019ha convertit en un personatge ic\u00f2nic de la literatura infantil feminista, anima les nenes i els nens a eliminar les barreres de g\u00e8nere i defensa els valors de l\u2019amistat, la igualtat i la companyonia.<\/p>\n","protected":false},"excerpt":{"rendered":"<p>SUSANNA ISERN<\/p>\n","protected":false},"featured_media":1058325,"template":"","meta":{"_acf_changed":false,"om_disable_all_campaigns":false,"rs_blank_template":"","rs_page_bg_color":"","slide_template_v7":"","inline_featured_image":false,"_monsterinsights_skip_tracking":false},"product_brand":[],"product_cat":[131,361],"product_tag":[],"class_list":["post-1058324","product","type-product","status-publish","has-post-thumbnail","product_cat-contes-per-infants-0-6-anys","product_cat-cuentos-para-ninos-0-6-anos","first","instock","taxable","shipping-taxable","purchasable","product-type-simple"],"acf":{"autor":"SUSANNA ISERN","codart":"841040670","libros-coleccion":"FORA DE COL.LECCI\u00d3","ediciones":"1","encuadernacion":"Carton\u00e9","fecha_de_publicacion":"01\/10\/2025","novedad":"1","paginas":"164","subtitulo":"","orden":"0","portada":"0","idioma":"cat","booktrailer":"","resenas":"","editorial":[{"ID":148592,"post_author":"3","post_date":"2022-10-14 11:59:27","post_date_gmt":"2022-10-14 09:59:27","post_content":"","post_title":"NUBEOCHO","post_excerpt":"","post_status":"publish","comment_status":"closed","ping_status":"closed","post_password":"","post_name":"nubeocho","to_ping":"","pinged":"","post_modified":"2022-10-14 11:59:27","post_modified_gmt":"2022-10-14 09:59:27","post_content_filtered":"","post_parent":0,"guid":"http:\/\/dev.claret.cat\/editorial\/nubeocho\/","menu_order":0,"post_type":"editorial","post_mime_type":"","comment_count":"0","filter":"raw"}]},"_links":{"self":[{"href":"https:\/\/www.claret.cat\/es\/wp-json\/wp\/v2\/product\/1058324","targetHints":{"allow":["GET"]}}],"collection":[{"href":"https:\/\/www.claret.cat\/es\/wp-json\/wp\/v2\/product"}],"about":[{"href":"https:\/\/www.claret.cat\/es\/wp-json\/wp\/v2\/types\/product"}],"wp:featuredmedia":[{"embeddable":true,"href":"https:\/\/www.claret.cat\/es\/wp-json\/wp\/v2\/media\/1058325"}],"wp:attachment":[{"href":"https:\/\/www.claret.cat\/es\/wp-json\/wp\/v2\/media?parent=1058324"}],"wp:term":[{"taxonomy":"product_brand","embeddable":true,"href":"https:\/\/www.claret.cat\/es\/wp-json\/wp\/v2\/product_brand?post=1058324"},{"taxonomy":"product_cat","embeddable":true,"href":"https:\/\/www.claret.cat\/es\/wp-json\/wp\/v2\/product_cat?post=1058324"},{"taxonomy":"product_tag","embeddable":true,"href":"https:\/\/www.claret.cat\/es\/wp-json\/wp\/v2\/product_tag?post=1058324"}],"curies":[{"name":"wp","href":"https:\/\/api.w.org\/{rel}","templated":true}]}}

<p>Ara podem acompanyar la Daniela mentre es converteix en pirata al Caiman Negre, el vaixell més temible dels set mars, o quan col·labora amb les seves amigues Piranyes Intrèpides per ajudar sirenes i tritons. També anirem amb ella i la seva tripulació a destruir la bola de vidre de la bruixa Sofronissa i a derrotar una malvada ciclop que té segrestat el príncep del Regne del Sol.<br /> La Daniela s’ha convertit en un personatge icònic de la literatura infantil feminista, anima les nenes i els nens a eliminar les barreres de gènere i defensa els valors de l’amistat, la igualtat i la companyonia.</p>

FORA DE COL.LECCIÓ

Cartoné
