{"id":1059641,"date":"2025-10-15T17:20:07","date_gmt":"2025-10-15T15:20:07","guid":{"rendered":"https:\/\/www.claret.cat\/llibre\/felipe-tiene-gripe-edicion-especial-10-anos-9788410208612\/"},"modified":"2025-10-15T17:31:19","modified_gmt":"2025-10-15T15:31:19","slug":"felipe-tiene-gripe-edicion-especial-10-anos-9788410208612","status":"publish","type":"product","link":"https:\/\/www.claret.cat\/es\/libro\/felipe-tiene-gripe-edicion-especial-10-anos-9788410208612\/","title":{"rendered":"FELIPE TIENE GRIPE (EDICI\u00d3N ESPECIAL 10 A\u00d1OS)"},"content":{"rendered":"<p>Pobre Felipe se ha enfermado, una gripe le ha dado. La abuela insiste en que tome la medicina, pero a eso no se anima. Con la trompa roja y llena de mocos hace caso a todos sus amigos con sus remedios locos.<\/p>\n<p> Una nueva edici\u00f3n en formato m\u00e1s grande de Felipe tiene gripe y con una portada en la que podr\u00e1s elegir qu\u00e9 Felipe prefieres.<\/p>\n<p> \u00a110 a\u00f1os no se cumplen todos los d\u00edas!<\/p>\n","protected":false},"excerpt":{"rendered":"<p>IGLESIAS, GRACIA<\/p>\n","protected":false},"featured_media":1059642,"template":"","meta":{"_acf_changed":false,"om_disable_all_campaigns":false,"rs_blank_template":"","rs_page_bg_color":"","slide_template_v7":"","inline_featured_image":false,"_monsterinsights_skip_tracking":false,"_monsterinsights_sitenote_active":false,"_monsterinsights_sitenote_note":"","_monsterinsights_sitenote_category":0},"product_brand":[],"product_cat":[132,362],"product_tag":[],"class_list":{"0":"post-1059641","1":"product","2":"type-product","3":"status-publish","4":"has-post-thumbnail","6":"product_cat-lectures-per-preadolescents-6-12-anys","7":"product_cat-libros-preadolescentes-6-12-anos","9":"first","10":"instock","11":"taxable","12":"shipping-taxable","13":"purchasable","14":"product-type-simple"},"acf":{"autor":"IGLESIAS, GRACIA","codart":"841020861","libros-coleccion":"Miau","ediciones":"1","encuadernacion":"Carton\u00e9","fecha_de_publicacion":"01\/10\/2025","novedad":"1","paginas":"32","subtitulo":"","orden":"0","portada":"0","idioma":"spa","booktrailer":"","resenas":"","editorial":[{"ID":147821,"post_author":"3","post_date":"2022-10-14 11:53:28","post_date_gmt":"2022-10-14 09:53:28","post_content":"","post_title":"Ediciones Jaguar","post_excerpt":"","post_status":"publish","comment_status":"closed","ping_status":"closed","post_password":"","post_name":"ediciones-jaguar","to_ping":"","pinged":"","post_modified":"2022-10-14 11:53:28","post_modified_gmt":"2022-10-14 09:53:28","post_content_filtered":"","post_parent":0,"guid":"http:\/\/dev.claret.cat\/editorial\/ediciones-jaguar\/","menu_order":0,"post_type":"editorial","post_mime_type":"","comment_count":"0","filter":"raw"}]},"aioseo_notices":[],"_links":{"self":[{"href":"https:\/\/www.claret.cat\/es\/wp-json\/wp\/v2\/product\/1059641","targetHints":{"allow":["GET"]}}],"collection":[{"href":"https:\/\/www.claret.cat\/es\/wp-json\/wp\/v2\/product"}],"about":[{"href":"https:\/\/www.claret.cat\/es\/wp-json\/wp\/v2\/types\/product"}],"wp:featuredmedia":[{"embeddable":true,"href":"https:\/\/www.claret.cat\/es\/wp-json\/wp\/v2\/media\/1059642"}],"wp:attachment":[{"href":"https:\/\/www.claret.cat\/es\/wp-json\/wp\/v2\/media?parent=1059641"}],"wp:term":[{"taxonomy":"product_brand","embeddable":true,"href":"https:\/\/www.claret.cat\/es\/wp-json\/wp\/v2\/product_brand?post=1059641"},{"taxonomy":"product_cat","embeddable":true,"href":"https:\/\/www.claret.cat\/es\/wp-json\/wp\/v2\/product_cat?post=1059641"},{"taxonomy":"product_tag","embeddable":true,"href":"https:\/\/www.claret.cat\/es\/wp-json\/wp\/v2\/product_tag?post=1059641"}],"curies":[{"name":"wp","href":"https:\/\/api.w.org\/{rel}","templated":true}]}}

FELIPE TIENE GRIPE (EDICIÓN ESPECIAL 10 AÑOS)

<p>Pobre Felipe se ha enfermado, una gripe le ha dado. La abuela insiste en que tome la medicina, pero a eso no se anima. Con la trompa roja y llena de mocos hace caso a todos sus amigos con sus remedios locos.</p>
<p> Una nueva edición en formato más grande de Felipe tiene gripe y con una portada en la que podrás elegir qué Felipe prefieres.</p>
<p> ¡10 años no se cumplen todos los días!</p>

Cartoné
