{"id":1061985,"date":"2025-10-27T16:45:02","date_gmt":"2025-10-27T15:45:02","guid":{"rendered":"https:\/\/www.claret.cat\/llibre\/sea-la-paz-9788497156509\/"},"modified":"2025-12-23T19:20:37","modified_gmt":"2025-12-23T18:20:37","slug":"sea-la-paz-9788497156509","status":"publish","type":"product","link":"https:\/\/www.claret.cat\/es\/libro\/sea-la-paz-9788497156509\/","title":{"rendered":"\u00a1SEA LA PAZ!"},"content":{"rendered":"<p>Este libro recoge algunos de los primeros textos del Magisterio de Le\u00f3n XIV.<\/p>\n<p>&nbsp;<\/p>\n<p>\u00abAl abrir estas p\u00e1ginas, me invade un sentimiento de esperanza profunda\u2026 No se trata de un simple compendio de homil\u00edas o discursos, sino de un testimonio vivo del Esp\u00edritu, que sigue actuando en medio de nosotros y a trav\u00e9s del Santo Padre. Estos textos poseen la capacidad de iluminar la vida de quienes los lean, no con teor\u00edas abstractas, sino con la cercan\u00eda de un mensaje que toca el coraz\u00f3n y despierta la conciencia.<\/p>\n<p>\u00bb\u201cDios nos quiere, Dios nos ama a todos, y el mal no prevalecer\u00e1\u201d. Estas palabras, que en su sencillez parecen tan obvias, nos recuerdan que, a pesar de la oscuridad de nuestro tiempo, siempre hay una luz que gu\u00eda, una voz que consuela y una paz que reconcilia, la de Cristo.<\/p>\n<p>\u00bbQuiero invitaros a leer estos textos con el coraz\u00f3n abierto, sin prisa y con disponibilidad interior. Tal vez descubr\u00e1is en ellos no solo reflexiones, sino tambi\u00e9n compa\u00f1\u00eda; no solo exhortaciones, sino tambi\u00e9n consuelo; no solo palabras solemnes, sino tambi\u00e9n gestos de cercan\u00eda. \u2026Una llamada a caminar juntos, a tender puentes en lugar de levantar muros, a desarmar nuestras palabras, a escuchar la voz del Buen Pastor y a dejarnos transformar por el amor de Dios\u00bb.<\/p>\n<p class='ql-align-right'>Del pr\u00f3logo del P. \u00c1ngel Camino, agustino<\/p>\n<p><\/p>\n","protected":false},"excerpt":{"rendered":"<p>LE\u00d3N XIV, PAPA<\/p>\n","protected":false},"featured_media":1061986,"template":"","meta":{"_acf_changed":false,"om_disable_all_campaigns":false,"rs_blank_template":"","rs_page_bg_color":"","slide_template_v7":"","inline_featured_image":false,"_monsterinsights_skip_tracking":false,"_monsterinsights_sitenote_active":false,"_monsterinsights_sitenote_note":"","_monsterinsights_sitenote_category":0},"product_brand":[],"product_cat":[225,483,468,467,207,206],"product_tag":[],"class_list":{"0":"post-1061985","1":"product","2":"type-product","3":"status-publish","4":"has-post-thumbnail","6":"product_cat-catecismes","7":"product_cat-catecismos","8":"product_cat-epistolas-catolicas","9":"product_cat-epistolas-de-san-pablo","10":"product_cat-epistoles-catoliques","11":"product_cat-epistoles-de-sant-pau","13":"first","14":"instock","15":"taxable","16":"shipping-taxable","17":"purchasable","18":"product-type-simple"},"acf":{"autor":"LE\u00d3N XIV, PAPA","codart":"849715650","libros-coleccion":"","ediciones":"1","encuadernacion":"R\u00fastica","fecha_de_publicacion":"27\/10\/2025","novedad":"1","paginas":"180","subtitulo":"PALABRAS DEL PAPA A LA IGLESIA Y AL MUNDO","orden":"0","portada":"1","idioma":"spa","booktrailer":"","resenas":"","editorial":[{"ID":6157,"post_author":"3","post_date":"2022-07-28 17:46:07","post_date_gmt":"2022-07-28 15:46:07","post_content":"","post_title":"Ciudad Nueva","post_excerpt":"","post_status":"publish","comment_status":"closed","ping_status":"closed","post_password":"","post_name":"ciudad-nueva","to_ping":"","pinged":"","post_modified":"2022-07-28 17:46:07","post_modified_gmt":"2022-07-28 15:46:07","post_content_filtered":"","post_parent":0,"guid":"http:\/\/dev.claret.cat\/editorial\/ciudad-nueva\/","menu_order":0,"post_type":"editorial","post_mime_type":"","comment_count":"0","filter":"raw"}]},"aioseo_notices":[],"_links":{"self":[{"href":"https:\/\/www.claret.cat\/es\/wp-json\/wp\/v2\/product\/1061985","targetHints":{"allow":["GET"]}}],"collection":[{"href":"https:\/\/www.claret.cat\/es\/wp-json\/wp\/v2\/product"}],"about":[{"href":"https:\/\/www.claret.cat\/es\/wp-json\/wp\/v2\/types\/product"}],"wp:featuredmedia":[{"embeddable":true,"href":"https:\/\/www.claret.cat\/es\/wp-json\/wp\/v2\/media\/1061986"}],"wp:attachment":[{"href":"https:\/\/www.claret.cat\/es\/wp-json\/wp\/v2\/media?parent=1061985"}],"wp:term":[{"taxonomy":"product_brand","embeddable":true,"href":"https:\/\/www.claret.cat\/es\/wp-json\/wp\/v2\/product_brand?post=1061985"},{"taxonomy":"product_cat","embeddable":true,"href":"https:\/\/www.claret.cat\/es\/wp-json\/wp\/v2\/product_cat?post=1061985"},{"taxonomy":"product_tag","embeddable":true,"href":"https:\/\/www.claret.cat\/es\/wp-json\/wp\/v2\/product_tag?post=1061985"}],"curies":[{"name":"wp","href":"https:\/\/api.w.org\/{rel}","templated":true}]}}

<p>Este libro recoge algunos de los primeros textos del Magisterio de León XIV.</p>
<p>&nbsp;</p>
<p>«Al abrir estas páginas, me invade un sentimiento de esperanza profunda… No se trata de un simple compendio de homilías o discursos, sino de un testimonio vivo del Espíritu, que sigue actuando en medio de nosotros y a través del Santo Padre. Estos textos poseen la capacidad de iluminar la vida de quienes los lean, no con teorías abstractas, sino con la cercanía de un mensaje que toca el corazón y despierta la conciencia.</p>
<p>»“Dios nos quiere, Dios nos ama a todos, y el mal no prevalecerá”. Estas palabras, que en su sencillez parecen tan obvias, nos recuerdan que, a pesar de la oscuridad de nuestro tiempo, siempre hay una luz que guía, una voz que consuela y una paz que reconcilia, la de Cristo.</p>
<p>»Quiero invitaros a leer estos textos con el corazón abierto, sin prisa y con disponibilidad interior. Tal vez descubráis en ellos no solo reflexiones, sino también compañía; no solo exhortaciones, sino también consuelo; no solo palabras solemnes, sino también gestos de cercanía. …Una llamada a caminar juntos, a tender puentes en lugar de levantar muros, a desarmar nuestras palabras, a escuchar la voz del Buen Pastor y a dejarnos transformar por el amor de Dios».</p>
<p class='ql-align-right'>Del prólogo del P. Ángel Camino, agustino</p>
<p></p>

<p>LEÓN XIV, PAPA</p>

LEÓN XIV, PAPA

Rústica
