{"id":1063035,"date":"2025-10-31T11:05:18","date_gmt":"2025-10-31T10:05:18","guid":{"rendered":"https:\/\/www.claret.cat\/llibre\/a-punt-curs-de-catala-llibre-dexercicis-6-9788491912811\/"},"modified":"2026-01-07T10:20:20","modified_gmt":"2026-01-07T09:20:20","slug":"a-punt-curs-de-catala-llibre-dexercicis-6-9788491912811","status":"publish","type":"product","link":"https:\/\/www.claret.cat\/es\/libro\/a-punt-curs-de-catala-llibre-dexercicis-6-9788491912811\/","title":{"rendered":"A PUNT. CURS DE CATAL\u00c0. LLIBRE D&#8221;EXERCICIS, 6"},"content":{"rendered":"<p>A Punt \u00e9s un m\u00e8tode d&#8221;aprenentatge de catal\u00e0, com a segona llengua, elaborat d&#8221;acord amb les directrius del Marc Europeu Com\u00fa de Refer\u00e8ncia per a les lleng\u00fces: aprendre, ensenyar i avaluar del Consell d&#8221;Europa, amb un enfocament basat en l&#8221;acci\u00f3, en el qual la tasca \u00e9s la unitat essencial per a la programaci\u00f3 i l&#8221;ensenyament. Una estructura clara i sistem\u00e0tica, unes activitats estimulants i variades, i una proposta de tasques finals en cada unitat permeten a l&#8221;alumne desenvolupar de manera efica\u00e7 i amena la compet\u00e8ncia comunicativa. Va adre\u00e7at a estudiants adolescents i adults de catal\u00e0 que viuen tant als territoris de parla catalana com de fora, i fomenta el treball en col\u00b7laboraci\u00f3, que obre espais d&#8221;interacci\u00f3 i de negociaci\u00f3 semblants als que els alumnes poden experimentar fora de l&#8221;aula.<\/p>\n","protected":false},"excerpt":{"rendered":"<p>VILAGRASA GRANDIA, ALBERT<\/p>\n","protected":false},"featured_media":1072931,"template":"","meta":{"_acf_changed":false,"om_disable_all_campaigns":false,"rs_blank_template":"","rs_page_bg_color":"","slide_template_v7":"","inline_featured_image":false,"_monsterinsights_skip_tracking":false,"_monsterinsights_sitenote_active":false,"_monsterinsights_sitenote_note":"","_monsterinsights_sitenote_category":0},"product_brand":[],"product_cat":[579,146],"product_tag":[],"class_list":{"0":"post-1063035","1":"product","2":"type-product","3":"status-publish","4":"has-post-thumbnail","6":"product_cat-cuadernos-de-trabajo","7":"product_cat-quaderns-de-treball","9":"first","10":"instock","11":"taxable","12":"shipping-taxable","13":"purchasable","14":"product-type-simple"},"acf":{"autor":"VILAGRASA GRANDIA, ALBERT","codart":"849191281","libros-coleccion":"A punt","ediciones":"1","encuadernacion":"R\u00fastica","fecha_de_publicacion":"01\/08\/2023","novedad":"1","paginas":"176","subtitulo":"","orden":"0","portada":"0","idioma":"cat","booktrailer":"","resenas":"","editorial":[{"ID":8266,"post_author":"3","post_date":"2022-09-30 09:21:36","post_date_gmt":"2022-09-30 07:21:36","post_content":"","post_title":"PUBLICACIONS DE L'ABADIA DE MONTSERRAT","post_excerpt":"","post_status":"publish","comment_status":"closed","ping_status":"closed","post_password":"","post_name":"publicacions-de-labadia-de-montserrat-5","to_ping":"","pinged":"","post_modified":"2022-09-30 09:21:36","post_modified_gmt":"2022-09-30 07:21:36","post_content_filtered":"","post_parent":0,"guid":"http:\/\/dev.claret.cat\/editorial\/publicacions-de-labadia-de-montserrat-5\/","menu_order":0,"post_type":"editorial","post_mime_type":"","comment_count":"0","filter":"raw"}]},"aioseo_notices":[],"_links":{"self":[{"href":"https:\/\/www.claret.cat\/es\/wp-json\/wp\/v2\/product\/1063035","targetHints":{"allow":["GET"]}}],"collection":[{"href":"https:\/\/www.claret.cat\/es\/wp-json\/wp\/v2\/product"}],"about":[{"href":"https:\/\/www.claret.cat\/es\/wp-json\/wp\/v2\/types\/product"}],"wp:featuredmedia":[{"embeddable":true,"href":"https:\/\/www.claret.cat\/es\/wp-json\/wp\/v2\/media\/1072931"}],"wp:attachment":[{"href":"https:\/\/www.claret.cat\/es\/wp-json\/wp\/v2\/media?parent=1063035"}],"wp:term":[{"taxonomy":"product_brand","embeddable":true,"href":"https:\/\/www.claret.cat\/es\/wp-json\/wp\/v2\/product_brand?post=1063035"},{"taxonomy":"product_cat","embeddable":true,"href":"https:\/\/www.claret.cat\/es\/wp-json\/wp\/v2\/product_cat?post=1063035"},{"taxonomy":"product_tag","embeddable":true,"href":"https:\/\/www.claret.cat\/es\/wp-json\/wp\/v2\/product_tag?post=1063035"}],"curies":[{"name":"wp","href":"https:\/\/api.w.org\/{rel}","templated":true}]}}

A PUNT. CURS DE CATALÀ. LLIBRE D&#8221;EXERCICIS, 6

<p>A Punt és un mètode d&#8221;aprenentatge de català, com a segona llengua, elaborat d&#8221;acord amb les directrius del Marc Europeu Comú de Referència per a les llengües: aprendre, ensenyar i avaluar del Consell d&#8221;Europa, amb un enfocament basat en l&#8221;acció, en el qual la tasca és la unitat essencial per a la programació i l&#8221;ensenyament. Una estructura clara i sistemàtica, unes activitats estimulants i variades, i una proposta de tasques finals en cada unitat permeten a l&#8221;alumne desenvolupar de manera eficaç i amena la competència comunicativa. Va adreçat a estudiants adolescents i adults de català que viuen tant als territoris de parla catalana com de fora, i fomenta el treball en col·laboració, que obre espais d&#8221;interacció i de negociació semblants als que els alumnes poden experimentar fora de l&#8221;aula.</p>

Rústica
