{"id":1063767,"date":"2025-11-04T17:55:41","date_gmt":"2025-11-04T16:55:41","guid":{"rendered":"https:\/\/www.claret.cat\/llibre\/el-ultimo-conclave-9791387833152\/"},"modified":"2026-04-07T17:20:07","modified_gmt":"2026-04-07T15:20:07","slug":"el-ultimo-conclave-9791387833152","status":"publish","type":"product","link":"https:\/\/www.claret.cat\/es\/libro\/el-ultimo-conclave-9791387833152\/","title":{"rendered":"EL \u00daLTIMO C\u00d3NCLAVE"},"content":{"rendered":"<p>La historia jam\u00e1s contada de los \u00faltimos d\u00edas<br \/> del papa Francisco y del c\u00f3nclave que defini\u00f3<br \/> el futuro de la Iglesia.<\/p>\n<p> El 21 de abril de 2025 el papa Francisco muere<br \/> en Roma. El mundo entero se conmueve ante<br \/> la p\u00e9rdida del primer pont\u00edfice latinoamericano<br \/> y jesuita de la historia. Pero, mientras millones<br \/> de fieles lo despiden, comienza en el Vaticano<br \/> un nuevo cap\u00edtulo marcado por la incertidumbre,<br \/> la emoci\u00f3n y las intrigas del poder.<\/p>\n<p> Con acceso privilegiado a las fuentes m\u00e1s<br \/> pr\u00f3ximas al Papa y a los cardenales electores,<br \/> Gerard O\u2019Connell y Elisabetta Piqu\u00e9 \u2014veteranos<br \/> vaticanistas y amigos personales de Francisco\u2014<br \/> narran desde el coraz\u00f3n de Roma los d\u00edas<br \/> vertiginosos que siguieron a su fallecimiento:<br \/> las maniobras ocultas, los juegos de influencia<br \/> y la inesperada elecci\u00f3n de Le\u00f3n XIV, el primer Papa<br \/> nacido en Estados Unidos y peruano por adopci\u00f3n.<\/p>\n<p> En forma de diario y cr\u00f3nica period\u00edstica,<br \/> El \u00faltimo C\u00f3nclave ofrece un retrato cercano<br \/> y revelador de la Santa Sede en su momento m\u00e1s<br \/> decisivo: cuando la Iglesia debe elegir a quien llevar\u00e1<br \/> su rumbo en un mundo cada vez m\u00e1s enfrentado.<\/p>\n","protected":false},"excerpt":{"rendered":"<p>O\u2019CONNELL, GERARD \/ PIQU\u00c9, ELISABETTA<\/p>\n","protected":false},"featured_media":1085398,"template":"","meta":{"_acf_changed":false,"om_disable_all_campaigns":false,"rs_blank_template":"","rs_page_bg_color":"","slide_template_v7":"","inline_featured_image":false,"_monsterinsights_skip_tracking":false,"_monsterinsights_sitenote_active":false,"_monsterinsights_sitenote_note":"","_monsterinsights_sitenote_category":0},"product_brand":[],"product_cat":[368,151,511,283,92,542],"product_tag":[],"class_list":{"0":"post-1063767","1":"product","2":"type-product","3":"status-publish","4":"has-post-thumbnail","6":"product_cat-contemporanea","7":"product_cat-contemporania","8":"product_cat-eclesiologia-teologia-1_espiritualidad","9":"product_cat-eclesiologia-teologia","10":"product_cat-vida-religiosa","11":"product_cat-vida-religiosa-1_espiritualidad-spa","13":"first","14":"instock","15":"taxable","16":"shipping-taxable","17":"purchasable","18":"product-type-simple"},"acf":{"autor":"O\u2019CONNELL, GERARD \/ PIQU\u00c9, ELISABETTA","codart":"138783315","libros-coleccion":"Ensayo","ediciones":"1","encuadernacion":"R\u00fastica","fecha_de_publicacion":"12\/11\/2025","novedad":"1","paginas":"448","subtitulo":"LA SORPRESA FINAL DE FRANCISCO: LA ELECCI\u00d3N DEL PAPA LE\u00d3N XIV","orden":"0","portada":"1","idioma":"spa","booktrailer":"","resenas":"","editorial":[{"ID":6127,"post_author":"3","post_date":"2022-07-28 17:45:28","post_date_gmt":"2022-07-28 15:45:28","post_content":"","post_title":"ARPA EDITORES","post_excerpt":"","post_status":"publish","comment_status":"closed","ping_status":"closed","post_password":"","post_name":"arpa-editores","to_ping":"","pinged":"","post_modified":"2022-07-28 17:45:28","post_modified_gmt":"2022-07-28 15:45:28","post_content_filtered":"","post_parent":0,"guid":"http:\/\/dev.claret.cat\/editorial\/arpa-editores\/","menu_order":0,"post_type":"editorial","post_mime_type":"","comment_count":"0","filter":"raw"}]},"aioseo_notices":[],"_links":{"self":[{"href":"https:\/\/www.claret.cat\/es\/wp-json\/wp\/v2\/product\/1063767","targetHints":{"allow":["GET"]}}],"collection":[{"href":"https:\/\/www.claret.cat\/es\/wp-json\/wp\/v2\/product"}],"about":[{"href":"https:\/\/www.claret.cat\/es\/wp-json\/wp\/v2\/types\/product"}],"wp:featuredmedia":[{"embeddable":true,"href":"https:\/\/www.claret.cat\/es\/wp-json\/wp\/v2\/media\/1085398"}],"wp:attachment":[{"href":"https:\/\/www.claret.cat\/es\/wp-json\/wp\/v2\/media?parent=1063767"}],"wp:term":[{"taxonomy":"product_brand","embeddable":true,"href":"https:\/\/www.claret.cat\/es\/wp-json\/wp\/v2\/product_brand?post=1063767"},{"taxonomy":"product_cat","embeddable":true,"href":"https:\/\/www.claret.cat\/es\/wp-json\/wp\/v2\/product_cat?post=1063767"},{"taxonomy":"product_tag","embeddable":true,"href":"https:\/\/www.claret.cat\/es\/wp-json\/wp\/v2\/product_tag?post=1063767"}],"curies":[{"name":"wp","href":"https:\/\/api.w.org\/{rel}","templated":true}]}}

EL ÚLTIMO CÓNCLAVE

<p>La historia jamás contada de los últimos días<br /> del papa Francisco y del cónclave que definió<br /> el futuro de la Iglesia.</p>
<p> El 21 de abril de 2025 el papa Francisco muere<br /> en Roma. El mundo entero se conmueve ante<br /> la pérdida del primer pontífice latinoamericano<br /> y jesuita de la historia. Pero, mientras millones<br /> de fieles lo despiden, comienza en el Vaticano<br /> un nuevo capítulo marcado por la incertidumbre,<br /> la emoción y las intrigas del poder.</p>
<p> Con acceso privilegiado a las fuentes más<br /> próximas al Papa y a los cardenales electores,<br /> Gerard O’Connell y Elisabetta Piqué —veteranos<br /> vaticanistas y amigos personales de Francisco—<br /> narran desde el corazón de Roma los días<br /> vertiginosos que siguieron a su fallecimiento:<br /> las maniobras ocultas, los juegos de influencia<br /> y la inesperada elección de León XIV, el primer Papa<br /> nacido en Estados Unidos y peruano por adopción.</p>
<p> En forma de diario y crónica periodística,<br /> El último Cónclave ofrece un retrato cercano<br /> y revelador de la Santa Sede en su momento más<br /> decisivo: cuando la Iglesia debe elegir a quien llevará<br /> su rumbo en un mundo cada vez más enfrentado.</p>

<p>O’CONNELL, GERARD / PIQUÉ, ELISABETTA</p>

O’CONNELL, GERARD / PIQUÉ, ELISABETTA

Rústica

LA SORPRESA FINAL DE FRANCISCO: LA ELECCIÓN DEL PAPA LEÓN XIV
