{"id":1064824,"date":"2025-11-10T12:50:13","date_gmt":"2025-11-10T11:50:13","guid":{"rendered":"https:\/\/www.claret.cat\/llibre\/tiempo-de-reconciliacion-9788429332698-5\/"},"modified":"2026-04-28T12:55:36","modified_gmt":"2026-04-28T10:55:36","slug":"tiempo-de-reconciliacion-9788429332698-5","status":"publish","type":"product","link":"https:\/\/www.claret.cat\/es\/libro\/tiempo-de-reconciliacion-9788429332698-5\/","title":{"rendered":"TIEMPO DE RECONCILIACI\u00d3N"},"content":{"rendered":"<p><strong>La polarizaci\u00f3n se instala, las tensiones aumentan<\/strong>, y hasta la convivencia m\u00e1s pr\u00f3xima se resiente. En este contexto, <strong>Anselm Gr\u00fcn<\/strong> recuerda que <strong>la reconciliaci\u00f3n no es un lujo, sino una urgente necesidad<\/strong>. Esta obra invita a dar un paso al frente: <strong>aprender a escucharse, a entenderse y a abrir caminos de encuentro<\/strong>. Y es que volver a acercar los corazones no quiere decir se ingenuo, sino reconocer <strong>la v\u00eda m\u00e1s transformadora y humana<\/strong>.<\/p>\n<p>&nbsp;<\/p>\n","protected":false},"excerpt":{"rendered":"<p>GR\u00dcN, ANSELM<\/p>\n","protected":false},"featured_media":1065230,"template":"","meta":{"_acf_changed":false,"om_disable_all_campaigns":false,"rs_blank_template":"","rs_page_bg_color":"","slide_template_v7":"","inline_featured_image":false,"_monsterinsights_skip_tracking":false,"_monsterinsights_sitenote_active":false,"_monsterinsights_sitenote_note":"","_monsterinsights_sitenote_category":0},"product_brand":[],"product_cat":[485,232,237,488,245,495,490,239],"product_tag":[],"class_list":{"0":"post-1064824","1":"product","2":"type-product","3":"status-publish","4":"has-post-thumbnail","6":"product_cat-autores-espiritualidad-1_espiritualidad","7":"product_cat-autors-espiritualitat","8":"product_cat-cami-de-perfeccionament","9":"product_cat-camino-de-perfeccionamiento","10":"product_cat-diversa","11":"product_cat-diversa-espiritualidad-1_espiritualidad","12":"product_cat-monastica-espiritualidad-1_espiritualidad","13":"product_cat-monastica","15":"first","16":"instock","17":"taxable","18":"shipping-taxable","19":"purchasable","20":"product-type-simple"},"acf":{"autor":"GR\u00dcN, ANSELM","codart":"842933269","libros-coleccion":"","ediciones":"1","encuadernacion":"R\u00fastica","fecha_de_publicacion":"10\/11\/2025","novedad":"1","paginas":"160","subtitulo":"SUPERAR DIVISIONES Y BUSCAR EL ENCUENTRO","orden":"0","portada":"1","idioma":"spa","booktrailer":"","resenas":"","editorial":[{"ID":6351,"post_author":"3","post_date":"2022-07-28 17:50:19","post_date_gmt":"2022-07-28 15:50:19","post_content":"","post_title":"Sal Terrae","post_excerpt":"","post_status":"publish","comment_status":"closed","ping_status":"closed","post_password":"","post_name":"sal-terrae","to_ping":"","pinged":"","post_modified":"2022-07-28 17:50:19","post_modified_gmt":"2022-07-28 15:50:19","post_content_filtered":"","post_parent":0,"guid":"http:\/\/dev.claret.cat\/editorial\/sal-terrae\/","menu_order":0,"post_type":"editorial","post_mime_type":"","comment_count":"0","filter":"raw"}]},"aioseo_notices":[],"_links":{"self":[{"href":"https:\/\/www.claret.cat\/es\/wp-json\/wp\/v2\/product\/1064824","targetHints":{"allow":["GET"]}}],"collection":[{"href":"https:\/\/www.claret.cat\/es\/wp-json\/wp\/v2\/product"}],"about":[{"href":"https:\/\/www.claret.cat\/es\/wp-json\/wp\/v2\/types\/product"}],"wp:featuredmedia":[{"embeddable":true,"href":"https:\/\/www.claret.cat\/es\/wp-json\/wp\/v2\/media\/1065230"}],"wp:attachment":[{"href":"https:\/\/www.claret.cat\/es\/wp-json\/wp\/v2\/media?parent=1064824"}],"wp:term":[{"taxonomy":"product_brand","embeddable":true,"href":"https:\/\/www.claret.cat\/es\/wp-json\/wp\/v2\/product_brand?post=1064824"},{"taxonomy":"product_cat","embeddable":true,"href":"https:\/\/www.claret.cat\/es\/wp-json\/wp\/v2\/product_cat?post=1064824"},{"taxonomy":"product_tag","embeddable":true,"href":"https:\/\/www.claret.cat\/es\/wp-json\/wp\/v2\/product_tag?post=1064824"}],"curies":[{"name":"wp","href":"https:\/\/api.w.org\/{rel}","templated":true}]}}

TIEMPO DE RECONCILIACIÓN

<p><strong>La polarización se instala, las tensiones aumentan</strong>, y hasta la convivencia más próxima se resiente. En este contexto, <strong>Anselm Grün</strong> recuerda que <strong>la reconciliación no es un lujo, sino una urgente necesidad</strong>. Esta obra invita a dar un paso al frente: <strong>aprender a escucharse, a entenderse y a abrir caminos de encuentro</strong>. Y es que volver a acercar los corazones no quiere decir se ingenuo, sino reconocer <strong>la vía más transformadora y humana</strong>.</p>
<p>&nbsp;</p>

<p>GRÜN, ANSELM</p>

GRÜN, ANSELM

Rústica
