{"id":106501,"date":"2022-10-12T09:18:20","date_gmt":"2022-10-12T07:18:20","guid":{"rendered":"http:\/\/dev.claret.cat\/producte\/espiritualidad-y-biblia\/"},"modified":"2026-04-01T16:26:55","modified_gmt":"2026-04-01T14:26:55","slug":"espiritualidad-y-biblia-9788429329353","status":"publish","type":"product","link":"https:\/\/www.claret.cat\/es\/libro\/espiritualidad-y-biblia-9788429329353\/","title":{"rendered":"ESPIRITUALIDAD Y BIBLIA"},"content":{"rendered":"<p>Un libro para acercarse a la Biblia como fuente de aut\u00e9ntica vida espiritual, que impulse al renacimiento de la espiritualidad, evitando f\u00e1ciles derivas y parcialidades.<\/p>\n<p> El itinerario que propone el cardenal Ravasi se adentra en una cuidadosa lectura integral de las joyas espirituales del Antiguo y Nuevo Testamento, para ofrecer una s\u00edntesis teol\u00f3gica unitaria de la espiritualidad de las Escrituras. Un recorrido que, enriquecido con otros temas \u2013como el Esp\u00edritu Santo, la pobreza, la lectio divina o la espiritualidad del sufrimiento\u2013, da forma a una aut\u00e9ntica gu\u00eda m\u00edstica.<\/p>\n","protected":false},"excerpt":{"rendered":"<p>Un libro para acercarse a la Biblia como fuente de aut\u00e9ntica vida espiritual, que impulse al renacimiento de la espiritualidad, evitando f\u00e1ciles derivas y parcialidades. El itinerario que propone el cardenal Ravasi se adentra en una cuidadosa lectura integral de las joyas espirituales del Antiguo y Nuevo Testamento, para ofrecer una s\u00edntesis teol\u00f3gica unitaria de [&hellip;]<\/p>\n","protected":false},"featured_media":379865,"template":"","meta":{"_acf_changed":false,"om_disable_all_campaigns":false,"rs_blank_template":"","rs_page_bg_color":"","slide_template_v7":"","inline_featured_image":false,"_monsterinsights_skip_tracking":false,"_monsterinsights_sitenote_active":false,"_monsterinsights_sitenote_note":"","_monsterinsights_sitenote_category":0},"product_brand":[],"product_cat":[90,540],"product_tag":[],"class_list":{"0":"post-106501","1":"product","2":"type-product","3":"status-publish","4":"has-post-thumbnail","6":"product_cat-altres","7":"product_cat-otros","9":"first","10":"instock","11":"taxable","12":"shipping-taxable","13":"purchasable","14":"product-type-simple"},"acf":{"editorial":[{"ID":6351,"post_author":"3","post_date":"2022-07-28 17:50:19","post_date_gmt":"2022-07-28 15:50:19","post_content":"","post_title":"Sal Terrae","post_excerpt":"","post_status":"publish","comment_status":"closed","ping_status":"closed","post_password":"","post_name":"sal-terrae","to_ping":"","pinged":"","post_modified":"2022-07-28 17:50:19","post_modified_gmt":"2022-07-28 15:50:19","post_content_filtered":"","post_parent":0,"guid":"http:\/\/dev.claret.cat\/editorial\/sal-terrae\/","menu_order":0,"post_type":"editorial","post_mime_type":"","comment_count":"0","filter":"raw"}],"autor":"RAVASI, GIANFRANCO","codart":"842932935","libros-coleccion":"POZO DE SIQUEM","ediciones":"1","encuadernacion":"R\u00fastica","fecha_de_publicacion":"08\/09\/2020","novedad":"1","paginas":"312","subtitulo":"","orden":"0","portada":"0","idioma":"spa","autores-libros":[{"ID":156859,"post_author":"3","post_date":"2022-10-14 15:24:11","post_date_gmt":"2022-10-14 13:24:11","post_content":"","post_title":"GIANFRANCO RAVASI","post_excerpt":"","post_status":"publish","comment_status":"closed","ping_status":"closed","post_password":"","post_name":"gianfranco-ravasi","to_ping":"","pinged":"","post_modified":"2022-10-14 15:24:11","post_modified_gmt":"2022-10-14 13:24:11","post_content_filtered":"","post_parent":0,"guid":"http:\/\/dev.claret.cat\/autor\/gianfranco-ravasi\/","menu_order":0,"post_type":"autor","post_mime_type":"","comment_count":"0","filter":"raw"}],"booktrailer":"","resenas":""},"aioseo_notices":[],"_links":{"self":[{"href":"https:\/\/www.claret.cat\/es\/wp-json\/wp\/v2\/product\/106501","targetHints":{"allow":["GET"]}}],"collection":[{"href":"https:\/\/www.claret.cat\/es\/wp-json\/wp\/v2\/product"}],"about":[{"href":"https:\/\/www.claret.cat\/es\/wp-json\/wp\/v2\/types\/product"}],"wp:featuredmedia":[{"embeddable":true,"href":"https:\/\/www.claret.cat\/es\/wp-json\/wp\/v2\/media\/379865"}],"wp:attachment":[{"href":"https:\/\/www.claret.cat\/es\/wp-json\/wp\/v2\/media?parent=106501"}],"wp:term":[{"taxonomy":"product_brand","embeddable":true,"href":"https:\/\/www.claret.cat\/es\/wp-json\/wp\/v2\/product_brand?post=106501"},{"taxonomy":"product_cat","embeddable":true,"href":"https:\/\/www.claret.cat\/es\/wp-json\/wp\/v2\/product_cat?post=106501"},{"taxonomy":"product_tag","embeddable":true,"href":"https:\/\/www.claret.cat\/es\/wp-json\/wp\/v2\/product_tag?post=106501"}],"curies":[{"name":"wp","href":"https:\/\/api.w.org\/{rel}","templated":true}]}}

<p>Un libro para acercarse a la Biblia como fuente de auténtica vida espiritual, que impulse al renacimiento de la espiritualidad, evitando fáciles derivas y parcialidades.</p>
<p> El itinerario que propone el cardenal Ravasi se adentra en una cuidadosa lectura integral de las joyas espirituales del Antiguo y Nuevo Testamento, para ofrecer una síntesis teológica unitaria de la espiritualidad de las Escrituras. Un recorrido que, enriquecido con otros temas –como el Espíritu Santo, la pobreza, la lectio divina o la espiritualidad del sufrimiento–, da forma a una auténtica guía mística.</p>

<p>Un libro para acercarse a la Biblia como fuente de auténtica vida espiritual, que impulse al renacimiento de la espiritualidad, evitando fáciles derivas y parcialidades. El itinerario que propone el cardenal Ravasi se adentra en una cuidadosa lectura integral de las joyas espirituales del Antiguo y Nuevo Testamento, para ofrecer una síntesis teológica unitaria de [&hellip;]</p>

Rústica
