{"id":106540,"date":"2022-10-12T09:18:53","date_gmt":"2022-10-12T07:18:53","guid":{"rendered":"http:\/\/dev.claret.cat\/producte\/des-de-la-graderia\/"},"modified":"2023-01-27T23:51:04","modified_gmt":"2023-01-27T22:51:04","slug":"des-de-la-graderia-9788497667012","status":"publish","type":"product","link":"https:\/\/www.claret.cat\/es\/libro\/des-de-la-graderia-9788497667012\/","title":{"rendered":"DES DE LA GRADERIA"},"content":{"rendered":"<p>\u00abEl joc \u00e9s intens i res no la distreu. La jugadora est\u00e0 atenta a traject\u00f2ries, a dist\u00e0ncies, a moviments&#8230; De tant en tant sent alguna indicaci\u00f3 de l&#8221;entrenador, assenteix amb el cap i torna a fer all\u00f2 que m\u00e9s li agrada: jugar. De sobte, en un moment de pausa, aixeca el cap, busca entre les graderies i veu els seus pares.\u00bb  Qu\u00e8 se suposa que hem de fer els pares a les graderies? A quin esport hem d&#8221;apuntar els nostres fills? Seran bons? Aquest llibre ofereix criteris per orientar la relaci\u00f3 i les decisions que pares i fills establim al voltant de l&#8221;esport. Amb un llenguatge planer, bastit d&#8221;an\u00e8cdotes i refor\u00e7at amb pinzellades de pedagogia, psicologia i sociologia, parlem del paper de les fam\u00edlies en l&#8221;esport.<\/p>\n","protected":false},"excerpt":{"rendered":"<p>ARUMI PRAT, JOAN \/ JUNC\u00c0 PUJOL, ALBERT \/ PLA CAMPAS, GIL<\/p>\n","protected":false},"featured_media":322528,"template":"","meta":{"_acf_changed":false,"om_disable_all_campaigns":false,"rs_blank_template":"","rs_page_bg_color":"","slide_template_v7":"","inline_featured_image":false,"_monsterinsights_skip_tracking":false,"_monsterinsights_sitenote_active":false,"_monsterinsights_sitenote_note":"","_monsterinsights_sitenote_category":0},"product_brand":[],"product_cat":[376,178],"product_tag":[],"class_list":{"0":"post-106540","1":"product","2":"type-product","3":"status-publish","4":"has-post-thumbnail","6":"product_cat-autores-psicologia-2_humanidades","7":"product_cat-autors-psicologia","9":"first","10":"instock","11":"taxable","12":"shipping-taxable","13":"purchasable","14":"product-type-simple"},"acf":{"editorial":[{"ID":6250,"post_author":"3","post_date":"2022-07-28 17:48:10","post_date_gmt":"2022-07-28 15:48:10","post_content":"","post_title":"EUMO EDITORIAL-VALENCIANO\/CATALAN-","post_excerpt":"","post_status":"publish","comment_status":"closed","ping_status":"closed","post_password":"","post_name":"eumo-editorial-valenciano-catalan","to_ping":"","pinged":"","post_modified":"2022-07-28 17:48:10","post_modified_gmt":"2022-07-28 15:48:10","post_content_filtered":"","post_parent":0,"guid":"http:\/\/dev.claret.cat\/editorial\/eumo-editorial-valenciano-catalan\/","menu_order":0,"post_type":"editorial","post_mime_type":"","comment_count":"0","filter":"raw"}],"autor":"ARUMI PRAT, JOAN \/ JUNC\u00c0 PUJOL, ALBERT \/ PLA CAMPAS, GIL","codart":"849766701","libros-coleccion":"En fam\u00edlia","ediciones":"1","encuadernacion":"R\u00fastica","fecha_de_publicacion":"01\/09\/2020","novedad":"1","paginas":"126","subtitulo":"EL LLIBRE PER ALS QUE TENEN NENS I NENES QUE FAN ESPORT","orden":"0","portada":"0","idioma":"cat","autores-libros":[{"ID":159251,"post_author":"3","post_date":"2022-10-14 15:43:19","post_date_gmt":"2022-10-14 13:43:19","post_content":"","post_title":"JOAN ARUM\u00cd PRAT","post_excerpt":"","post_status":"publish","comment_status":"closed","ping_status":"closed","post_password":"","post_name":"joan-arumi-prat","to_ping":"","pinged":"","post_modified":"2022-10-14 15:43:19","post_modified_gmt":"2022-10-14 13:43:19","post_content_filtered":"","post_parent":0,"guid":"http:\/\/dev.claret.cat\/autor\/joan-arumi-prat\/","menu_order":0,"post_type":"autor","post_mime_type":"","comment_count":"0","filter":"raw"},{"ID":149424,"post_author":"3","post_date":"2022-10-14 14:24:45","post_date_gmt":"2022-10-14 12:24:45","post_content":"","post_title":"ALBERT JUNC\u00c0 PUJOL","post_excerpt":"","post_status":"publish","comment_status":"closed","ping_status":"closed","post_password":"","post_name":"albert-junca-pujol","to_ping":"","pinged":"","post_modified":"2022-10-14 14:24:45","post_modified_gmt":"2022-10-14 12:24:45","post_content_filtered":"","post_parent":0,"guid":"http:\/\/dev.claret.cat\/autor\/albert-junca-pujol\/","menu_order":0,"post_type":"autor","post_mime_type":"","comment_count":"0","filter":"raw"},{"ID":156880,"post_author":"3","post_date":"2022-10-14 15:24:22","post_date_gmt":"2022-10-14 13:24:22","post_content":"","post_title":"GIL PLA CAMPAS","post_excerpt":"","post_status":"publish","comment_status":"closed","ping_status":"closed","post_password":"","post_name":"gil-pla-campas","to_ping":"","pinged":"","post_modified":"2022-10-14 15:24:22","post_modified_gmt":"2022-10-14 13:24:22","post_content_filtered":"","post_parent":0,"guid":"http:\/\/dev.claret.cat\/autor\/gil-pla-campas\/","menu_order":0,"post_type":"autor","post_mime_type":"","comment_count":"0","filter":"raw"}]},"aioseo_notices":[],"_links":{"self":[{"href":"https:\/\/www.claret.cat\/es\/wp-json\/wp\/v2\/product\/106540","targetHints":{"allow":["GET"]}}],"collection":[{"href":"https:\/\/www.claret.cat\/es\/wp-json\/wp\/v2\/product"}],"about":[{"href":"https:\/\/www.claret.cat\/es\/wp-json\/wp\/v2\/types\/product"}],"wp:featuredmedia":[{"embeddable":true,"href":"https:\/\/www.claret.cat\/es\/wp-json\/wp\/v2\/media\/322528"}],"wp:attachment":[{"href":"https:\/\/www.claret.cat\/es\/wp-json\/wp\/v2\/media?parent=106540"}],"wp:term":[{"taxonomy":"product_brand","embeddable":true,"href":"https:\/\/www.claret.cat\/es\/wp-json\/wp\/v2\/product_brand?post=106540"},{"taxonomy":"product_cat","embeddable":true,"href":"https:\/\/www.claret.cat\/es\/wp-json\/wp\/v2\/product_cat?post=106540"},{"taxonomy":"product_tag","embeddable":true,"href":"https:\/\/www.claret.cat\/es\/wp-json\/wp\/v2\/product_tag?post=106540"}],"curies":[{"name":"wp","href":"https:\/\/api.w.org\/{rel}","templated":true}]}}

<p>«El joc és intens i res no la distreu. La jugadora està atenta a trajectòries, a distàncies, a moviments&#8230; De tant en tant sent alguna indicació de l&#8221;entrenador, assenteix amb el cap i torna a fer allò que més li agrada: jugar. De sobte, en un moment de pausa, aixeca el cap, busca entre les graderies i veu els seus pares.»  Què se suposa que hem de fer els pares a les graderies? A quin esport hem d&#8221;apuntar els nostres fills? Seran bons? Aquest llibre ofereix criteris per orientar la relació i les decisions que pares i fills establim al voltant de l&#8221;esport. Amb un llenguatge planer, bastit d&#8221;anècdotes i reforçat amb pinzellades de pedagogia, psicologia i sociologia, parlem del paper de les famílies en l&#8221;esport.</p>

<p>ARUMI PRAT, JOAN / JUNCÀ PUJOL, ALBERT / PLA CAMPAS, GIL</p>

ARUMI PRAT, JOAN / JUNCÀ PUJOL, ALBERT / PLA CAMPAS, GIL

En família

Rústica

JOAN ARUMÍ PRAT

ALBERT JUNCÀ PUJOL
