{"id":10655,"date":"2022-09-30T19:54:57","date_gmt":"2022-09-30T17:54:57","guid":{"rendered":"http:\/\/dev.claret.cat\/producte\/permagel\/"},"modified":"2026-04-02T18:12:12","modified_gmt":"2026-04-02T16:12:12","slug":"permagel-9788473292269","status":"publish","type":"product","link":"https:\/\/www.claret.cat\/es\/libro\/permagel-9788473292269\/","title":{"rendered":"PERMAGEL"},"content":{"rendered":"<p>XIX Premi Llibreter 2018. Premi Literatura Catalana.<br \/>Permagel \u00e9s aquella part de la terra que no es desgla\u00e7a mai i \u00e9s la membrana que revesteix la protagonista d\u2019aquesta novel\u00b7la. Una forma de mantenir la part tov\u00edssima que hi ha dins de cada persona en formaci\u00f3. El m\u00f3n exterior \u00e9s amena\u00e7ant, cal atrevir-se a marxar de la cel\u00b7la familiar, desactivar la mare obsessa de la salut, la germana obsessa de l\u2019alegria, negar-se a pagar el deute del que han invertit en tu. Trobar un espai on la mentida no sigui imprescindible, on el gla\u00e7 s\u2019esquerdi. I comen\u00e7ar. <br \/>\u201cLa for\u00e7a de la por \u00e9s la suma de cada petit somni redu\u00eft a pols\u201d, diu la protagonista, i comen\u00e7a a caminar sense agafadors. La seva vida en llibertat, mortalment sorprenent, tiba de banda a banda d\u2019aquesta obra com la corda del funambulista a cent metres d\u2019altura. Eva Baltasar la camina amb el desafiament i l\u2019eleg\u00e0ncia de les escriptores de ra\u00e7a.<\/p>\n","protected":false},"excerpt":{"rendered":"<p>BALTASAR, EVA<\/p>\n","protected":false},"featured_media":71196,"template":"","meta":{"_acf_changed":false,"om_disable_all_campaigns":false,"rs_blank_template":"","rs_page_bg_color":"","slide_template_v7":"","inline_featured_image":false,"_monsterinsights_skip_tracking":false,"_monsterinsights_sitenote_active":false,"_monsterinsights_sitenote_note":"","_monsterinsights_sitenote_category":0},"product_brand":[],"product_cat":[87,353],"product_tag":[],"class_list":{"0":"post-10655","1":"product","2":"type-product","3":"status-publish","4":"has-post-thumbnail","6":"product_cat-literatura","7":"product_cat-literatura-2_humanidades","9":"first","10":"instock","11":"taxable","12":"shipping-taxable","13":"purchasable","14":"product-type-simple"},"acf":{"autor":"BALTASAR, EVA","codart":"847329226","libros-coleccion":"El Club dels Novel\u00b7listes","ediciones":"1","encuadernacion":"R\u00fastica","fecha_de_publicacion":"01\/02\/2018","novedad":"1","paginas":"194","subtitulo":"","orden":"0","portada":"0","idioma":"cat","editorial":[{"ID":147641,"post_author":"3","post_date":"2022-10-14 11:52:08","post_date_gmt":"2022-10-14 09:52:08","post_content":"","post_title":"CLUB EDITOR 1959","post_excerpt":"","post_status":"publish","comment_status":"closed","ping_status":"closed","post_password":"","post_name":"club-editor-1959","to_ping":"","pinged":"","post_modified":"2022-10-14 11:52:08","post_modified_gmt":"2022-10-14 09:52:08","post_content_filtered":"","post_parent":0,"guid":"http:\/\/dev.claret.cat\/editorial\/club-editor-1959\/","menu_order":0,"post_type":"editorial","post_mime_type":"","comment_count":"0","filter":"raw"}],"autores-libros":[{"ID":155514,"post_author":"3","post_date":"2022-10-14 15:13:26","post_date_gmt":"2022-10-14 13:13:26","post_content":"","post_title":"EVA BALTASAR","post_excerpt":"","post_status":"publish","comment_status":"closed","ping_status":"closed","post_password":"","post_name":"eva-baltasar","to_ping":"","pinged":"","post_modified":"2022-10-14 15:13:26","post_modified_gmt":"2022-10-14 13:13:26","post_content_filtered":"","post_parent":0,"guid":"http:\/\/dev.claret.cat\/autor\/eva-baltasar\/","menu_order":0,"post_type":"autor","post_mime_type":"","comment_count":"0","filter":"raw"}],"booktrailer":"","resenas":""},"aioseo_notices":[],"_links":{"self":[{"href":"https:\/\/www.claret.cat\/es\/wp-json\/wp\/v2\/product\/10655","targetHints":{"allow":["GET"]}}],"collection":[{"href":"https:\/\/www.claret.cat\/es\/wp-json\/wp\/v2\/product"}],"about":[{"href":"https:\/\/www.claret.cat\/es\/wp-json\/wp\/v2\/types\/product"}],"wp:featuredmedia":[{"embeddable":true,"href":"https:\/\/www.claret.cat\/es\/wp-json\/wp\/v2\/media\/71196"}],"wp:attachment":[{"href":"https:\/\/www.claret.cat\/es\/wp-json\/wp\/v2\/media?parent=10655"}],"wp:term":[{"taxonomy":"product_brand","embeddable":true,"href":"https:\/\/www.claret.cat\/es\/wp-json\/wp\/v2\/product_brand?post=10655"},{"taxonomy":"product_cat","embeddable":true,"href":"https:\/\/www.claret.cat\/es\/wp-json\/wp\/v2\/product_cat?post=10655"},{"taxonomy":"product_tag","embeddable":true,"href":"https:\/\/www.claret.cat\/es\/wp-json\/wp\/v2\/product_tag?post=10655"}],"curies":[{"name":"wp","href":"https:\/\/api.w.org\/{rel}","templated":true}]}}

<p>XIX Premi Llibreter 2018. Premi Literatura Catalana.<br />Permagel és aquella part de la terra que no es desglaça mai i és la membrana que revesteix la protagonista d’aquesta novel·la. Una forma de mantenir la part tovíssima que hi ha dins de cada persona en formació. El món exterior és amenaçant, cal atrevir-se a marxar de la cel·la familiar, desactivar la mare obsessa de la salut, la germana obsessa de l’alegria, negar-se a pagar el deute del que han invertit en tu. Trobar un espai on la mentida no sigui imprescindible, on el glaç s’esquerdi. I començar. <br />“La força de la por és la suma de cada petit somni reduït a pols”, diu la protagonista, i comença a caminar sense agafadors. La seva vida en llibertat, mortalment sorprenent, tiba de banda a banda d’aquesta obra com la corda del funambulista a cent metres d’altura. Eva Baltasar la camina amb el desafiament i l’elegància de les escriptores de raça.</p>

Rústica
