{"id":1065794,"date":"2025-11-13T13:35:38","date_gmt":"2025-11-13T12:35:38","guid":{"rendered":"https:\/\/www.claret.cat\/llibre\/la-comunio-i-el-culte-eucaristic-fora-de-la-missa-9788491657231\/"},"modified":"2026-04-24T13:31:49","modified_gmt":"2026-04-24T11:31:49","slug":"la-comunio-i-el-culte-eucaristic-fora-de-la-missa-9788491657231","status":"publish","type":"product","link":"https:\/\/www.claret.cat\/es\/libro\/la-comunio-i-el-culte-eucaristic-fora-de-la-missa-9788491657231\/","title":{"rendered":"LA COMUNIO I EL CULTE EUCAR\u00cdSTIC FORA DE LA MISSA"},"content":{"rendered":"<p>Assistim actualment a <strong>un significatiu retorn al culte eucar\u00edstic fora de la missa<\/strong>, per\u00f2 no n\u2019hi ha prou d\u2019estar davant la pres\u00e8ncia eucar\u00edstica, seria molt poc<strong>; l\u2019oraci\u00f3 davant l\u2019Eucaristia \u00e9s fruit d\u2019un llarg trajecte<\/strong>; cal ser-hi iniciats. Per a aquesta finalitat presentem un material pr\u00e0ctic que cont\u00e9 <strong>indicacions del ritual i textos per posar en pr\u00e0ctica el culte eucar\u00edstic<\/strong> i tamb\u00e9 per facilitar la distribuci\u00f3 de la comuni\u00f3 fora de la missa. <\/p>\n<p><\/p>\n","protected":false},"excerpt":{"rendered":"<p>VARIS AUTORS<\/p>\n","protected":false},"featured_media":1066236,"template":"","meta":{"_acf_changed":false,"om_disable_all_campaigns":false,"rs_blank_template":"","rs_page_bg_color":"","slide_template_v7":"","inline_featured_image":false,"_monsterinsights_skip_tracking":false,"_monsterinsights_sitenote_active":false,"_monsterinsights_sitenote_note":"","_monsterinsights_sitenote_category":0},"product_brand":[],"product_cat":[252,398,312],"product_tag":[],"class_list":{"0":"post-1065794","1":"product","2":"type-product","3":"status-publish","4":"has-post-thumbnail","6":"product_cat-altres-rituals","7":"product_cat-otros-rituales","8":"product_cat-portada","10":"first","11":"instock","12":"taxable","13":"shipping-taxable","14":"purchasable","15":"product-type-simple"},"acf":{"autor":"VARIS AUTORS","codart":"849165723","libros-coleccion":"CELEBRAR-CATALA-C.P.L.","ediciones":"1","encuadernacion":"R\u00fastica","fecha_de_publicacion":"11\/11\/2025","novedad":"0","paginas":"96","subtitulo":"","orden":"0","portada":"1","idioma":"cat","booktrailer":"","resenas":"","editorial":[{"ID":6172,"post_author":"3","post_date":"2022-07-28 17:46:27","post_date_gmt":"2022-07-28 15:46:27","post_content":"","post_title":"CPL","post_excerpt":"","post_status":"publish","comment_status":"closed","ping_status":"closed","post_password":"","post_name":"cpl","to_ping":"","pinged":"","post_modified":"2022-07-28 17:46:27","post_modified_gmt":"2022-07-28 15:46:27","post_content_filtered":"","post_parent":0,"guid":"http:\/\/dev.claret.cat\/editorial\/cpl\/","menu_order":0,"post_type":"editorial","post_mime_type":"","comment_count":"0","filter":"raw"}]},"aioseo_notices":[],"_links":{"self":[{"href":"https:\/\/www.claret.cat\/es\/wp-json\/wp\/v2\/product\/1065794","targetHints":{"allow":["GET"]}}],"collection":[{"href":"https:\/\/www.claret.cat\/es\/wp-json\/wp\/v2\/product"}],"about":[{"href":"https:\/\/www.claret.cat\/es\/wp-json\/wp\/v2\/types\/product"}],"wp:featuredmedia":[{"embeddable":true,"href":"https:\/\/www.claret.cat\/es\/wp-json\/wp\/v2\/media\/1066236"}],"wp:attachment":[{"href":"https:\/\/www.claret.cat\/es\/wp-json\/wp\/v2\/media?parent=1065794"}],"wp:term":[{"taxonomy":"product_brand","embeddable":true,"href":"https:\/\/www.claret.cat\/es\/wp-json\/wp\/v2\/product_brand?post=1065794"},{"taxonomy":"product_cat","embeddable":true,"href":"https:\/\/www.claret.cat\/es\/wp-json\/wp\/v2\/product_cat?post=1065794"},{"taxonomy":"product_tag","embeddable":true,"href":"https:\/\/www.claret.cat\/es\/wp-json\/wp\/v2\/product_tag?post=1065794"}],"curies":[{"name":"wp","href":"https:\/\/api.w.org\/{rel}","templated":true}]}}

LA COMUNIO I EL CULTE EUCARÍSTIC FORA DE LA MISSA

<p>Assistim actualment a <strong>un significatiu retorn al culte eucarístic fora de la missa</strong>, però no n’hi ha prou d’estar davant la presència eucarística, seria molt poc<strong>; l’oració davant l’Eucaristia és fruit d’un llarg trajecte</strong>; cal ser-hi iniciats. Per a aquesta finalitat presentem un material pràctic que conté <strong>indicacions del ritual i textos per posar en pràctica el culte eucarístic</strong> i també per facilitar la distribució de la comunió fora de la missa. </p>
<p></p>

Rústica
