{"id":106624,"date":"2022-10-12T09:20:05","date_gmt":"2022-10-12T07:20:05","guid":{"rendered":"http:\/\/dev.claret.cat\/producte\/analistael\/"},"modified":"2023-01-28T01:40:03","modified_gmt":"2023-01-28T00:40:03","slug":"analistael-9788417678340","status":"publish","type":"product","link":"https:\/\/www.claret.cat\/es\/libro\/analistael-9788417678340\/","title":{"rendered":"ANALISTA,EL"},"content":{"rendered":"<p>Hay decisiones que dan v\u00e9rtigo retrospectivo: en 2008, Txema Guijarro pidi\u00f3 una excedencia en Telef\u00f3nica, donde trabajaba vendiendo redes privadas virtuales para empresas, y viaj\u00f3 a Latinoam\u00e9rica para participar como asesor demosc\u00f3pico de los candidatos de izquierda en los procesos electorales de Paraguay y El Salvador. Tras acumular experiencia pol\u00edtica, pas\u00f3 a ser analista de la Canciller\u00eda de Relaciones Exteriores del Gobierno ecuatoriano de Rafael Correa.<br \/>El analista describe, desde el punto de vista de un testigo privilegiado, la fenomenal tormenta pol\u00edtica, judicial y medi\u00e1tica que enfrent\u00f3 al Gobierno ecuatoriano de Rafael Correa con Estados Unidos y Reino Unido.<\/p>\n","protected":false},"excerpt":{"rendered":"<p>JUANATEY H\u00c9CTOR<\/p>\n","protected":false},"featured_media":106625,"template":"","meta":{"_acf_changed":false,"om_disable_all_campaigns":false,"rs_blank_template":"","rs_page_bg_color":"","slide_template_v7":"","inline_featured_image":false,"_monsterinsights_skip_tracking":false,"_monsterinsights_sitenote_active":false,"_monsterinsights_sitenote_note":"","_monsterinsights_sitenote_category":0},"product_brand":[],"product_cat":[151],"product_tag":[],"class_list":{"0":"post-106624","1":"product","2":"type-product","3":"status-publish","4":"has-post-thumbnail","6":"product_cat-contemporania","8":"first","9":"instock","10":"taxable","11":"shipping-taxable","12":"purchasable","13":"product-type-simple"},"acf":{"autor":"JUANATEY H\u00c9CTOR","codart":"841767834","libros-coleccion":"","ediciones":"1","encuadernacion":"R\u00fastica","fecha_de_publicacion":"01\/09\/2020","novedad":"1","paginas":"240","subtitulo":"UN ESP\u00cdA ACCIDENTAL EN EL CASO ASSANGE Y SNOWDEN","orden":"0","portada":"0","idioma":"spa","editorial":[{"ID":148432,"post_author":"3","post_date":"2022-10-14 11:58:12","post_date_gmt":"2022-10-14 09:58:12","post_content":"","post_title":"LIBROS DEL K.OL","post_excerpt":"","post_status":"publish","comment_status":"closed","ping_status":"closed","post_password":"","post_name":"libros-del-k-ol","to_ping":"","pinged":"","post_modified":"2022-10-14 11:58:12","post_modified_gmt":"2022-10-14 09:58:12","post_content_filtered":"","post_parent":0,"guid":"http:\/\/dev.claret.cat\/editorial\/libros-del-k-ol\/","menu_order":0,"post_type":"editorial","post_mime_type":"","comment_count":"0","filter":"raw"}],"autores-libros":[{"ID":161183,"post_author":"3","post_date":"2022-10-14 17:16:10","post_date_gmt":"2022-10-14 15:16:10","post_content":"","post_title":"JUANATEY H\u00c9CTOR","post_excerpt":"","post_status":"publish","comment_status":"closed","ping_status":"closed","post_password":"","post_name":"juanatey-hector","to_ping":"","pinged":"","post_modified":"2022-10-14 17:16:10","post_modified_gmt":"2022-10-14 15:16:10","post_content_filtered":"","post_parent":0,"guid":"http:\/\/dev.claret.cat\/autor\/juanatey-hector\/","menu_order":0,"post_type":"autor","post_mime_type":"","comment_count":"0","filter":"raw"}]},"aioseo_notices":[],"_links":{"self":[{"href":"https:\/\/www.claret.cat\/es\/wp-json\/wp\/v2\/product\/106624","targetHints":{"allow":["GET"]}}],"collection":[{"href":"https:\/\/www.claret.cat\/es\/wp-json\/wp\/v2\/product"}],"about":[{"href":"https:\/\/www.claret.cat\/es\/wp-json\/wp\/v2\/types\/product"}],"wp:featuredmedia":[{"embeddable":true,"href":"https:\/\/www.claret.cat\/es\/wp-json\/wp\/v2\/media\/106625"}],"wp:attachment":[{"href":"https:\/\/www.claret.cat\/es\/wp-json\/wp\/v2\/media?parent=106624"}],"wp:term":[{"taxonomy":"product_brand","embeddable":true,"href":"https:\/\/www.claret.cat\/es\/wp-json\/wp\/v2\/product_brand?post=106624"},{"taxonomy":"product_cat","embeddable":true,"href":"https:\/\/www.claret.cat\/es\/wp-json\/wp\/v2\/product_cat?post=106624"},{"taxonomy":"product_tag","embeddable":true,"href":"https:\/\/www.claret.cat\/es\/wp-json\/wp\/v2\/product_tag?post=106624"}],"curies":[{"name":"wp","href":"https:\/\/api.w.org\/{rel}","templated":true}]}}

<p>Hay decisiones que dan vértigo retrospectivo: en 2008, Txema Guijarro pidió una excedencia en Telefónica, donde trabajaba vendiendo redes privadas virtuales para empresas, y viajó a Latinoamérica para participar como asesor demoscópico de los candidatos de izquierda en los procesos electorales de Paraguay y El Salvador. Tras acumular experiencia política, pasó a ser analista de la Cancillería de Relaciones Exteriores del Gobierno ecuatoriano de Rafael Correa.<br />El analista describe, desde el punto de vista de un testigo privilegiado, la fenomenal tormenta política, judicial y mediática que enfrentó al Gobierno ecuatoriano de Rafael Correa con Estados Unidos y Reino Unido.</p>

<p>JUANATEY HÉCTOR</p>

JUANATEY HÉCTOR

Rústica

UN ESPÍA ACCIDENTAL EN EL CASO ASSANGE Y SNOWDEN
