{"id":1066884,"date":"2025-11-19T17:20:06","date_gmt":"2025-11-19T16:20:06","guid":{"rendered":"https:\/\/www.claret.cat\/llibre\/otros-tiempos-otros-mundos-9791399006162\/"},"modified":"2025-11-19T17:25:34","modified_gmt":"2025-11-19T16:25:34","slug":"otros-tiempos-otros-mundos-9791399006162","status":"publish","type":"product","link":"https:\/\/www.claret.cat\/es\/libro\/otros-tiempos-otros-mundos-9791399006162\/","title":{"rendered":"OTROS TIEMPOS, OTROS MUNDOS"},"content":{"rendered":"<p>Otros Tiempos, Otros Mundos&#8217; es un viaje visual por el pasado, desde los or\u00edgenes de los primeros animales complejos, hace 600 millones de a\u00f1os, hasta el momento en el que los humanos modernos empezaron a extenderse por nuestro planeta. En cada etapa de este safari fotogr\u00e1fico virtual, veremos la reconstrucci\u00f3n de algunas de las criaturas que poblaron esos mundos tan diferentes al nuestro, y una explicaci\u00f3n sobre las circunstancias que propiciaron la evoluci\u00f3n de esos seres, las huellas que dejaron en el registro f\u00f3sil y las personas que encontraron esas huellas. Se significa que en este trabajo no se ha usado IA y se han utilizado exclusivamente t\u00e9cnicas de recreaci\u00f3n art\u00edstica basadas en la anatom\u00eda comparada y, en lo referido a f\u00f3siles espa\u00f1oles, se ha contado con el asesoramiento del departamento de paleontolog\u00eda de la UAM.<\/p>\n","protected":false},"excerpt":{"rendered":"<p>PE\u00d1AS ARTERO, JOS\u00c9 ANTONIO<\/p>\n","protected":false},"featured_media":1066885,"template":"","meta":{"_acf_changed":false,"om_disable_all_campaigns":false,"rs_blank_template":"","rs_page_bg_color":"","slide_template_v7":"","inline_featured_image":false,"_monsterinsights_skip_tracking":false,"_monsterinsights_sitenote_active":false,"_monsterinsights_sitenote_note":"","_monsterinsights_sitenote_category":0},"product_brand":[],"product_cat":[147,426],"product_tag":[],"class_list":{"0":"post-1066884","1":"product","2":"type-product","3":"status-publish","4":"has-post-thumbnail","6":"product_cat-prehistoria","7":"product_cat-prehistoria-historia-2_humanidades","9":"first","10":"instock","11":"taxable","12":"shipping-taxable","13":"purchasable","14":"product-type-simple"},"acf":{"autor":"PE\u00d1AS ARTERO, JOS\u00c9 ANTONIO","codart":"139900616","libros-coleccion":"INFANTIL","ediciones":"1","encuadernacion":"R\u00fastica","fecha_de_publicacion":"01\/10\/2025","novedad":"1","paginas":"104","subtitulo":"","orden":"0","portada":"0","idioma":"spa","booktrailer":"","resenas":"","editorial":[{"ID":1025845,"post_author":"3","post_date":"2025-06-04 18:30:23","post_date_gmt":"2025-06-04 16:30:23","post_content":"","post_title":"HRM","post_excerpt":"","post_status":"publish","comment_status":"closed","ping_status":"closed","post_password":"","post_name":"hrm","to_ping":"","pinged":"","post_modified":"2025-06-04 18:30:23","post_modified_gmt":"2025-06-04 16:30:23","post_content_filtered":"","post_parent":0,"guid":"https:\/\/www.claret.cat\/editorial\/hrm\/","menu_order":0,"post_type":"editorial","post_mime_type":"","comment_count":"0","filter":"raw"}]},"aioseo_notices":[],"_links":{"self":[{"href":"https:\/\/www.claret.cat\/es\/wp-json\/wp\/v2\/product\/1066884","targetHints":{"allow":["GET"]}}],"collection":[{"href":"https:\/\/www.claret.cat\/es\/wp-json\/wp\/v2\/product"}],"about":[{"href":"https:\/\/www.claret.cat\/es\/wp-json\/wp\/v2\/types\/product"}],"wp:featuredmedia":[{"embeddable":true,"href":"https:\/\/www.claret.cat\/es\/wp-json\/wp\/v2\/media\/1066885"}],"wp:attachment":[{"href":"https:\/\/www.claret.cat\/es\/wp-json\/wp\/v2\/media?parent=1066884"}],"wp:term":[{"taxonomy":"product_brand","embeddable":true,"href":"https:\/\/www.claret.cat\/es\/wp-json\/wp\/v2\/product_brand?post=1066884"},{"taxonomy":"product_cat","embeddable":true,"href":"https:\/\/www.claret.cat\/es\/wp-json\/wp\/v2\/product_cat?post=1066884"},{"taxonomy":"product_tag","embeddable":true,"href":"https:\/\/www.claret.cat\/es\/wp-json\/wp\/v2\/product_tag?post=1066884"}],"curies":[{"name":"wp","href":"https:\/\/api.w.org\/{rel}","templated":true}]}}

<p>Otros Tiempos, Otros Mundos&#8217; es un viaje visual por el pasado, desde los orígenes de los primeros animales complejos, hace 600 millones de años, hasta el momento en el que los humanos modernos empezaron a extenderse por nuestro planeta. En cada etapa de este safari fotográfico virtual, veremos la reconstrucción de algunas de las criaturas que poblaron esos mundos tan diferentes al nuestro, y una explicación sobre las circunstancias que propiciaron la evolución de esos seres, las huellas que dejaron en el registro fósil y las personas que encontraron esas huellas. Se significa que en este trabajo no se ha usado IA y se han utilizado exclusivamente técnicas de recreación artística basadas en la anatomía comparada y, en lo referido a fósiles españoles, se ha contado con el asesoramiento del departamento de paleontología de la UAM.</p>

<p>PEÑAS ARTERO, JOSÉ ANTONIO</p>

PEÑAS ARTERO, JOSÉ ANTONIO

Rústica
