{"id":1067019,"date":"2025-11-20T11:10:31","date_gmt":"2025-11-20T10:10:31","guid":{"rendered":"https:\/\/www.claret.cat\/llibre\/aqui-todos-vendemos-9788410209619\/"},"modified":"2025-11-20T11:10:49","modified_gmt":"2025-11-20T10:10:49","slug":"aqui-todos-vendemos-9788410209619","status":"publish","type":"product","link":"https:\/\/www.claret.cat\/es\/libro\/aqui-todos-vendemos-9788410209619\/","title":{"rendered":"AQU\u00cd TODOS VENDEMOS"},"content":{"rendered":"<p>\u00bfQu\u00e9 pasar\u00eda si nos pareciera algo tan gratificante que tuvi\u00e9ramos ganas de hacerlo, aunque no estuvi\u00e9ramos en el departamento de ventas?<br \/> Esto es lo que sucede al descubrir los cinco principios de \u201cAqu\u00ed todos vendemos\u201d: que despiertan en nosotros la pasi\u00f3n por las ventas bien entendidas. <br \/> Las empresas que despliegan esta filosof\u00eda consiguen desatar el potencial comercial de toda la organizaci\u00f3n, mucho m\u00e1s all\u00e1 del departamento de ventas. <br \/> Esto les permite incrementar la satisfacci\u00f3n de los clientes y la cifra de facturaci\u00f3n. Pero incluso m\u00e1s importante que esto es que as\u00ed logran aumentar la satisfacci\u00f3n de los empleados y fomentar una cultura de intra-emprendimiento que abrir\u00e1 un abanico de nuevas y sorprendentes posibilidades de desarrollo.<\/p>\n","protected":false},"excerpt":{"rendered":"<p>LLAD\u00d3 MICHELI, ENRIC \/ GONZ\u00c1LEZ, ANA BEL\u00c9N \/ SARD\u00c0, PILAR<\/p>\n","protected":false},"featured_media":1067020,"template":"","meta":{"_acf_changed":false,"om_disable_all_campaigns":false,"rs_blank_template":"","rs_page_bg_color":"","slide_template_v7":"","inline_featured_image":false,"_monsterinsights_skip_tracking":false,"_monsterinsights_sitenote_active":false,"_monsterinsights_sitenote_note":"","_monsterinsights_sitenote_category":0},"product_brand":[],"product_cat":[162,436],"product_tag":[],"class_list":{"0":"post-1067019","1":"product","2":"type-product","3":"status-publish","4":"has-post-thumbnail","6":"product_cat-economica-i-politica","7":"product_cat-economica-y-politica","9":"first","10":"instock","11":"taxable","12":"shipping-taxable","13":"purchasable","14":"product-type-simple"},"acf":{"autor":"LLAD\u00d3 MICHELI, ENRIC \/ GONZ\u00c1LEZ, ANA BEL\u00c9N \/ SARD\u00c0, PILAR","codart":"841020961","libros-coleccion":"FORA DE COL.LECCI\u00d3","ediciones":"1","encuadernacion":"R\u00fastica","fecha_de_publicacion":"01\/06\/2025","novedad":"1","paginas":"150","subtitulo":"DESATA EL POTENCIAL COMERCIAL DE TU ORGANIZACI\u00d3N","orden":"0","portada":"0","idioma":"spa","booktrailer":"","resenas":"","editorial":[{"ID":262216,"post_author":"3","post_date":"2022-10-24 11:21:27","post_date_gmt":"2022-10-24 09:21:27","post_content":"","post_title":"Kolima","post_excerpt":"","post_status":"publish","comment_status":"closed","ping_status":"closed","post_password":"","post_name":"kolima","to_ping":"","pinged":"","post_modified":"2022-10-24 11:21:27","post_modified_gmt":"2022-10-24 09:21:27","post_content_filtered":"","post_parent":0,"guid":"http:\/\/dev.claret.cat\/editorial\/kolima\/","menu_order":0,"post_type":"editorial","post_mime_type":"","comment_count":"0","filter":"raw"}]},"aioseo_notices":[],"_links":{"self":[{"href":"https:\/\/www.claret.cat\/es\/wp-json\/wp\/v2\/product\/1067019","targetHints":{"allow":["GET"]}}],"collection":[{"href":"https:\/\/www.claret.cat\/es\/wp-json\/wp\/v2\/product"}],"about":[{"href":"https:\/\/www.claret.cat\/es\/wp-json\/wp\/v2\/types\/product"}],"wp:featuredmedia":[{"embeddable":true,"href":"https:\/\/www.claret.cat\/es\/wp-json\/wp\/v2\/media\/1067020"}],"wp:attachment":[{"href":"https:\/\/www.claret.cat\/es\/wp-json\/wp\/v2\/media?parent=1067019"}],"wp:term":[{"taxonomy":"product_brand","embeddable":true,"href":"https:\/\/www.claret.cat\/es\/wp-json\/wp\/v2\/product_brand?post=1067019"},{"taxonomy":"product_cat","embeddable":true,"href":"https:\/\/www.claret.cat\/es\/wp-json\/wp\/v2\/product_cat?post=1067019"},{"taxonomy":"product_tag","embeddable":true,"href":"https:\/\/www.claret.cat\/es\/wp-json\/wp\/v2\/product_tag?post=1067019"}],"curies":[{"name":"wp","href":"https:\/\/api.w.org\/{rel}","templated":true}]}}

AQUÍ TODOS VENDEMOS

<p>¿Qué pasaría si nos pareciera algo tan gratificante que tuviéramos ganas de hacerlo, aunque no estuviéramos en el departamento de ventas?<br /> Esto es lo que sucede al descubrir los cinco principios de “Aquí todos vendemos”: que despiertan en nosotros la pasión por las ventas bien entendidas. <br /> Las empresas que despliegan esta filosofía consiguen desatar el potencial comercial de toda la organización, mucho más allá del departamento de ventas. <br /> Esto les permite incrementar la satisfacción de los clientes y la cifra de facturación. Pero incluso más importante que esto es que así logran aumentar la satisfacción de los empleados y fomentar una cultura de intra-emprendimiento que abrirá un abanico de nuevas y sorprendentes posibilidades de desarrollo.</p>

<p>LLADÓ MICHELI, ENRIC / GONZÁLEZ, ANA BELÉN / SARDÀ, PILAR</p>

LLADÓ MICHELI, ENRIC / GONZÁLEZ, ANA BELÉN / SARDÀ, PILAR

FORA DE COL.LECCIÓ

Rústica

DESATA EL POTENCIAL COMERCIAL DE TU ORGANIZACIÓN
